North Facing Camera Click On Play Button To View Live Image |
Sky Facing Camera Click On Image To View Full Screen In New Window |
NOAA-Style Climate Reports
Select a Year or Month report
2024: Jan Feb Mar Apr May Jun Jul Aug Sep Oct Nov Dec
2023: Jan Feb Mar Apr May Jun Jul Aug Sep Oct Nov Dec
2022: Jan Feb Mar Apr May Jun Jul Aug Sep Oct Nov Dec
2021: Jan Feb Mar Apr May Jun Jul Aug Sep Oct Nov Dec
2020: Jan Feb Mar Apr May Jun Jul Aug Sep Oct Nov Dec
2019: Jan Feb Mar Apr May Jun Jul Aug Sep Oct Nov Dec
2018: Jan Feb Mar Apr May Jun Jul Aug Sep Oct Nov Dec
2017: Jan Feb Mar Apr May Jun Jul Aug Sep Oct Nov Dec
2016: Jan Feb Mar Apr May Jun Jul Aug Sep Oct Nov Dec
2015: Jan Feb Mar Apr May Jun Jul Aug Sep Oct Nov Dec
2014: Jan Feb Mar Apr May Jun Jul Aug Sep Oct Nov Dec
2013: Jan Feb Mar Apr May Jun Jul Aug Sep Oct Nov Dec
2024: Jan Feb Mar Apr May Jun Jul Aug Sep Oct Nov Dec
2023: Jan Feb Mar Apr May Jun Jul Aug Sep Oct Nov Dec
2022: Jan Feb Mar Apr May Jun Jul Aug Sep Oct Nov Dec
2021: Jan Feb Mar Apr May Jun Jul Aug Sep Oct Nov Dec
2020: Jan Feb Mar Apr May Jun Jul Aug Sep Oct Nov Dec
2019: Jan Feb Mar Apr May Jun Jul Aug Sep Oct Nov Dec
2018: Jan Feb Mar Apr May Jun Jul Aug Sep Oct Nov Dec
2017: Jan Feb Mar Apr May Jun Jul Aug Sep Oct Nov Dec
2016: Jan Feb Mar Apr May Jun Jul Aug Sep Oct Nov Dec
2015: Jan Feb Mar Apr May Jun Jul Aug Sep Oct Nov Dec
2014: Jan Feb Mar Apr May Jun Jul Aug Sep Oct Nov Dec
2013: Jan Feb Mar Apr May Jun Jul Aug Sep Oct Nov Dec
Report for 2020 November
Monthly Climatological Summary for Nov 2020 Name: DW7240 City: Oshawa State: Ontario, Canada Elevation: 390 ft Lat: N 43° 53' 48" Lon: W 078° 52' 26" Temperature (°C), Rain (mm), Wind Speed (km/h) Heat Cool Avg Mean Deg Deg Wind Dom Day Temp High Time Low Time Days Days Rain Speed High Time Dir ---------------------------------------------------------------------------------- 01 6.5 11.3 08:44 1.0 21:50 12.3 0.0 2.4 10.2 49.9 23:53 W 02 2.0 7.1 22:48 -2.9 06:37 16.2 0.0 0.0 12.1 49.9 04:44 NW 03 4.6 7.6 01:21 2.6 09:18 13.7 0.0 0.0 4.4 32.2 00:27 NNW 04 10.2 16.3 14:16 2.2 07:00 8.1 0.0 0.0 4.6 37.0 10:50 SW 05 12.7 16.3 12:18 9.1 04:34 5.7 0.0 0.0 4.5 30.6 10:32 SW 06 11.4 17.3 13:23 4.5 06:53 6.9 0.0 0.0 3.8 33.8 14:20 WSW 07 11.4 17.2 14:27 4.9 07:00 6.9 0.0 0.0 2.4 25.7 13:43 SW 08 10.8 17.8 14:59 4.7 07:34 7.5 0.0 0.0 0.8 16.1 13:10 SW 09 11.5 18.2 14:37 6.3 06:18 6.8 0.0 0.0 0.2 9.7 13:00 SE 10 13.6 19.5 14:38 7.9 00:20 4.7 0.1 0.0 1.2 22.5 11:40 S 11 13.1 19.2 12:24 5.3 21:02 5.2 0.0 0.4 6.2 37.0 12:24 W 12 5.9 9.5 12:26 0.9 23:02 12.4 0.0 0.2 2.2 17.7 00:36 W 13 5.6 9.1 13:42 1.9 00:00 12.7 0.0 0.0 3.6 32.2 18:15 WNW 14 4.6 8.6 12:56 1.2 20:20 13.7 0.0 0.0 3.2 32.2 23:57 SW 15 7.4 12.2 15:10 5.1 05:29 10.8 0.0 5.0 14.1 75.6 15:33 SSW 16 4.2 6.1 00:00 3.0 23:57 13.9 0.0 0.2 14.7 48.3 00:57 W 17 0.1 3.6 11:55 -5.8 23:48 18.2 0.0 0.2 7.6 54.7 14:20 NW 18 -3.0 2.2 23:59 -5.9 06:12 21.3 0.0 0.0 1.3 22.5 00:24 NNW 19 8.2 13.6 18:44 2.2 00:00 10.1 0.0 0.0 7.0 30.6 11:41 SW 20 11.3 14.4 14:50 7.0 23:56 7.0 0.0 0.0 7.4 41.8 13:51 WSW 21 4.4 7.0 00:00 2.5 23:54 13.9 0.0 0.0 5.1 30.6 02:12 NW 22 0.9 2.5 00:00 -0.2 23:51 17.4 0.0 5.8 4.7 27.4 23:44 ENE 23 1.7 3.4 13:29 -0.3 04:54 16.6 0.0 0.0 5.4 25.7 01:27 WNW 24 -0.3 1.8 01:19 -1.8 10:43 18.6 0.0 0.2 4.9 32.2 23:56 ENE 25 4.2 7.2 23:10 0.9 01:51 14.1 0.0 5.0 3.4 27.4 00:01 E 26 8.4 10.7 16:04 6.8 01:11 9.9 0.0 0.8 4.4 27.4 19:15 WSW 27 7.1 7.8 11:47 6.1 23:49 11.2 0.0 0.0 2.6 24.1 07:49 W 28 5.1 7.6 12:40 3.2 08:20 13.2 0.0 0.6 7.8 35.4 15:26 W 29 5.1 9.2 13:18 -0.8 06:11 13.2 0.0 0.0 4.2 32.2 12:58 SW 30 3.8 5.6 08:28 1.6 23:54 14.5 0.0 13.2 5.2 37.0 18:24 NNE ---------------------------------------------------------------------------------- 6.4 19.5 10 -5.9 18 356.7 0.1 34.0 5.3 75.6 15 W Max >= 27.0 0 Max <= 0.0 0 Min <= 0.0 7 Min <= -18.0 0 Max Rain: 13.2 on day 30 Days of Rain: 12 (>= 0.2 mm) 5 (>= 2.0 mm) 0 (>= 20.0 mm) Heat Base: 18.3 Cool Base: 18.3 Method: Integration