North Facing Camera Click On Play Button To View Live Image |
Sky Facing Camera Click On Image To View Full Screen In New Window |
NOAA-Style Climate Reports
Select a Year or Month report
2024: Jan Feb Mar Apr May Jun Jul Aug Sep Oct Nov Dec
2023: Jan Feb Mar Apr May Jun Jul Aug Sep Oct Nov Dec
2022: Jan Feb Mar Apr May Jun Jul Aug Sep Oct Nov Dec
2021: Jan Feb Mar Apr May Jun Jul Aug Sep Oct Nov Dec
2020: Jan Feb Mar Apr May Jun Jul Aug Sep Oct Nov Dec
2019: Jan Feb Mar Apr May Jun Jul Aug Sep Oct Nov Dec
2018: Jan Feb Mar Apr May Jun Jul Aug Sep Oct Nov Dec
2017: Jan Feb Mar Apr May Jun Jul Aug Sep Oct Nov Dec
2016: Jan Feb Mar Apr May Jun Jul Aug Sep Oct Nov Dec
2015: Jan Feb Mar Apr May Jun Jul Aug Sep Oct Nov Dec
2014: Jan Feb Mar Apr May Jun Jul Aug Sep Oct Nov Dec
2013: Jan Feb Mar Apr May Jun Jul Aug Sep Oct Nov Dec
2024: Jan Feb Mar Apr May Jun Jul Aug Sep Oct Nov Dec
2023: Jan Feb Mar Apr May Jun Jul Aug Sep Oct Nov Dec
2022: Jan Feb Mar Apr May Jun Jul Aug Sep Oct Nov Dec
2021: Jan Feb Mar Apr May Jun Jul Aug Sep Oct Nov Dec
2020: Jan Feb Mar Apr May Jun Jul Aug Sep Oct Nov Dec
2019: Jan Feb Mar Apr May Jun Jul Aug Sep Oct Nov Dec
2018: Jan Feb Mar Apr May Jun Jul Aug Sep Oct Nov Dec
2017: Jan Feb Mar Apr May Jun Jul Aug Sep Oct Nov Dec
2016: Jan Feb Mar Apr May Jun Jul Aug Sep Oct Nov Dec
2015: Jan Feb Mar Apr May Jun Jul Aug Sep Oct Nov Dec
2014: Jan Feb Mar Apr May Jun Jul Aug Sep Oct Nov Dec
2013: Jan Feb Mar Apr May Jun Jul Aug Sep Oct Nov Dec
Report for 2020 December
Monthly Climatological Summary for Dec 2020 Name: DW7240 City: Oshawa State: Ontario, Canada Elevation: 390 ft Lat: N 43° 53' 48" Lon: W 078° 52' 26" Temperature (°C), Rain (mm), Wind Speed (km/h) Heat Cool Avg Mean Deg Deg Wind Dom Day Temp High Time Low Time Days Days Rain Speed High Time Dir ---------------------------------------------------------------------------------- 01 0.0 1.6 00:00 -1.6 23:05 18.3 0.0 0.6 8.3 30.6 03:20 N 02 0.7 3.4 15:02 -1.4 00:00 17.6 0.0 0.0 9.9 43.5 12:47 WNW 03 3.0 5.1 12:21 -0.3 00:00 15.3 0.0 0.0 8.2 33.8 09:06 W 04 2.0 4.7 00:00 -0.2 23:33 16.3 0.0 9.0 5.4 41.8 00:42 WSW 05 -0.8 1.2 06:44 -4.2 23:11 19.1 0.0 0.0 5.4 37.0 12:49 N 06 -2.5 0.2 14:07 -4.4 23:21 20.8 0.0 0.0 5.3 32.2 10:13 NNW 07 -4.2 -2.1 14:30 -6.4 07:59 22.4 0.0 0.0 5.6 29.0 02:43 N 08 -2.7 2.4 23:33 -7.3 05:03 21.0 0.0 0.0 3.6 30.6 22:19 WNW 09 1.7 3.2 16:16 0.1 03:41 16.6 0.0 5.2 5.4 29.0 00:47 W 10 3.0 5.3 15:03 0.6 23:46 15.3 0.0 0.2 1.2 14.5 11:56 W 11 3.9 8.3 14:12 0.2 00:30 14.4 0.0 0.0 0.9 16.1 23:33 NNE 12 4.7 8.2 22:27 3.2 04:17 13.6 0.0 3.2 8.4 33.8 16:39 ESE 13 1.5 7.1 00:00 -0.3 11:11 16.8 0.0 0.0 8.2 38.6 02:30 WNW 14 0.3 1.9 13:45 -1.7 23:49 18.0 0.0 0.0 7.3 38.6 13:22 WNW 15 -5.3 -1.7 00:00 -8.2 23:17 23.6 0.0 0.0 5.4 29.0 00:20 N 16 -8.7 -7.4 14:46 -10.8 07:33 27.0 0.0 0.0 12.4 32.2 04:30 E 17 -6.3 -3.1 13:15 -9.2 08:40 24.6 0.0 0.0 3.0 22.5 00:36 ENE 18 -6.4 -2.2 13:32 -10.4 07:06 24.6 0.0 0.0 0.6 12.9 00:07 ESE 19 0.1 2.9 22:30 -6.6 00:32 18.2 0.0 0.2 2.9 33.8 11:21 SSE 20 3.3 4.2 18:33 2.2 01:03 15.0 0.0 2.0 5.0 33.8 20:10 SW 21 1.4 4.1 14:58 -1.1 06:31 16.9 0.0 0.0 0.8 20.9 00:16 WSW 22 1.5 3.5 12:58 -0.4 07:51 16.8 0.0 0.0 7.0 45.1 13:15 WNW 23 3.2 6.4 20:36 0.9 00:44 15.0 0.0 0.6 6.3 30.6 14:20 SE 24 4.0 8.4 12:40 -0.9 23:51 14.3 0.0 8.8 5.1 33.8 12:48 ESE 25 -1.7 -0.6 11:43 -4.2 23:26 20.0 0.0 2.2 9.5 41.8 22:09 WNW 26 -3.3 -1.8 14:22 -4.9 07:33 21.5 0.0 0.8 10.4 38.6 01:08 W 27 -0.7 2.3 22:33 -3.2 03:47 19.0 0.0 0.2 5.5 30.6 19:49 SE 28 2.2 5.0 07:00 -2.3 23:47 16.1 0.0 3.2 11.4 48.3 09:34 WSW 29 -3.8 -1.3 13:46 -5.9 21:33 22.1 0.0 0.0 4.0 24.1 12:26 WNW 30 1.0 5.1 19:09 -5.3 00:00 17.3 0.0 2.6 8.2 38.6 18:15 SSW 31 1.1 2.7 00:44 -1.3 23:59 17.2 0.0 0.0 7.9 41.8 01:52 W ---------------------------------------------------------------------------------- -0.3 8.4 24 -10.8 16 574.7 0.0 38.8 6.1 48.3 28 WNW Max >= 27.0 0 Max <= 0.0 8 Min <= 0.0 25 Min <= -18.0 0 Max Rain: 9.0 on day 4 Days of Rain: 14 (>= 0.2 mm) 8 (>= 2.0 mm) 0 (>= 20.0 mm) Heat Base: 18.3 Cool Base: 18.3 Method: Integration