North Facing Camera Click On Play Button To View Live Image |
Sky Facing Camera Click On Image To View Full Screen In New Window |
NOAA-Style Climate Reports
Select a Year or Month report
2024: Jan Feb Mar Apr May Jun Jul Aug Sep Oct Nov Dec
2023: Jan Feb Mar Apr May Jun Jul Aug Sep Oct Nov Dec
2022: Jan Feb Mar Apr May Jun Jul Aug Sep Oct Nov Dec
2021: Jan Feb Mar Apr May Jun Jul Aug Sep Oct Nov Dec
2020: Jan Feb Mar Apr May Jun Jul Aug Sep Oct Nov Dec
2019: Jan Feb Mar Apr May Jun Jul Aug Sep Oct Nov Dec
2018: Jan Feb Mar Apr May Jun Jul Aug Sep Oct Nov Dec
2017: Jan Feb Mar Apr May Jun Jul Aug Sep Oct Nov Dec
2016: Jan Feb Mar Apr May Jun Jul Aug Sep Oct Nov Dec
2015: Jan Feb Mar Apr May Jun Jul Aug Sep Oct Nov Dec
2014: Jan Feb Mar Apr May Jun Jul Aug Sep Oct Nov Dec
2013: Jan Feb Mar Apr May Jun Jul Aug Sep Oct Nov Dec
2024: Jan Feb Mar Apr May Jun Jul Aug Sep Oct Nov Dec
2023: Jan Feb Mar Apr May Jun Jul Aug Sep Oct Nov Dec
2022: Jan Feb Mar Apr May Jun Jul Aug Sep Oct Nov Dec
2021: Jan Feb Mar Apr May Jun Jul Aug Sep Oct Nov Dec
2020: Jan Feb Mar Apr May Jun Jul Aug Sep Oct Nov Dec
2019: Jan Feb Mar Apr May Jun Jul Aug Sep Oct Nov Dec
2018: Jan Feb Mar Apr May Jun Jul Aug Sep Oct Nov Dec
2017: Jan Feb Mar Apr May Jun Jul Aug Sep Oct Nov Dec
2016: Jan Feb Mar Apr May Jun Jul Aug Sep Oct Nov Dec
2015: Jan Feb Mar Apr May Jun Jul Aug Sep Oct Nov Dec
2014: Jan Feb Mar Apr May Jun Jul Aug Sep Oct Nov Dec
2013: Jan Feb Mar Apr May Jun Jul Aug Sep Oct Nov Dec
Report for 2021
Annual Climatological Summary for 2021 Name: DW7240 City: Oshawa State: Ontario, Canada Elevation: 390 ft Lat: N 43° 53' 48" Lon: W 078° 52' 26" Temperature (°C), Heat Base: 18.3 Cool Base: 18.3 Dep. Heat Cool Max Max Min Min Mean Mean From Deg Deg >= <= <= <= YR MO Max Min Mean Norm Days Days Hi Date Low Date 27.0 0.0 0.0 -18.0 ------------------------------------------------------------------------------------ 21 1 0.1 -5.4 -2.5 0.0 646 0 5.5 14 -15.6 30 0 11 29 0 21 2 -0.8 -8.4 -4.5 0.0 639 0 7.6 24 -16.6 17 0 17 28 0 21 3 8.1 -2.7 2.8 0.0 478 0 18.5 25 -13.9 2 0 3 21 0 21 4 12.3 3.5 7.9 0.0 314 2 22.2 8 -5.8 3 0 0 7 0 21 5 19.5 8.0 14.0 0.0 171 38 32.0 21 1.0 1 5 0 0 0 21 6 26.5 15.9 20.8 0.0 23 99 33.2 5 8.9 23 14 0 0 0 21 7 25.8 17.0 21.2 0.0 13 102 33.0 6 11.3 31 11 0 0 0 21 8 29.0 19.2 23.7 0.0 7 175 33.6 23 12.8 3 26 0 0 0 21 9 23.0 13.0 17.9 0.0 57 45 27.6 5 6.8 26 1 0 0 0 21 10 17.3 10.5 13.6 0.0 154 9 24.1 2 2.8 23 0 0 0 0 21 11 18.7 15.6 17.1 0.0 93 57 21.3 13 -2.1 5 0 0 4 0 21 12 23.9 19.7 20.8 0.0 0 78 25.5 26 18.3 8 0 0 0 0 ------------------------------------------------------------------------------------ 17.1 8.9 12.8 0.0 2593 604 33.6 Aug -16.6 Feb 57 31 89 0 Precipitation (mm) Dep. Max Days of Rain From Obs. >= YR MO Total Norm Day Date 0.2 2.0 20.0 --------------------------------------------- 21 1 13.0 0.0 5.6 2 7 2 0 21 2 19.6 0.0 5.8 22 10 3 0 21 3 21.8 0.0 12.6 26 7 2 0 21 4 42.6 0.0 14.4 11 16 5 0 21 5 14.6 0.0 4.6 2 9 3 0 21 6 48.6 0.0 16.4 26 12 6 0 21 7 83.0 0.0 24.6 8 17 9 1 21 8 43.8 0.0 17.4 13 12 5 0 21 9 104.6 0.0 30.2 22 15 8 1 21 10 56.2 0.0 13.2 3 19 7 0 21 11 0.2 0.0 0.2 4 1 0 0 21 12 0.0 0.0 0.0 0 0 0 0 --------------------------------------------- 448.0 0.0 30.2 Sep 125 50 2 Wind Speed (km/h) Dom YR MO Avg. Hi Date Dir ------------------------------ 21 1 5.2 48.3 21 NW 21 2 6.6 62.8 5 NW 21 3 6.5 61.0 1 NW 21 4 5.7 61.0 30 NW 21 5 4.0 45.0 11 W 21 6 3.6 45.0 21 SW 21 7 2.4 42.0 15 W 21 8 2.5 45.0 11 SW 21 9 3.7 50.0 14 SW 21 10 3.1 48.0 22 NW 21 11 0.0 0.0 0 E 21 12 0.0 0.0 0 E ------------------------------ 3.6 62.8 Feb WNW