North Facing Camera Click On Play Button To View Live Image |
Sky Facing Camera Click On Image To View Full Screen In New Window |
NOAA-Style Climate Reports
Select a Year or Month report
2024: Jan Feb Mar Apr May Jun Jul Aug Sep Oct Nov Dec
2023: Jan Feb Mar Apr May Jun Jul Aug Sep Oct Nov Dec
2022: Jan Feb Mar Apr May Jun Jul Aug Sep Oct Nov Dec
2021: Jan Feb Mar Apr May Jun Jul Aug Sep Oct Nov Dec
2020: Jan Feb Mar Apr May Jun Jul Aug Sep Oct Nov Dec
2019: Jan Feb Mar Apr May Jun Jul Aug Sep Oct Nov Dec
2018: Jan Feb Mar Apr May Jun Jul Aug Sep Oct Nov Dec
2017: Jan Feb Mar Apr May Jun Jul Aug Sep Oct Nov Dec
2016: Jan Feb Mar Apr May Jun Jul Aug Sep Oct Nov Dec
2015: Jan Feb Mar Apr May Jun Jul Aug Sep Oct Nov Dec
2014: Jan Feb Mar Apr May Jun Jul Aug Sep Oct Nov Dec
2013: Jan Feb Mar Apr May Jun Jul Aug Sep Oct Nov Dec
2024: Jan Feb Mar Apr May Jun Jul Aug Sep Oct Nov Dec
2023: Jan Feb Mar Apr May Jun Jul Aug Sep Oct Nov Dec
2022: Jan Feb Mar Apr May Jun Jul Aug Sep Oct Nov Dec
2021: Jan Feb Mar Apr May Jun Jul Aug Sep Oct Nov Dec
2020: Jan Feb Mar Apr May Jun Jul Aug Sep Oct Nov Dec
2019: Jan Feb Mar Apr May Jun Jul Aug Sep Oct Nov Dec
2018: Jan Feb Mar Apr May Jun Jul Aug Sep Oct Nov Dec
2017: Jan Feb Mar Apr May Jun Jul Aug Sep Oct Nov Dec
2016: Jan Feb Mar Apr May Jun Jul Aug Sep Oct Nov Dec
2015: Jan Feb Mar Apr May Jun Jul Aug Sep Oct Nov Dec
2014: Jan Feb Mar Apr May Jun Jul Aug Sep Oct Nov Dec
2013: Jan Feb Mar Apr May Jun Jul Aug Sep Oct Nov Dec
Report for 2021 March
Monthly Climatological Summary for Mar 2021 Name: DW7240 City: Oshawa State: Ontario, Canada Elevation: 390 ft Lat: N 43° 53' 48" Lon: W 078° 52' 26" Temperature (°C), Rain (mm), Wind Speed (km/h) Heat Cool Avg Mean Deg Deg Wind Dom Day Temp High Time Low Time Days Days Rain Speed High Time Dir ---------------------------------------------------------------------------------- 01 -2.0 4.8 01:49 -11.9 23:54 20.2 0.0 0.0 14.2 61.0 15:15 NW 02 -7.2 0.3 23:53 -13.9 03:50 25.5 0.0 0.0 8.7 40.0 19:12 WSW 03 2.9 7.8 15:24 -0.6 07:03 15.4 0.0 0.0 5.8 23.0 15:40 WNW 04 -4.4 0.6 00:00 -8.3 23:55 22.7 0.0 0.0 10.5 45.0 18:19 NNW 05 -5.0 0.4 15:15 -10.9 06:34 23.3 0.0 0.0 12.8 48.0 16:08 NW 06 -5.3 -1.9 15:09 -8.4 06:02 23.6 0.0 0.0 7.6 37.0 14:06 NW 07 -5.8 -0.7 15:17 -11.2 06:58 24.0 0.0 0.0 3.8 26.0 11:59 NNW 08 -2.5 4.2 17:31 -10.8 04:43 20.8 0.0 0.2 2.7 26.0 11:30 SSE 09 4.1 10.1 14:22 -0.9 07:14 14.2 0.0 0.0 2.4 21.0 08:30 WNW 10 7.7 14.1 14:40 1.3 01:22 10.6 0.0 0.0 2.5 21.0 03:28 ESE 11 12.0 16.3 11:10 7.1 23:59 6.3 0.0 0.6 11.3 51.0 21:10 WSW 12 3.8 11.3 13:00 -3.1 23:49 14.6 0.0 0.0 11.8 61.0 15:56 WNW 13 -0.3 5.8 17:24 -6.8 06:39 18.6 0.0 0.0 8.2 35.0 13:50 W 14 -0.2 2.7 00:00 -4.9 23:58 17.8 0.0 0.0 10.4 55.0 13:17 NNW 15 -5.0 -0.9 16:29 -9.5 07:28 23.3 0.0 0.0 5.7 32.0 01:35 N 16 -0.5 1.6 15:28 -3.9 02:07 18.8 0.0 0.0 8.9 42.0 11:27 E 17 3.3 7.7 13:55 -0.7 02:20 15.0 0.0 0.0 1.0 14.0 13:22 SSE 18 3.9 7.4 15:40 -0.4 23:58 14.4 0.0 0.0 6.7 37.0 16:08 NE 19 -0.8 3.9 13:58 -5.6 07:36 19.1 0.0 0.0 5.0 29.0 08:36 N 20 4.0 12.3 13:07 -5.2 06:11 14.3 0.0 0.0 3.8 27.0 15:48 WSW 21 5.6 14.3 16:49 -2.4 07:27 12.7 0.0 0.0 1.8 13.0 11:40 SE 22 8.2 14.6 13:10 -0.3 07:14 10.1 0.0 0.0 2.0 18.0 13:19 SE 23 9.8 16.4 11:09 1.5 07:35 8.5 0.0 0.0 2.3 21.0 13:41 ESE 24 11.9 14.8 17:01 9.3 10:17 6.4 0.0 0.4 3.9 26.0 11:58 E 25 12.1 18.5 15:47 5.6 07:24 6.2 0.0 0.4 3.9 35.0 13:32 SW 26 7.3 10.4 08:27 2.8 23:48 11.0 0.0 12.6 6.3 50.0 12:37 NW 27 4.5 7.1 15:19 2.7 00:04 13.8 0.0 0.0 4.3 23.0 16:44 ESE 28 6.0 9.8 16:30 2.2 23:49 12.3 0.0 7.4 9.8 51.0 23:03 WNW 29 2.8 7.1 16:17 -0.4 08:11 15.5 0.0 0.0 12.2 55.0 03:39 WNW 30 9.2 17.2 16:37 2.1 00:45 9.1 0.0 0.0 3.6 31.0 15:18 S 31 8.1 12.7 04:19 2.1 23:54 10.2 0.0 0.2 6.3 40.0 23:04 NNW ---------------------------------------------------------------------------------- 2.8 18.5 25 -13.9 2 478.3 0.0 21.8 6.5 61.0 1 NW Max >= 27.0 0 Max <= 0.0 3 Min <= 0.0 21 Min <= -18.0 0 Max Rain: 12.6 on day 26 Days of Rain: 7 (>= 0.2 mm) 2 (>= 2.0 mm) 0 (>= 20.0 mm) Heat Base: 18.3 Cool Base: 18.3 Method: Integration