North Facing Camera Click On Play Button To View Live Image |
Sky Facing Camera Click On Image To View Full Screen In New Window |
NOAA-Style Climate Reports
Select a Year or Month report
2024: Jan Feb Mar Apr May Jun Jul Aug Sep Oct Nov Dec
2023: Jan Feb Mar Apr May Jun Jul Aug Sep Oct Nov Dec
2022: Jan Feb Mar Apr May Jun Jul Aug Sep Oct Nov Dec
2021: Jan Feb Mar Apr May Jun Jul Aug Sep Oct Nov Dec
2020: Jan Feb Mar Apr May Jun Jul Aug Sep Oct Nov Dec
2019: Jan Feb Mar Apr May Jun Jul Aug Sep Oct Nov Dec
2018: Jan Feb Mar Apr May Jun Jul Aug Sep Oct Nov Dec
2017: Jan Feb Mar Apr May Jun Jul Aug Sep Oct Nov Dec
2016: Jan Feb Mar Apr May Jun Jul Aug Sep Oct Nov Dec
2015: Jan Feb Mar Apr May Jun Jul Aug Sep Oct Nov Dec
2014: Jan Feb Mar Apr May Jun Jul Aug Sep Oct Nov Dec
2013: Jan Feb Mar Apr May Jun Jul Aug Sep Oct Nov Dec
2024: Jan Feb Mar Apr May Jun Jul Aug Sep Oct Nov Dec
2023: Jan Feb Mar Apr May Jun Jul Aug Sep Oct Nov Dec
2022: Jan Feb Mar Apr May Jun Jul Aug Sep Oct Nov Dec
2021: Jan Feb Mar Apr May Jun Jul Aug Sep Oct Nov Dec
2020: Jan Feb Mar Apr May Jun Jul Aug Sep Oct Nov Dec
2019: Jan Feb Mar Apr May Jun Jul Aug Sep Oct Nov Dec
2018: Jan Feb Mar Apr May Jun Jul Aug Sep Oct Nov Dec
2017: Jan Feb Mar Apr May Jun Jul Aug Sep Oct Nov Dec
2016: Jan Feb Mar Apr May Jun Jul Aug Sep Oct Nov Dec
2015: Jan Feb Mar Apr May Jun Jul Aug Sep Oct Nov Dec
2014: Jan Feb Mar Apr May Jun Jul Aug Sep Oct Nov Dec
2013: Jan Feb Mar Apr May Jun Jul Aug Sep Oct Nov Dec
Report for 2013 October
Monthly Climatological Summary for Oct 2013 Name: DW7240 City: Oshawa State: Ontario, Canada Elevation: 109 m Lat: N 43° 53' 49" Lon: W 078° 52' 26" Temperature (°C), Rain (mm), Wind Speed (km/h) Heat Cool Avg Mean Deg Deg Wind Dom Day Temp High Time Low Time Days Days Rain Speed High Time Dir ---------------------------------------------------------------------------------- 1 16.7 21.9 15:25 10.9 07:26 2.1 0.6 0.0 4.6 27.4 19:49 SW 2 19.2 26.1 15:33 11.3 23:42 1.4 2.3 0.0 4.4 30.6 15:35 WNW 3 15.6 21.9 15:26 9.6 05:58 3.4 0.8 0.0 2.0 19.3 13:19 SW 4 15.5 16.9 17:38 13.9 08:34 2.8 0.0 9.7 0.4 8.0 12:48 ENE 5 15.6 18.6 13:49 13.7 06:43 2.7 0.0 0.0 1.0 11.3 07:11 ENE 6 16.1 20.3 23:45 11.9 04:59 2.4 0.2 11.4 2.0 16.1 23:19 ENE 7 15.0 21.1 00:32 9.2 23:27 3.5 0.2 5.6 7.6 45.1 13:15 WSW 8 11.1 18.1 12:41 5.1 07:20 7.2 0.0 0.0 2.2 24.1 14:38 SW 9 12.4 18.6 14:35 6.9 04:36 6.0 0.0 0.0 1.1 17.7 14:44 SE 10 13.3 19.3 12:08 8.3 07:45 5.1 0.1 0.0 1.0 17.7 13:11 ESE 11 13.0 20.8 13:51 6.8 04:29 5.6 0.3 0.0 2.4 14.5 14:43 N 12 14.3 20.2 15:04 6.4 07:37 4.3 0.4 0.0 1.4 14.5 14:06 E 13 14.8 16.1 01:01 13.5 23:56 3.5 0.0 10.4 0.4 17.7 23:37 N 14 13.0 17.6 13:14 8.3 07:27 5.3 0.0 0.0 3.5 22.5 10:21 NW 15 13.1 17.9 14:40 7.2 05:09 5.2 0.0 0.0 1.9 16.1 14:52 ENE 16 16.4 19.5 13:16 11.8 23:20 2.0 0.1 13.2 6.9 37.0 17:53 SSW 17 13.2 17.3 14:32 10.8 01:16 5.1 0.0 10.4 2.9 19.3 20:03 SW 18 11.5 15.6 14:18 6.6 23:55 6.8 0.0 0.0 6.2 40.2 11:07 W 19 7.9 11.7 12:53 5.3 23:59 10.4 0.0 8.7 2.4 22.5 18:50 W 20 7.3 13.8 14:00 2.7 07:29 11.0 0.0 0.0 4.5 29.0 14:50 WSW 21 11.1 14.8 15:55 5.2 00:00 7.1 0.0 7.6 7.3 35.4 12:27 SW 22 7.2 9.4 00:00 4.6 23:56 11.1 0.0 0.8 8.6 37.0 16:05 WSW 23 4.8 9.3 13:23 1.7 22:51 13.3 0.0 0.0 3.4 29.0 16:25 NW 24 4.2 8.8 14:22 -0.1 05:05 14.0 0.0 0.0 6.2 30.6 10:22 WNW 25 4.8 9.5 12:12 -0.6 07:05 13.5 0.0 0.0 3.9 27.4 12:47 W 26 5.4 6.3 06:33 4.5 08:29 12.9 0.0 13.7 10.3 46.7 09:05 WSW 27 5.0 9.1 13:28 1.0 07:14 13.3 0.0 0.0 4.1 24.1 17:11 W 28 5.4 7.7 14:26 0.4 23:35 12.9 0.0 0.0 4.5 33.8 12:16 NNW 29 2.6 7.4 14:00 -2.3 07:59 15.2 0.0 0.0 1.4 16.1 14:34 ESE 30 5.8 9.8 15:15 0.0 00:00 12.4 0.0 0.7 0.6 12.9 12:56 SSE 31 10.4 13.7 17:02 5.9 00:00 7.7 0.0 20.6 3.6 38.6 18:47 SSW ---------------------------------------------------------------------------------- 11.0 26.1 2 -2.3 29 229.2 5.0 112.8 3.6 46.7 26 WSW Max >= 27.0: 0 Max <= 0.0: 0 Min <= 0.0: 4 Min <= -18.0: 0 Max Rain: 20.6 on day 31 Days of Rain: 12 (>= 0.2 mm) 10 (>= 2.0 mm) 1 (>= 20.0 mm) Heat Base: 18.3 Cool Base: 18.3 Method: Integration