North Facing Camera Click On Play Button To View Live Image |
Sky Facing Camera Click On Image To View Full Screen In New Window |
NOAA-Style Climate Reports
Select a Year or Month report
2024: Jan Feb Mar Apr May Jun Jul Aug Sep Oct Nov Dec
2023: Jan Feb Mar Apr May Jun Jul Aug Sep Oct Nov Dec
2022: Jan Feb Mar Apr May Jun Jul Aug Sep Oct Nov Dec
2021: Jan Feb Mar Apr May Jun Jul Aug Sep Oct Nov Dec
2020: Jan Feb Mar Apr May Jun Jul Aug Sep Oct Nov Dec
2019: Jan Feb Mar Apr May Jun Jul Aug Sep Oct Nov Dec
2018: Jan Feb Mar Apr May Jun Jul Aug Sep Oct Nov Dec
2017: Jan Feb Mar Apr May Jun Jul Aug Sep Oct Nov Dec
2016: Jan Feb Mar Apr May Jun Jul Aug Sep Oct Nov Dec
2015: Jan Feb Mar Apr May Jun Jul Aug Sep Oct Nov Dec
2014: Jan Feb Mar Apr May Jun Jul Aug Sep Oct Nov Dec
2013: Jan Feb Mar Apr May Jun Jul Aug Sep Oct Nov Dec
2024: Jan Feb Mar Apr May Jun Jul Aug Sep Oct Nov Dec
2023: Jan Feb Mar Apr May Jun Jul Aug Sep Oct Nov Dec
2022: Jan Feb Mar Apr May Jun Jul Aug Sep Oct Nov Dec
2021: Jan Feb Mar Apr May Jun Jul Aug Sep Oct Nov Dec
2020: Jan Feb Mar Apr May Jun Jul Aug Sep Oct Nov Dec
2019: Jan Feb Mar Apr May Jun Jul Aug Sep Oct Nov Dec
2018: Jan Feb Mar Apr May Jun Jul Aug Sep Oct Nov Dec
2017: Jan Feb Mar Apr May Jun Jul Aug Sep Oct Nov Dec
2016: Jan Feb Mar Apr May Jun Jul Aug Sep Oct Nov Dec
2015: Jan Feb Mar Apr May Jun Jul Aug Sep Oct Nov Dec
2014: Jan Feb Mar Apr May Jun Jul Aug Sep Oct Nov Dec
2013: Jan Feb Mar Apr May Jun Jul Aug Sep Oct Nov Dec
Report for 2013 November
Monthly Climatological Summary for Nov 2013 Name: DW7240 City: Oshawa State: Ontario, Canada Elevation: 109 m Lat: N 43° 53' 49" Lon: W 078° 52' 26" Temperature (°C), Rain (mm), Wind Speed (km/h) Heat Cool Avg Mean Deg Deg Wind Dom Day Temp High Time Low Time Days Days Rain Speed High Time Dir ---------------------------------------------------------------------------------- 1 11.3 13.1 02:37 8.2 23:51 6.9 0.0 5.6 11.1 49.9 11:12 SW 2 5.8 8.4 00:11 0.7 23:52 11.5 0.0 1.3 3.2 25.7 10:37 N 3 0.3 4.3 13:21 -3.2 07:04 18.7 0.0 0.0 3.4 22.5 09:30 N 4 2.7 6.1 11:39 -1.6 00:18 15.6 0.0 0.0 5.1 32.2 15:38 ESE 5 7.2 12.1 14:19 0.6 05:31 11.0 0.0 0.0 2.1 19.3 14:12 SSE 6 10.7 12.8 14:01 8.7 01:35 7.6 0.0 5.8 5.2 30.6 19:21 SSW 7 5.8 11.2 00:00 2.9 23:47 12.1 0.0 1.3 8.7 51.5 00:30 WNW 8 3.1 6.4 13:30 -0.2 06:30 13.3 0.0 0.0 6.4 33.8 11:00 WNW 9 6.2 9.2 18:06 2.2 06:41 10.2 0.0 2.0 5.6 33.8 22:07 SSW 10 6.2 8.7 00:38 3.7 23:23 11.7 0.0 0.3 13.8 57.9 14:46 W 11 2.9 6.1 11:45 -2.7 23:57 15.3 0.0 0.7 9.4 41.8 17:15 W 12 -3.2 -0.5 11:25 -5.6 23:50 21.4 0.0 0.0 7.5 38.6 08:25 NNW 13 -1.1 3.1 15:22 -8.1 04:00 19.0 0.0 0.0 10.0 56.3 21:31 WSW 14 4.8 8.8 13:00 1.3 07:02 13.5 0.0 0.0 12.4 41.8 16:24 WSW 15 6.8 10.0 12:01 3.4 23:58 11.4 0.0 0.0 7.4 30.6 16:03 SW 16 7.5 11.1 12:19 2.2 07:34 10.8 0.0 0.0 3.5 25.7 20:42 SE 17 11.0 13.2 15:23 9.0 06:16 7.3 0.0 9.9 4.6 38.6 23:23 SE 18 6.8 11.8 00:15 2.2 23:54 11.4 0.0 0.0 20.6 70.8 05:42 WSW 19 0.8 2.7 12:09 -4.0 23:59 17.5 0.0 0.0 8.5 37.0 03:09 NW 20 -0.9 3.2 23:29 -4.9 05:54 19.2 0.0 0.0 5.3 25.7 16:14 E 21 4.0 6.2 17:08 0.5 05:16 14.1 0.0 0.3 4.0 22.5 00:13 SE 22 4.5 8.0 12:11 -1.8 23:58 13.8 0.0 6.8 5.9 54.7 19:29 WNW 23 -3.6 0.8 10:52 -10.1 23:55 21.8 0.0 0.0 11.2 54.7 15:30 WNW 24 -8.4 -4.9 15:03 -10.9 02:17 26.7 0.0 0.0 9.0 37.0 09:47 NW 25 -1.8 2.3 19:11 -9.1 01:16 20.1 0.0 0.0 13.4 54.7 10:25 SW 26 0.8 2.1 12:26 -0.1 03:09 17.5 0.0 4.4 5.4 30.6 01:08 SSW 27 -1.8 0.2 00:00 -6.9 23:56 20.2 0.0 3.0 7.4 45.1 18:33 NW 28 -5.8 -2.8 15:34 -9.6 07:44 24.1 0.0 0.0 5.4 37.0 00:00 WNW 29 -7.0 -2.7 15:45 -11.8 06:52 25.3 0.0 0.0 2.7 19.3 10:44 N 30 -1.4 2.5 22:23 -7.7 00:00 19.4 0.0 0.0 6.4 40.2 06:53 SSE ---------------------------------------------------------------------------------- 2.5 13.2 17 -11.8 29 468.4 0.0 41.4 6.7 70.8 18 W Max >= 27.0: 0 Max <= 0.0: 4 Min <= 0.0: 17 Min <= -18.0: 0 Max Rain: 9.9 on day 17 Days of Rain: 12 (>= 0.2 mm) 7 (>= 2.0 mm) 0 (>= 20.0 mm) Heat Base: 18.3 Cool Base: 18.3 Method: Integration