North Facing Camera Click On Play Button To View Live Image |
Sky Facing Camera Click On Image To View Full Screen In New Window |
NOAA-Style Climate Reports
Select a Year or Month report
2024: Jan Feb Mar Apr May Jun Jul Aug Sep Oct Nov Dec
2023: Jan Feb Mar Apr May Jun Jul Aug Sep Oct Nov Dec
2022: Jan Feb Mar Apr May Jun Jul Aug Sep Oct Nov Dec
2021: Jan Feb Mar Apr May Jun Jul Aug Sep Oct Nov Dec
2020: Jan Feb Mar Apr May Jun Jul Aug Sep Oct Nov Dec
2019: Jan Feb Mar Apr May Jun Jul Aug Sep Oct Nov Dec
2018: Jan Feb Mar Apr May Jun Jul Aug Sep Oct Nov Dec
2017: Jan Feb Mar Apr May Jun Jul Aug Sep Oct Nov Dec
2016: Jan Feb Mar Apr May Jun Jul Aug Sep Oct Nov Dec
2015: Jan Feb Mar Apr May Jun Jul Aug Sep Oct Nov Dec
2014: Jan Feb Mar Apr May Jun Jul Aug Sep Oct Nov Dec
2013: Jan Feb Mar Apr May Jun Jul Aug Sep Oct Nov Dec
2024: Jan Feb Mar Apr May Jun Jul Aug Sep Oct Nov Dec
2023: Jan Feb Mar Apr May Jun Jul Aug Sep Oct Nov Dec
2022: Jan Feb Mar Apr May Jun Jul Aug Sep Oct Nov Dec
2021: Jan Feb Mar Apr May Jun Jul Aug Sep Oct Nov Dec
2020: Jan Feb Mar Apr May Jun Jul Aug Sep Oct Nov Dec
2019: Jan Feb Mar Apr May Jun Jul Aug Sep Oct Nov Dec
2018: Jan Feb Mar Apr May Jun Jul Aug Sep Oct Nov Dec
2017: Jan Feb Mar Apr May Jun Jul Aug Sep Oct Nov Dec
2016: Jan Feb Mar Apr May Jun Jul Aug Sep Oct Nov Dec
2015: Jan Feb Mar Apr May Jun Jul Aug Sep Oct Nov Dec
2014: Jan Feb Mar Apr May Jun Jul Aug Sep Oct Nov Dec
2013: Jan Feb Mar Apr May Jun Jul Aug Sep Oct Nov Dec
Report for 2013 December
Monthly Climatological Summary for Dec 2013 Name: DW7240 City: Oshawa State: Ontario, Canada Elevation: 109 m Lat: N 43° 53' 49" Lon: W 078° 52' 26" Temperature (°C), Rain (mm), Wind Speed (km/h) Heat Cool Avg Mean Deg Deg Wind Dom Day Temp High Time Low Time Days Days Rain Speed High Time Dir ---------------------------------------------------------------------------------- 1 2.7 4.1 11:08 1.0 05:43 15.5 0.0 2.8 0.9 12.9 19:10 S 2 2.2 3.2 13:59 0.8 23:45 16.0 0.0 0.0 2.0 16.1 13:41 NW 3 0.6 4.0 13:08 -2.8 07:08 17.7 0.0 0.0 2.7 14.5 14:02 WSW 4 1.9 4.2 13:54 0.1 04:02 16.4 0.0 1.3 5.6 20.9 22:05 E 5 7.8 13.2 12:06 3.7 23:52 10.5 0.0 0.5 8.5 41.8 14:37 WSW 6 0.7 3.7 00:00 -1.4 23:23 17.6 0.0 0.0 8.1 32.2 01:08 WNW 7 -2.4 0.1 11:49 -5.1 22:50 19.2 0.0 0.0 10.2 33.8 11:01 W 8 -4.3 0.0 00:37 -7.6 07:52 21.8 0.0 0.0 4.3 41.8 22:21 E 9 0.0 2.2 10:19 -2.0 23:59 18.3 0.0 1.8 13.3 46.7 11:07 SW 10 -5.8 -2.0 00:00 -7.9 08:12 24.1 0.0 0.0 12.1 41.8 00:19 W 11 -6.5 -3.8 11:40 -11.2 23:18 24.8 0.0 0.0 12.2 45.1 04:01 W 12 -9.5 -7.1 13:02 -13.6 06:44 27.8 0.0 0.0 10.1 45.1 12:04 WSW 13 -9.7 -5.5 07:25 -14.1 23:28 28.0 0.0 0.0 9.5 35.4 00:32 NW 14 -13.6 -11.0 23:12 -16.1 05:43 31.6 0.0 0.0 8.2 27.4 21:21 ENE 15 -9.3 -5.2 19:25 -12.7 05:01 27.6 0.0 0.5 6.1 41.8 21:27 NW 16 -13.9 -9.8 00:01 -17.1 08:12 32.2 0.0 0.0 4.5 29.0 03:03 NNW 17 -9.1 -5.2 16:09 -16.4 00:00 27.4 0.0 1.0 3.2 17.7 01:55 ENE 18 -3.3 0.6 13:55 -7.0 00:00 21.6 0.0 0.0 5.5 40.2 14:07 W 19 0.3 2.5 15:26 -1.8 07:57 18.0 0.0 0.0 4.8 33.8 01:09 WSW 20 0.1 1.6 09:54 -1.1 21:48 18.2 0.0 4.3 2.1 19.3 11:51 NE 21 -0.6 0.1 19:24 -1.6 01:27 18.9 0.0 14.0 0.3 8.0 02:28 NE 22 -1.9 0.6 23:55 -3.7 10:00 18.0 0.0 8.4 0.0 0.0 00:00 E 23 -3.8 0.7 00:54 -9.9 23:37 22.1 0.0 0.0 0.0 0.0 00:00 E 24 -12.6 -9.9 00:00 -16.8 23:48 30.9 0.0 0.0 0.0 0.0 00:00 E 25 -11.7 -3.1 23:58 -18.8 06:58 30.0 0.0 0.2 0.0 0.0 00:00 E 26 -3.2 -1.1 15:30 -5.2 00:00 21.3 0.0 0.0 0.0 0.0 00:00 E 27 -2.9 0.9 23:30 -6.0 01:30 21.2 0.0 0.0 1.1 20.9 23:00 SW 28 1.4 2.6 12:30 -0.8 23:04 16.3 0.0 0.0 2.8 25.7 02:00 WSW 29 0.2 4.3 13:16 -6.5 23:57 18.1 0.0 0.0 3.6 38.6 22:11 WNW 30 -12.4 -6.4 00:02 -16.2 07:44 30.7 0.0 0.0 5.4 35.4 00:59 NNW 31 -9.6 -5.9 13:02 -12.3 00:09 27.9 0.0 1.0 9.1 49.9 13:37 W ---------------------------------------------------------------------------------- -4.1 13.2 5 -18.8 25 689.7 0.0 35.8 5.3 49.9 31 W Max >= 27.0: 0 Max <= 0.0: 14 Min <= 0.0: 27 Min <= -18.0: 1 Max Rain: 14.0 on day 21 Days of Rain: 11 (>= 0.2 mm) 4 (>= 2.0 mm) 0 (>= 20.0 mm) Heat Base: 18.3 Cool Base: 18.3 Method: Integration