North Facing Camera Click On Play Button To View Live Image |
Sky Facing Camera Click On Image To View Full Screen In New Window |
NOAA-Style Climate Reports
Select a Year or Month report
2024: Jan Feb Mar Apr May Jun Jul Aug Sep Oct Nov Dec
2023: Jan Feb Mar Apr May Jun Jul Aug Sep Oct Nov Dec
2022: Jan Feb Mar Apr May Jun Jul Aug Sep Oct Nov Dec
2021: Jan Feb Mar Apr May Jun Jul Aug Sep Oct Nov Dec
2020: Jan Feb Mar Apr May Jun Jul Aug Sep Oct Nov Dec
2019: Jan Feb Mar Apr May Jun Jul Aug Sep Oct Nov Dec
2018: Jan Feb Mar Apr May Jun Jul Aug Sep Oct Nov Dec
2017: Jan Feb Mar Apr May Jun Jul Aug Sep Oct Nov Dec
2016: Jan Feb Mar Apr May Jun Jul Aug Sep Oct Nov Dec
2015: Jan Feb Mar Apr May Jun Jul Aug Sep Oct Nov Dec
2014: Jan Feb Mar Apr May Jun Jul Aug Sep Oct Nov Dec
2013: Jan Feb Mar Apr May Jun Jul Aug Sep Oct Nov Dec
2024: Jan Feb Mar Apr May Jun Jul Aug Sep Oct Nov Dec
2023: Jan Feb Mar Apr May Jun Jul Aug Sep Oct Nov Dec
2022: Jan Feb Mar Apr May Jun Jul Aug Sep Oct Nov Dec
2021: Jan Feb Mar Apr May Jun Jul Aug Sep Oct Nov Dec
2020: Jan Feb Mar Apr May Jun Jul Aug Sep Oct Nov Dec
2019: Jan Feb Mar Apr May Jun Jul Aug Sep Oct Nov Dec
2018: Jan Feb Mar Apr May Jun Jul Aug Sep Oct Nov Dec
2017: Jan Feb Mar Apr May Jun Jul Aug Sep Oct Nov Dec
2016: Jan Feb Mar Apr May Jun Jul Aug Sep Oct Nov Dec
2015: Jan Feb Mar Apr May Jun Jul Aug Sep Oct Nov Dec
2014: Jan Feb Mar Apr May Jun Jul Aug Sep Oct Nov Dec
2013: Jan Feb Mar Apr May Jun Jul Aug Sep Oct Nov Dec
Report for 2014 February
Monthly Climatological Summary for Feb 2014 Name: DW7240 City: Oshawa State: Ontario, Canada Elevation: 109 m Lat: N 43° 53' 49" Lon: W 078° 52' 26" Temperature (°C), Rain (mm), Wind Speed (km/h) Heat Cool Avg Mean Deg Deg Wind Dom Day Temp High Time Low Time Days Days Rain Speed High Time Dir ---------------------------------------------------------------------------------- 1 -1.2 0.9 21:02 -4.4 01:39 19.5 0.0 11.9 2.2 20.9 15:34 ESE 2 -2.6 0.4 00:06 -6.9 23:57 20.8 0.0 2.3 4.6 25.7 05:36 NW 3 -8.2 -4.6 14:16 -13.5 22:59 26.4 0.0 0.0 3.2 17.7 14:28 NNW 4 -8.5 -4.6 14:28 -14.9 03:41 26.8 0.0 0.0 2.3 11.3 11:34 NNW 5 -8.0 -5.8 00:00 -13.2 23:59 26.4 0.0 1.0 8.2 33.8 17:24 NNE 6 -10.4 -6.1 12:30 -16.9 07:17 28.7 0.0 0.3 6.7 33.8 22:57 W 7 -10.5 -7.6 00:00 -13.8 23:53 28.8 0.0 0.0 12.7 37.0 11:47 W 8 -10.9 -6.9 14:25 -15.6 01:21 29.2 0.0 0.0 6.1 22.5 04:23 W 9 -11.1 -7.7 14:05 -15.5 04:45 29.4 0.0 0.5 2.7 16.1 15:02 NNW 10 -10.8 -5.7 14:12 -16.5 02:04 29.1 0.0 0.0 6.1 29.0 13:30 WNW 11 -11.8 -8.7 15:03 -15.4 22:34 30.1 0.0 0.0 5.2 24.1 09:50 WNW 12 -10.5 -5.7 12:58 -17.6 02:36 28.9 0.0 0.0 4.3 27.4 10:50 ESE 13 -6.5 -2.1 13:58 -13.2 05:35 24.8 0.0 0.0 3.3 19.3 12:28 NE 14 -2.8 0.5 14:34 -5.3 06:14 21.1 0.0 0.0 6.1 25.7 14:16 WNW 15 -6.2 -3.2 11:30 -11.8 23:34 24.5 0.0 0.0 6.3 25.7 16:52 NW 16 -11.5 -7.9 15:56 -14.4 05:04 29.7 0.0 0.0 6.5 30.6 22:53 NW 17 -10.3 -5.7 20:15 -16.2 07:08 28.3 0.0 0.0 6.9 38.6 23:16 ENE 18 -2.2 0.2 15:14 -6.3 00:00 20.5 0.0 4.3 9.9 38.6 01:03 S 19 1.3 5.8 12:35 -3.0 23:58 17.0 0.0 0.0 5.5 32.2 16:42 W 20 -1.2 2.4 15:25 -7.0 06:30 19.5 0.0 7.1 5.1 37.0 21:43 E 21 2.5 4.7 14:37 0.8 23:46 15.8 0.0 8.9 16.7 57.9 17:03 SSW 22 2.0 4.7 10:47 -0.1 23:55 16.3 0.0 0.0 15.5 61.2 12:56 WSW 23 -2.3 1.2 14:28 -4.9 23:53 20.6 0.0 0.0 10.0 40.2 11:25 W 24 -6.8 -4.2 14:18 -9.4 23:53 25.1 0.0 0.0 12.3 48.3 13:49 W 25 -8.3 -5.0 14:52 -11.7 06:49 26.6 0.0 0.0 9.8 40.2 23:11 W 26 -11.4 -7.7 00:01 -14.7 06:40 29.8 0.0 0.0 13.3 45.1 10:01 W 27 -11.7 -7.9 00:46 -16.1 23:53 30.0 0.0 0.0 15.5 51.5 15:33 W 28 -13.6 -7.7 23:54 -19.7 07:12 31.9 0.0 0.0 5.9 24.1 14:35 WSW ---------------------------------------------------------------------------------- -6.9 5.8 19 -19.7 28 705.6 0.0 36.3 7.6 61.2 22 W Max >= 27.0: 0 Max <= 0.0: 19 Min <= 0.0: 27 Min <= -18.0: 1 Max Rain: 11.9 on day 1 Days of Rain: 8 (>= 0.2 mm) 5 (>= 2.0 mm) 0 (>= 20.0 mm) Heat Base: 18.3 Cool Base: 18.3 Method: Integration