North Facing Camera Click On Play Button To View Live Image |
Sky Facing Camera Click On Image To View Full Screen In New Window |
NOAA-Style Climate Reports
Select a Year or Month report
2024: Jan Feb Mar Apr May Jun Jul Aug Sep Oct Nov Dec
2023: Jan Feb Mar Apr May Jun Jul Aug Sep Oct Nov Dec
2022: Jan Feb Mar Apr May Jun Jul Aug Sep Oct Nov Dec
2021: Jan Feb Mar Apr May Jun Jul Aug Sep Oct Nov Dec
2020: Jan Feb Mar Apr May Jun Jul Aug Sep Oct Nov Dec
2019: Jan Feb Mar Apr May Jun Jul Aug Sep Oct Nov Dec
2018: Jan Feb Mar Apr May Jun Jul Aug Sep Oct Nov Dec
2017: Jan Feb Mar Apr May Jun Jul Aug Sep Oct Nov Dec
2016: Jan Feb Mar Apr May Jun Jul Aug Sep Oct Nov Dec
2015: Jan Feb Mar Apr May Jun Jul Aug Sep Oct Nov Dec
2014: Jan Feb Mar Apr May Jun Jul Aug Sep Oct Nov Dec
2013: Jan Feb Mar Apr May Jun Jul Aug Sep Oct Nov Dec
2024: Jan Feb Mar Apr May Jun Jul Aug Sep Oct Nov Dec
2023: Jan Feb Mar Apr May Jun Jul Aug Sep Oct Nov Dec
2022: Jan Feb Mar Apr May Jun Jul Aug Sep Oct Nov Dec
2021: Jan Feb Mar Apr May Jun Jul Aug Sep Oct Nov Dec
2020: Jan Feb Mar Apr May Jun Jul Aug Sep Oct Nov Dec
2019: Jan Feb Mar Apr May Jun Jul Aug Sep Oct Nov Dec
2018: Jan Feb Mar Apr May Jun Jul Aug Sep Oct Nov Dec
2017: Jan Feb Mar Apr May Jun Jul Aug Sep Oct Nov Dec
2016: Jan Feb Mar Apr May Jun Jul Aug Sep Oct Nov Dec
2015: Jan Feb Mar Apr May Jun Jul Aug Sep Oct Nov Dec
2014: Jan Feb Mar Apr May Jun Jul Aug Sep Oct Nov Dec
2013: Jan Feb Mar Apr May Jun Jul Aug Sep Oct Nov Dec
Report for 2014 April
Monthly Climatological Summary for Apr 2014 Name: DW7240 City: Oshawa State: Ontario, Canada Elevation: 109 m Lat: N 43° 53' 49" Lon: W 078° 52' 26" Temperature (°C), Rain (mm), Wind Speed (km/h) Heat Cool Avg Mean Deg Deg Wind Dom Day Temp High Time Low Time Days Days Rain Speed High Time Dir ---------------------------------------------------------------------------------- 1 4.6 8.4 17:34 0.9 06:16 13.7 0.0 0.0 8.3 48.3 17:25 E 2 4.0 8.7 16:18 0.2 23:52 14.3 0.0 0.0 10.6 38.6 00:21 W 3 1.0 4.7 10:56 -2.2 07:02 17.2 0.0 0.0 6.8 24.1 13:55 E 4 3.7 5.9 21:17 1.7 00:00 14.6 0.0 13.7 10.6 49.9 23:09 E 5 2.3 5.2 00:00 -1.3 23:48 16.0 0.0 0.2 16.0 49.9 09:19 W 6 3.2 10.3 17:34 -4.6 05:37 14.7 0.0 0.0 4.7 27.4 14:55 SSW 7 5.3 9.7 10:36 2.6 02:24 13.0 0.0 12.5 7.4 40.2 22:22 E 8 5.5 10.1 16:10 2.3 07:55 12.5 0.0 5.8 9.5 46.7 13:30 NNW 9 5.1 10.4 15:32 1.2 06:16 13.2 0.0 0.0 6.8 30.6 14:22 NW 10 8.6 16.1 15:27 1.8 04:01 9.7 0.0 0.0 10.6 51.5 13:46 SW 11 8.8 14.4 14:32 2.9 07:03 9.4 0.0 0.0 3.7 22.5 13:22 SSW 12 9.0 14.8 11:08 1.5 06:10 9.3 0.0 1.8 4.2 27.4 00:27 SE 13 11.5 17.0 16:57 6.8 05:27 6.8 0.0 11.2 6.0 40.2 03:30 ESE 14 12.1 17.6 09:19 3.6 23:30 6.1 0.0 7.6 8.8 48.3 16:18 SW 15 -0.2 3.6 00:00 -4.4 23:42 18.5 0.0 11.4 12.6 45.1 12:35 NW 16 -1.2 3.2 14:35 -6.3 05:56 19.4 0.0 0.0 6.6 27.4 12:17 SW 17 4.0 8.8 18:27 -1.3 01:12 14.3 0.0 0.0 9.3 40.2 16:36 E 18 6.9 9.4 14:09 3.3 23:45 11.4 0.0 0.8 3.4 20.9 23:13 S 19 5.4 11.7 14:39 0.4 05:58 12.8 0.0 0.2 5.4 29.0 13:01 NNW 20 7.5 12.9 15:02 1.2 01:38 10.8 0.0 0.0 5.4 30.6 10:55 ESE 21 11.4 19.9 15:29 5.2 02:50 7.0 0.1 0.0 3.2 20.9 12:46 S 22 9.5 14.2 11:14 6.2 23:53 8.8 0.0 2.1 7.1 40.2 12:30 NW 23 5.1 9.4 15:33 2.3 07:06 13.1 0.0 3.3 13.2 41.8 14:06 NNW 24 6.3 12.6 14:49 -0.7 06:36 12.0 0.0 0.0 6.8 35.4 12:08 WNW 25 8.6 11.8 17:33 6.1 23:56 9.7 0.0 2.8 9.3 51.5 13:02 ENE 26 6.2 10.1 16:01 3.7 04:41 12.1 0.0 0.0 7.7 35.4 16:54 NW 27 7.0 11.8 11:33 2.1 06:28 11.3 0.0 0.0 7.1 29.0 03:42 NW 28 9.0 12.8 10:36 4.3 01:03 9.3 0.0 0.0 7.5 32.2 16:05 E 29 8.0 10.6 03:54 6.1 22:15 10.3 0.0 16.7 15.3 53.1 09:38 E 30 6.4 7.7 20:43 5.2 06:41 11.9 0.0 7.4 12.1 38.6 04:34 E ---------------------------------------------------------------------------------- 6.2 19.9 21 -6.3 16 363.2 0.1 97.5 8.2 53.1 29 N Max >= 27.0: 0 Max <= 0.0: 0 Min <= 0.0: 7 Min <= -18.0: 0 Max Rain: 16.7 on day 29 Days of Rain: 15 (>= 0.2 mm) 11 (>= 2.0 mm) 0 (>= 20.0 mm) Heat Base: 18.3 Cool Base: 18.3 Method: Integration