North Facing Camera Click On Play Button To View Live Image |
Sky Facing Camera Click On Image To View Full Screen In New Window |
NOAA-Style Climate Reports
Select a Year or Month report
2024: Jan Feb Mar Apr May Jun Jul Aug Sep Oct Nov Dec
2023: Jan Feb Mar Apr May Jun Jul Aug Sep Oct Nov Dec
2022: Jan Feb Mar Apr May Jun Jul Aug Sep Oct Nov Dec
2021: Jan Feb Mar Apr May Jun Jul Aug Sep Oct Nov Dec
2020: Jan Feb Mar Apr May Jun Jul Aug Sep Oct Nov Dec
2019: Jan Feb Mar Apr May Jun Jul Aug Sep Oct Nov Dec
2018: Jan Feb Mar Apr May Jun Jul Aug Sep Oct Nov Dec
2017: Jan Feb Mar Apr May Jun Jul Aug Sep Oct Nov Dec
2016: Jan Feb Mar Apr May Jun Jul Aug Sep Oct Nov Dec
2015: Jan Feb Mar Apr May Jun Jul Aug Sep Oct Nov Dec
2014: Jan Feb Mar Apr May Jun Jul Aug Sep Oct Nov Dec
2013: Jan Feb Mar Apr May Jun Jul Aug Sep Oct Nov Dec
2024: Jan Feb Mar Apr May Jun Jul Aug Sep Oct Nov Dec
2023: Jan Feb Mar Apr May Jun Jul Aug Sep Oct Nov Dec
2022: Jan Feb Mar Apr May Jun Jul Aug Sep Oct Nov Dec
2021: Jan Feb Mar Apr May Jun Jul Aug Sep Oct Nov Dec
2020: Jan Feb Mar Apr May Jun Jul Aug Sep Oct Nov Dec
2019: Jan Feb Mar Apr May Jun Jul Aug Sep Oct Nov Dec
2018: Jan Feb Mar Apr May Jun Jul Aug Sep Oct Nov Dec
2017: Jan Feb Mar Apr May Jun Jul Aug Sep Oct Nov Dec
2016: Jan Feb Mar Apr May Jun Jul Aug Sep Oct Nov Dec
2015: Jan Feb Mar Apr May Jun Jul Aug Sep Oct Nov Dec
2014: Jan Feb Mar Apr May Jun Jul Aug Sep Oct Nov Dec
2013: Jan Feb Mar Apr May Jun Jul Aug Sep Oct Nov Dec
Report for 2014 August
Monthly Climatological Summary for Aug 2014 Name: DW7240 City: Oshawa State: Ontario, Canada Elevation: 109 m Lat: N 43° 53' 49" Lon: W 078° 52' 26" Temperature (°C), Rain (mm), Wind Speed (km/h) Heat Cool Avg Mean Deg Deg Wind Dom Day Temp High Time Low Time Days Days Rain Speed High Time Dir ---------------------------------------------------------------------------------- 1 20.2 27.3 15:13 16.2 06:23 0.5 2.4 0.0 3.3 40.2 17:17 SSW 2 21.2 27.7 15:33 15.1 04:54 0.9 3.8 0.0 2.6 17.7 16:22 SSE 3 21.2 24.9 15:09 18.3 05:11 0.0 2.9 0.0 2.2 14.5 15:36 S 4 20.1 27.3 14:11 16.4 06:06 0.3 2.1 0.0 2.2 25.7 17:00 SW 5 19.8 25.7 18:16 15.8 06:25 0.5 2.0 0.0 2.2 16.1 12:17 WNW 6 20.8 26.8 15:00 15.1 05:27 0.8 3.3 0.0 3.2 22.5 15:31 NW 7 20.8 25.3 15:26 16.7 06:57 0.2 2.7 0.0 4.2 27.4 11:36 NNW 8 20.3 26.2 14:57 14.3 05:59 1.0 3.0 0.0 3.8 19.3 15:35 W 9 21.5 27.1 11:27 15.6 06:49 0.7 3.8 0.0 3.8 19.3 14:12 ESE 10 21.8 28.2 14:19 14.9 06:45 0.6 4.0 0.0 3.1 20.9 15:41 SE 11 23.3 28.2 14:54 18.8 01:49 0.0 5.0 0.0 3.9 33.8 23:11 SE 12 22.0 26.4 14:56 18.7 03:34 0.0 3.7 0.0 8.2 35.4 00:48 SSE 13 19.0 24.4 13:56 14.0 23:51 0.8 1.5 0.0 8.7 51.5 17:56 WNW 14 14.1 17.3 11:33 11.3 06:01 4.2 0.0 0.0 7.0 32.2 09:05 WNW 15 17.0 23.3 15:38 11.6 00:50 2.7 1.4 0.0 6.4 35.4 14:40 WNW 16 15.3 19.6 13:24 11.1 05:42 3.1 0.1 0.0 4.3 32.2 16:54 SW 17 18.2 23.1 16:23 13.6 05:54 1.4 1.3 0.0 4.2 24.1 15:36 NNW 18 16.6 21.0 14:35 12.2 06:13 2.4 0.7 0.0 3.4 20.9 11:45 SSE 19 17.7 23.3 12:34 11.4 05:24 2.2 1.6 0.0 2.6 25.7 13:55 ESE 20 20.2 25.3 16:01 17.2 06:06 0.1 2.1 0.0 2.0 19.3 23:55 ESE 21 21.7 26.2 15:06 18.6 07:04 0.0 3.4 0.0 2.8 20.9 13:18 SW 22 21.6 25.9 14:50 17.7 06:31 0.1 3.4 0.0 2.6 17.7 11:20 SE 23 20.6 23.3 15:33 18.4 23:49 0.0 2.2 0.0 1.3 21.7 03:38 ESE 24 21.1 25.7 17:01 16.9 05:16 0.3 3.0 0.0 1.9 17.3 00:45 ESE 25 21.9 28.3 15:48 16.7 06:09 0.2 3.8 0.0 2.2 19.3 12:21 SSE 26 23.4 29.2 14:22 17.7 02:42 0.1 5.2 0.0 5.9 33.8 18:15 SW 27 20.5 25.3 13:19 15.7 23:54 0.2 2.4 0.0 6.7 32.2 16:25 NNW 28 17.3 22.6 15:20 12.6 06:54 2.1 1.1 0.0 5.7 33.8 12:36 NNW 29 17.7 23.0 13:28 11.8 06:25 1.9 1.3 0.0 3.1 22.5 15:11 ESE 30 22.2 26.9 15:31 16.8 00:00 0.2 4.0 0.0 3.4 24.1 22:07 SSE 31 24.1 28.3 15:27 20.6 23:49 0.0 5.8 0.0 7.0 27.4 10:55 SW ---------------------------------------------------------------------------------- 20.1 29.2 26 11.1 16 27.5 83.0 0.0 4.0 51.5 13 SW Max >= 27.0: 9 Max <= 0.0: 0 Min <= 0.0: 0 Min <= -18.0: 0 Max Rain: 0.0 on day 0 Days of Rain: 0 (>= 0.2 mm) 0 (>= 2.0 mm) 0 (>= 20.0 mm) Heat Base: 18.3 Cool Base: 18.3 Method: Integration