North Facing Camera Click On Play Button To View Live Image |
Sky Facing Camera Click On Image To View Full Screen In New Window |
NOAA-Style Climate Reports
Select a Year or Month report
2024: Jan Feb Mar Apr May Jun Jul Aug Sep Oct Nov Dec
2023: Jan Feb Mar Apr May Jun Jul Aug Sep Oct Nov Dec
2022: Jan Feb Mar Apr May Jun Jul Aug Sep Oct Nov Dec
2021: Jan Feb Mar Apr May Jun Jul Aug Sep Oct Nov Dec
2020: Jan Feb Mar Apr May Jun Jul Aug Sep Oct Nov Dec
2019: Jan Feb Mar Apr May Jun Jul Aug Sep Oct Nov Dec
2018: Jan Feb Mar Apr May Jun Jul Aug Sep Oct Nov Dec
2017: Jan Feb Mar Apr May Jun Jul Aug Sep Oct Nov Dec
2016: Jan Feb Mar Apr May Jun Jul Aug Sep Oct Nov Dec
2015: Jan Feb Mar Apr May Jun Jul Aug Sep Oct Nov Dec
2014: Jan Feb Mar Apr May Jun Jul Aug Sep Oct Nov Dec
2013: Jan Feb Mar Apr May Jun Jul Aug Sep Oct Nov Dec
2024: Jan Feb Mar Apr May Jun Jul Aug Sep Oct Nov Dec
2023: Jan Feb Mar Apr May Jun Jul Aug Sep Oct Nov Dec
2022: Jan Feb Mar Apr May Jun Jul Aug Sep Oct Nov Dec
2021: Jan Feb Mar Apr May Jun Jul Aug Sep Oct Nov Dec
2020: Jan Feb Mar Apr May Jun Jul Aug Sep Oct Nov Dec
2019: Jan Feb Mar Apr May Jun Jul Aug Sep Oct Nov Dec
2018: Jan Feb Mar Apr May Jun Jul Aug Sep Oct Nov Dec
2017: Jan Feb Mar Apr May Jun Jul Aug Sep Oct Nov Dec
2016: Jan Feb Mar Apr May Jun Jul Aug Sep Oct Nov Dec
2015: Jan Feb Mar Apr May Jun Jul Aug Sep Oct Nov Dec
2014: Jan Feb Mar Apr May Jun Jul Aug Sep Oct Nov Dec
2013: Jan Feb Mar Apr May Jun Jul Aug Sep Oct Nov Dec
Report for 2014 September
Monthly Climatological Summary for Sep 2014 Name: DW7240 City: Oshawa State: Ontario, Canada Elevation: 109 m Lat: N 43° 53' 49" Lon: W 078° 52' 26" Temperature (°C), Rain (mm), Wind Speed (km/h) Heat Cool Avg Mean Deg Deg Wind Dom Day Temp High Time Low Time Days Days Rain Speed High Time Dir ---------------------------------------------------------------------------------- 1 21.7 27.1 14:06 17.6 06:32 0.1 3.4 0.0 2.8 24.1 23:07 SE 2 21.2 25.7 11:13 17.7 23:37 0.0 2.9 0.0 3.7 24.1 01:19 SW 3 20.9 27.1 13:40 13.7 06:39 1.0 3.6 0.0 2.2 17.7 15:17 SW 4 22.4 28.7 15:36 16.1 06:05 0.4 4.5 0.0 3.5 29.0 12:06 S 5 23.9 29.1 16:53 20.1 23:04 0.0 5.6 0.0 6.6 45.1 20:07 SW 6 18.8 22.4 14:12 13.4 23:57 0.7 1.2 0.0 6.2 35.4 05:24 WNW 7 16.5 23.2 13:18 11.2 07:12 2.8 1.0 0.0 3.8 27.4 14:24 WSW 8 18.3 23.1 14:19 12.3 04:49 1.9 1.8 0.0 2.8 24.1 10:32 SE 9 20.0 22.4 17:16 17.6 06:45 0.1 1.8 0.0 4.5 27.4 01:47 SE 10 20.1 22.9 12:33 17.2 02:59 0.2 2.0 0.0 5.0 43.5 23:15 SE 11 16.3 21.7 00:08 11.3 22:29 2.8 0.8 0.0 11.0 45.1 00:14 WNW 12 12.4 16.7 16:08 9.6 07:23 5.9 0.0 0.0 2.6 22.5 11:23 NNW 13 10.8 13.9 17:51 8.6 23:58 7.5 0.0 0.0 3.7 30.6 15:02 NNW 14 10.7 14.8 16:26 5.6 04:39 7.6 0.0 0.0 2.6 24.1 12:26 SSE 15 13.9 18.8 11:56 8.8 07:08 4.4 0.0 0.0 4.2 32.2 17:27 SW 16 14.0 19.3 15:52 9.1 07:37 4.3 0.1 0.0 4.0 35.4 13:51 NW 17 13.7 20.3 13:38 6.5 07:12 4.9 0.4 4.6 3.8 38.5 17:49 SW 18 11.8 15.7 15:43 7.6 23:54 6.5 0.0 0.0 3.2 25.7 12:03 NNW 19 9.7 14.7 12:56 4.8 07:21 8.6 0.0 0.0 3.3 32.2 13:02 ESE 20 17.0 23.5 15:23 9.7 02:00 2.9 1.6 1.2 0.1 3.2 08:29 S 21 19.5 25.4 14:40 11.7 23:47 0.7 1.8 16.0 0.2 19.3 23:28 N 22 11.0 14.7 16:58 8.8 07:22 6.8 0.0 0.0 3.4 40.2 15:30 NW 23 14.6 21.1 14:45 7.8 02:36 4.3 0.6 0.0 4.4 25.7 14:04 SW 24 16.5 22.3 16:26 11.7 04:15 2.7 0.9 0.0 1.8 22.5 11:52 SE 25 17.0 22.0 14:54 12.7 06:59 2.3 1.0 0.0 1.6 16.1 15:06 SE 26 17.2 24.3 13:22 11.3 07:46 2.8 1.7 0.0 3.2 19.3 15:58 SW 27 18.5 26.1 14:26 12.4 06:53 1.8 2.1 0.0 2.6 19.3 15:06 W 28 18.1 25.7 12:26 11.5 07:02 2.1 1.9 0.0 2.2 12.9 13:48 WSW 29 18.9 25.5 13:25 13.3 07:30 1.6 2.1 0.0 2.1 16.0 09:46 SSW 30 17.2 20.0 13:50 15.1 23:59 1.3 0.2 0.0 1.7 17.7 09:46 SE ---------------------------------------------------------------------------------- 16.8 29.1 5 4.8 19 89.0 43.0 21.8 3.4 45.1 17 SW Max >= 27.0: 4 Max <= 0.0: 0 Min <= 0.0: 0 Min <= -18.0: 0 Max Rain: 16.0 on day 21 Days of Rain: 3 (>= 0.2 mm) 2 (>= 2.0 mm) 0 (>= 20.0 mm) Heat Base: 18.3 Cool Base: 18.3 Method: Integration