North Facing Camera Click On Play Button To View Live Image |
Sky Facing Camera Click On Image To View Full Screen In New Window |
NOAA-Style Climate Reports
Select a Year or Month report
2024: Jan Feb Mar Apr May Jun Jul Aug Sep Oct Nov Dec
2023: Jan Feb Mar Apr May Jun Jul Aug Sep Oct Nov Dec
2022: Jan Feb Mar Apr May Jun Jul Aug Sep Oct Nov Dec
2021: Jan Feb Mar Apr May Jun Jul Aug Sep Oct Nov Dec
2020: Jan Feb Mar Apr May Jun Jul Aug Sep Oct Nov Dec
2019: Jan Feb Mar Apr May Jun Jul Aug Sep Oct Nov Dec
2018: Jan Feb Mar Apr May Jun Jul Aug Sep Oct Nov Dec
2017: Jan Feb Mar Apr May Jun Jul Aug Sep Oct Nov Dec
2016: Jan Feb Mar Apr May Jun Jul Aug Sep Oct Nov Dec
2015: Jan Feb Mar Apr May Jun Jul Aug Sep Oct Nov Dec
2014: Jan Feb Mar Apr May Jun Jul Aug Sep Oct Nov Dec
2013: Jan Feb Mar Apr May Jun Jul Aug Sep Oct Nov Dec
2024: Jan Feb Mar Apr May Jun Jul Aug Sep Oct Nov Dec
2023: Jan Feb Mar Apr May Jun Jul Aug Sep Oct Nov Dec
2022: Jan Feb Mar Apr May Jun Jul Aug Sep Oct Nov Dec
2021: Jan Feb Mar Apr May Jun Jul Aug Sep Oct Nov Dec
2020: Jan Feb Mar Apr May Jun Jul Aug Sep Oct Nov Dec
2019: Jan Feb Mar Apr May Jun Jul Aug Sep Oct Nov Dec
2018: Jan Feb Mar Apr May Jun Jul Aug Sep Oct Nov Dec
2017: Jan Feb Mar Apr May Jun Jul Aug Sep Oct Nov Dec
2016: Jan Feb Mar Apr May Jun Jul Aug Sep Oct Nov Dec
2015: Jan Feb Mar Apr May Jun Jul Aug Sep Oct Nov Dec
2014: Jan Feb Mar Apr May Jun Jul Aug Sep Oct Nov Dec
2013: Jan Feb Mar Apr May Jun Jul Aug Sep Oct Nov Dec
Report for 2014 December
Monthly Climatological Summary for Dec 2014 Name: DW7240 City: Oshawa State: Ontario, Canada Elevation: 109 m Lat: N 43° 53' 49" Lon: W 078° 52' 26" Temperature (°C), Rain (mm), Wind Speed (km/h) Heat Cool Avg Mean Deg Deg Wind Dom Day Temp High Time Low Time Days Days Rain Speed High Time Dir ---------------------------------------------------------------------------------- 1 0.4 4.6 00:00 -6.6 23:55 17.7 0.0 0.0 12.3 41.8 17:41 WNW 2 -5.7 1.5 23:45 -10.0 06:08 24.0 0.0 0.0 7.6 25.7 21:00 E 3 1.7 3.1 13:20 0.0 23:58 16.5 0.0 0.0 11.3 43.5 15:43 WSW 4 -2.6 0.0 00:00 -5.1 21:54 20.8 0.0 0.0 6.4 33.8 01:28 NW 5 0.1 2.6 19:21 -4.4 00:00 18.0 0.0 0.0 5.0 30.6 10:57 E 6 2.3 5.3 14:17 -1.5 23:56 16.0 0.0 0.0 5.4 29.0 14:17 N 7 -4.1 -1.4 11:50 -7.2 07:51 21.8 0.0 0.0 5.4 24.1 07:42 NE 8 -1.1 2.8 23:58 -6.3 01:36 19.4 0.0 0.0 9.1 37.0 12:15 ESE 9 2.9 4.2 13:33 1.1 23:56 15.3 0.0 0.0 3.0 27.4 23:32 ENE 10 -2.0 1.1 00:00 -4.9 23:55 20.2 0.0 0.0 14.1 49.9 09:41 N 11 -5.5 -4.8 00:06 -6.3 23:48 23.5 0.0 5.9 8.5 33.8 00:54 NNW 12 -2.7 1.0 15:29 -7.4 01:35 20.8 0.0 0.0 5.2 32.2 12:00 NW 13 1.4 2.3 14:49 -1.1 00:11 16.9 0.0 0.0 4.8 22.5 11:50 W 14 2.3 3.2 13:27 1.5 23:55 16.0 0.0 0.2 2.3 19.6 12:10 W 15 2.2 3.4 13:15 0.9 01:27 15.8 0.0 0.0 2.3 19.3 21:57 ESE 16 3.2 4.3 17:11 2.0 07:59 15.0 0.0 7.4 6.8 30.6 09:01 E 17 3.2 4.7 09:38 0.1 23:58 15.1 0.0 2.3 7.5 30.6 14:57 W 18 -1.5 0.1 00:00 -4.4 23:01 19.6 0.0 0.0 10.7 37.0 05:40 NW 19 -4.0 -1.4 15:04 -5.9 07:00 22.2 0.0 0.0 6.9 25.7 00:25 NNW 20 -3.4 0.6 13:22 -7.9 07:12 21.7 0.0 0.0 2.5 14.5 12:29 W 21 -0.4 3.4 11:40 -2.3 05:22 18.7 0.0 0.0 1.2 14.5 13:28 SSW 22 0.3 1.3 13:58 -1.3 00:00 17.9 0.0 0.0 8.2 30.6 10:29 ESE 23 3.6 6.7 23:52 -0.1 00:12 14.6 0.0 0.0 6.4 35.4 11:39 E 24 7.9 9.8 21:28 6.4 04:44 10.3 0.0 3.3 4.5 61.2 23:52 ESE 25 4.9 7.4 00:00 4.1 23:38 13.3 0.0 0.3 18.9 70.8 00:25 WSW 26 4.0 5.7 14:27 0.9 23:49 14.3 0.0 0.0 8.4 30.6 00:19 WSW 27 5.3 8.2 18:48 0.9 00:01 12.7 0.0 0.0 4.8 33.8 19:56 SSW 28 2.7 7.7 00:13 -1.1 23:35 15.5 0.0 0.2 10.5 51.5 00:35 WNW 29 -2.5 0.3 01:49 -6.1 21:59 20.6 0.0 0.0 6.0 30.6 02:42 NW 30 -6.0 -3.7 15:48 -9.0 08:14 24.1 0.0 0.0 5.4 30.6 23:23 WNW 31 -6.9 -5.1 12:15 -9.4 07:10 25.2 0.0 0.0 13.2 45.1 21:17 WSW ---------------------------------------------------------------------------------- 0.0 9.8 24 -10.0 2 563.5 0.0 19.6 7.3 70.8 25 WNW Max >= 27.0: 0 Max <= 0.0: 6 Min <= 0.0: 22 Min <= -18.0: 0 Max Rain: 7.4 on day 16 Days of Rain: 7 (>= 0.2 mm) 4 (>= 2.0 mm) 0 (>= 20.0 mm) Heat Base: 18.3 Cool Base: 18.3 Method: Integration