North Facing Camera Click On Play Button To View Live Image |
Sky Facing Camera Click On Image To View Full Screen In New Window |
NOAA-Style Climate Reports
Select a Year or Month report
2024: Jan Feb Mar Apr May Jun Jul Aug Sep Oct Nov Dec
2023: Jan Feb Mar Apr May Jun Jul Aug Sep Oct Nov Dec
2022: Jan Feb Mar Apr May Jun Jul Aug Sep Oct Nov Dec
2021: Jan Feb Mar Apr May Jun Jul Aug Sep Oct Nov Dec
2020: Jan Feb Mar Apr May Jun Jul Aug Sep Oct Nov Dec
2019: Jan Feb Mar Apr May Jun Jul Aug Sep Oct Nov Dec
2018: Jan Feb Mar Apr May Jun Jul Aug Sep Oct Nov Dec
2017: Jan Feb Mar Apr May Jun Jul Aug Sep Oct Nov Dec
2016: Jan Feb Mar Apr May Jun Jul Aug Sep Oct Nov Dec
2015: Jan Feb Mar Apr May Jun Jul Aug Sep Oct Nov Dec
2014: Jan Feb Mar Apr May Jun Jul Aug Sep Oct Nov Dec
2013: Jan Feb Mar Apr May Jun Jul Aug Sep Oct Nov Dec
2024: Jan Feb Mar Apr May Jun Jul Aug Sep Oct Nov Dec
2023: Jan Feb Mar Apr May Jun Jul Aug Sep Oct Nov Dec
2022: Jan Feb Mar Apr May Jun Jul Aug Sep Oct Nov Dec
2021: Jan Feb Mar Apr May Jun Jul Aug Sep Oct Nov Dec
2020: Jan Feb Mar Apr May Jun Jul Aug Sep Oct Nov Dec
2019: Jan Feb Mar Apr May Jun Jul Aug Sep Oct Nov Dec
2018: Jan Feb Mar Apr May Jun Jul Aug Sep Oct Nov Dec
2017: Jan Feb Mar Apr May Jun Jul Aug Sep Oct Nov Dec
2016: Jan Feb Mar Apr May Jun Jul Aug Sep Oct Nov Dec
2015: Jan Feb Mar Apr May Jun Jul Aug Sep Oct Nov Dec
2014: Jan Feb Mar Apr May Jun Jul Aug Sep Oct Nov Dec
2013: Jan Feb Mar Apr May Jun Jul Aug Sep Oct Nov Dec
Report for 2015 January
Monthly Climatological Summary for Jan 2015 Name: DW7240 City: Oshawa State: Ontario, Canada Elevation: 109 m Lat: N 43° 53' 49" Lon: W 078° 52' 26" Temperature (°C), Rain (mm), Wind Speed (km/h) Heat Cool Avg Mean Deg Deg Wind Dom Day Temp High Time Low Time Days Days Rain Speed High Time Dir ---------------------------------------------------------------------------------- 1 -4.3 -1.2 23:16 -7.2 01:10 22.6 0.0 0.0 16.5 49.9 11:20 WSW 2 -3.8 -1.3 00:00 -8.2 23:58 22.1 0.0 0.0 7.7 41.8 11:22 WNW 3 -2.0 2.1 23:54 -8.3 00:12 20.3 0.0 7.4 8.9 43.5 15:41 ESE 4 1.8 4.2 12:19 -3.7 23:55 16.4 0.0 8.6 7.0 48.3 14:13 W 5 -9.6 -3.7 00:00 -12.6 22:13 27.8 0.0 0.3 14.4 51.5 11:19 W 6 -9.6 -6.6 12:35 -12.6 00:00 27.9 0.0 0.0 9.9 38.6 19:13 W 7 -15.9 -8.4 00:05 -20.4 23:28 34.2 0.0 0.0 11.8 45.1 09:38 NW 8 -11.2 -7.4 19:49 -20.2 00:00 29.5 0.0 0.0 15.2 56.3 19:08 WSW 9 -8.1 -4.0 12:59 -11.3 23:46 26.3 0.0 0.5 15.9 51.5 11:58 W 10 -11.2 -8.3 14:19 -14.0 07:14 29.5 0.0 0.0 14.8 38.6 10:11 WSW 11 -4.4 0.0 22:35 -12.4 00:42 22.7 0.0 0.0 6.9 30.6 17:10 WSW 12 -4.1 0.1 00:05 -15.3 23:58 22.4 0.0 1.5 7.7 38.6 15:54 NW 13 -15.6 -11.0 14:13 -21.2 06:44 33.9 0.0 0.0 4.1 25.7 02:20 NNE 14 -8.8 -3.7 13:33 -12.4 00:00 22.8 0.0 0.0 3.7 16.1 11:30 E 15 -6.4 -2.8 00:00 -12.3 01:30 20.4 0.0 0.0 10.5 45.1 19:10 WSW 16 -8.3 -2.6 01:02 -15.1 23:24 23.9 0.0 0.0 10.4 41.8 06:11 NW 17 -7.9 2.7 23:58 -16.2 03:10 25.8 0.0 0.0 7.1 37.0 10:29 ESE 18 3.4 5.4 05:22 0.9 23:40 14.2 0.0 0.5 10.3 42.3 11:05 SW 19 -3.5 0.9 00:00 -9.6 23:56 21.5 0.0 0.0 11.8 38.6 04:10 WNW 20 -10.4 -6.3 14:23 -14.2 07:07 28.7 0.0 0.0 4.9 20.9 11:14 NNW 21 -7.7 -3.9 15:31 -12.6 03:17 25.8 0.0 0.0 3.6 20.9 19:15 ENE 22 -4.8 -0.3 13:46 -10.2 06:07 21.1 0.0 0.0 5.4 25.7 15:57 NW 23 -1.5 0.7 14:24 -3.6 23:26 19.6 0.0 0.0 14.2 48.3 11:15 WSW 24 -2.0 -0.3 22:06 -4.6 01:35 20.2 0.0 0.0 5.7 29.0 23:47 W 25 -9.5 -0.6 00:00 -13.1 07:55 27.5 0.0 0.0 9.5 40.2 00:44 NNW 26 -11.1 -8.2 14:41 -14.9 08:03 29.3 0.0 0.0 6.9 29.0 15:27 ENE 27 -9.3 -5.1 15:53 -12.2 02:57 27.5 0.0 0.0 6.2 25.7 14:41 N 28 -8.0 -0.7 15:00 -13.6 06:55 22.6 0.0 0.0 3.3 20.9 16:04 NW 29 -2.3 0.2 17:19 -8.3 00:03 18.5 0.0 0.0 5.6 29.0 09:32 SSE 30 -9.9 -1.1 00:00 -17.0 23:57 26.8 0.0 0.0 11.1 48.3 07:15 NNW 31 -11.0 -3.0 23:52 -19.7 04:48 29.3 0.0 0.0 2.3 17.7 21:16 W ---------------------------------------------------------------------------------- -7.0 5.4 18 -21.2 13 761.1 0.0 18.8 8.9 56.3 8 W Max >= 27.0: 0 Max <= 0.0: 23 Min <= 0.0: 30 Min <= -18.0: 4 Max Rain: 8.6 on day 4 Days of Rain: 6 (>= 0.2 mm) 2 (>= 2.0 mm) 0 (>= 20.0 mm) Heat Base: 18.3 Cool Base: 18.3 Method: Integration