North Facing Camera Click On Play Button To View Live Image |
Sky Facing Camera Click On Image To View Full Screen In New Window |
NOAA-Style Climate Reports
Select a Year or Month report
2024: Jan Feb Mar Apr May Jun Jul Aug Sep Oct Nov Dec
2023: Jan Feb Mar Apr May Jun Jul Aug Sep Oct Nov Dec
2022: Jan Feb Mar Apr May Jun Jul Aug Sep Oct Nov Dec
2021: Jan Feb Mar Apr May Jun Jul Aug Sep Oct Nov Dec
2020: Jan Feb Mar Apr May Jun Jul Aug Sep Oct Nov Dec
2019: Jan Feb Mar Apr May Jun Jul Aug Sep Oct Nov Dec
2018: Jan Feb Mar Apr May Jun Jul Aug Sep Oct Nov Dec
2017: Jan Feb Mar Apr May Jun Jul Aug Sep Oct Nov Dec
2016: Jan Feb Mar Apr May Jun Jul Aug Sep Oct Nov Dec
2015: Jan Feb Mar Apr May Jun Jul Aug Sep Oct Nov Dec
2014: Jan Feb Mar Apr May Jun Jul Aug Sep Oct Nov Dec
2013: Jan Feb Mar Apr May Jun Jul Aug Sep Oct Nov Dec
2024: Jan Feb Mar Apr May Jun Jul Aug Sep Oct Nov Dec
2023: Jan Feb Mar Apr May Jun Jul Aug Sep Oct Nov Dec
2022: Jan Feb Mar Apr May Jun Jul Aug Sep Oct Nov Dec
2021: Jan Feb Mar Apr May Jun Jul Aug Sep Oct Nov Dec
2020: Jan Feb Mar Apr May Jun Jul Aug Sep Oct Nov Dec
2019: Jan Feb Mar Apr May Jun Jul Aug Sep Oct Nov Dec
2018: Jan Feb Mar Apr May Jun Jul Aug Sep Oct Nov Dec
2017: Jan Feb Mar Apr May Jun Jul Aug Sep Oct Nov Dec
2016: Jan Feb Mar Apr May Jun Jul Aug Sep Oct Nov Dec
2015: Jan Feb Mar Apr May Jun Jul Aug Sep Oct Nov Dec
2014: Jan Feb Mar Apr May Jun Jul Aug Sep Oct Nov Dec
2013: Jan Feb Mar Apr May Jun Jul Aug Sep Oct Nov Dec
Report for 2015 April
Monthly Climatological Summary for Apr 2015 Name: DW7240 City: Oshawa State: Ontario, Canada Elevation: 109 m Lat: N 43° 53' 49" Lon: W 078° 52' 26" Temperature (°C), Rain (mm), Wind Speed (km/h) Heat Cool Avg Mean Deg Deg Wind Dom Day Temp High Time Low Time Days Days Rain Speed High Time Dir ---------------------------------------------------------------------------------- 1 1.4 5.9 16:32 -3.3 06:57 16.9 0.0 0.0 3.4 24.1 14:37 WSW 2 7.4 14.7 12:42 0.4 00:00 10.9 0.0 3.0 3.2 25.7 15:57 SW 3 7.4 11.9 16:42 2.8 06:51 10.9 0.0 3.3 2.7 22.5 19:21 WNW 4 2.5 5.9 13:25 -0.4 07:21 15.6 0.0 0.3 5.7 30.6 12:42 NW 5 0.5 3.8 12:26 -3.2 05:35 17.7 0.0 0.0 4.0 27.4 00:56 W 6 3.3 9.5 13:20 -0.9 00:25 15.0 0.0 0.0 3.4 27.4 14:30 ESE 7 3.9 8.1 15:30 1.1 02:56 12.7 0.0 7.4 3.2 24.1 16:00 E 8 1.6 1.7 19:19 0.0 19:18 2.5 0.0 0.0 7.7 29.0 10:45 ENE 9 4.0 8.2 21:20 1.6 02:00 12.4 0.0 2.8 6.1 24.1 11:29 E 10 8.9 15.6 12:46 5.6 23:48 8.9 0.0 6.8 8.5 46.7 18:02 W 11 6.0 11.8 17:14 2.8 06:31 11.8 0.0 0.0 8.3 43.5 10:26 WNW 12 8.2 16.8 15:44 -0.3 06:59 9.2 0.0 0.0 0.6 16.1 17:10 SSW 13 11.3 18.3 14:31 5.0 06:13 6.8 0.0 2.3 3.5 35.4 20:08 W 14 10.2 18.1 15:10 1.3 06:40 8.1 0.0 0.0 3.2 25.7 12:39 WNW 15 10.0 16.3 14:21 4.1 06:39 8.3 0.0 0.0 3.9 24.1 09:44 NNW 16 9.7 16.7 16:47 4.3 06:10 8.5 0.0 0.0 3.5 27.4 10:12 SE 17 12.1 18.2 16:09 6.7 03:14 6.2 0.0 2.3 2.0 22.5 16:15 WSW 18 12.4 19.2 11:01 5.0 06:47 5.9 0.0 0.0 5.2 37.0 12:19 NNW 19 9.3 13.8 21:45 3.4 06:32 9.0 0.0 0.0 7.7 40.2 14:50 E 20 8.8 13.1 16:22 4.9 06:40 9.4 0.0 22.1 6.7 41.8 03:38 E 21 7.1 9.9 13:14 0.0 00:00 11.2 0.0 2.8 6.0 48.3 14:56 W 22 4.4 8.2 11:05 0.8 23:36 13.9 0.0 2.3 4.3 30.6 16:28 W 23 1.1 3.3 14:11 -0.7 05:54 16.5 0.0 0.2 8.1 37.0 10:39 WNW 24 2.2 6.2 14:00 -0.4 07:29 16.1 0.0 0.0 7.2 40.2 13:45 WNW 25 4.7 11.1 18:06 -1.9 06:36 13.6 0.0 0.0 3.0 22.5 14:22 WNW 26 8.4 12.8 16:01 5.0 05:05 9.9 0.0 0.0 5.1 29.0 17:37 NNW 27 8.8 14.1 17:25 4.7 08:33 8.4 0.0 0.0 5.9 25.7 09:23 N 28 12.6 19.5 15:23 6.0 06:04 5.8 0.2 0.0 8.5 30.6 15:58 NNW 29 13.6 19.3 14:54 6.9 06:29 4.7 0.0 0.0 6.0 30.6 00:32 NW 30 13.1 17.3 18:22 8.2 06:28 5.2 0.0 0.0 3.3 24.1 13:29 ESE ---------------------------------------------------------------------------------- 7.2 19.5 28 -3.3 1 312.0 0.2 55.6 5.0 48.3 21 NW Max >= 27.0: 0 Max <= 0.0: 0 Min <= 0.0: 10 Min <= -18.0: 0 Max Rain: 22.1 on day 20 Days of Rain: 12 (>= 0.2 mm) 10 (>= 2.0 mm) 1 (>= 20.0 mm) Heat Base: 18.3 Cool Base: 18.3 Method: Integration