North Facing Camera Click On Play Button To View Live Image |
Sky Facing Camera Click On Image To View Full Screen In New Window |
NOAA-Style Climate Reports
Select a Year or Month report
2024: Jan Feb Mar Apr May Jun Jul Aug Sep Oct Nov Dec
2023: Jan Feb Mar Apr May Jun Jul Aug Sep Oct Nov Dec
2022: Jan Feb Mar Apr May Jun Jul Aug Sep Oct Nov Dec
2021: Jan Feb Mar Apr May Jun Jul Aug Sep Oct Nov Dec
2020: Jan Feb Mar Apr May Jun Jul Aug Sep Oct Nov Dec
2019: Jan Feb Mar Apr May Jun Jul Aug Sep Oct Nov Dec
2018: Jan Feb Mar Apr May Jun Jul Aug Sep Oct Nov Dec
2017: Jan Feb Mar Apr May Jun Jul Aug Sep Oct Nov Dec
2016: Jan Feb Mar Apr May Jun Jul Aug Sep Oct Nov Dec
2015: Jan Feb Mar Apr May Jun Jul Aug Sep Oct Nov Dec
2014: Jan Feb Mar Apr May Jun Jul Aug Sep Oct Nov Dec
2013: Jan Feb Mar Apr May Jun Jul Aug Sep Oct Nov Dec
2024: Jan Feb Mar Apr May Jun Jul Aug Sep Oct Nov Dec
2023: Jan Feb Mar Apr May Jun Jul Aug Sep Oct Nov Dec
2022: Jan Feb Mar Apr May Jun Jul Aug Sep Oct Nov Dec
2021: Jan Feb Mar Apr May Jun Jul Aug Sep Oct Nov Dec
2020: Jan Feb Mar Apr May Jun Jul Aug Sep Oct Nov Dec
2019: Jan Feb Mar Apr May Jun Jul Aug Sep Oct Nov Dec
2018: Jan Feb Mar Apr May Jun Jul Aug Sep Oct Nov Dec
2017: Jan Feb Mar Apr May Jun Jul Aug Sep Oct Nov Dec
2016: Jan Feb Mar Apr May Jun Jul Aug Sep Oct Nov Dec
2015: Jan Feb Mar Apr May Jun Jul Aug Sep Oct Nov Dec
2014: Jan Feb Mar Apr May Jun Jul Aug Sep Oct Nov Dec
2013: Jan Feb Mar Apr May Jun Jul Aug Sep Oct Nov Dec
Report for 2015 May
Monthly Climatological Summary for May 2015 Name: DW7240 City: Oshawa State: Ontario, Canada Elevation: 109 m Lat: N 43° 53' 49" Lon: W 078° 52' 26" Temperature (°C), Rain (mm), Wind Speed (km/h) Heat Cool Avg Mean Deg Deg Wind Dom Day Temp High Time Low Time Days Days Rain Speed High Time Dir ---------------------------------------------------------------------------------- 1 14.5 20.9 11:59 9.5 04:09 3.9 0.1 0.0 2.6 17.7 12:10 NNE 2 15.7 20.8 15:52 10.1 05:57 3.0 0.5 0.0 4.5 24.1 01:09 WNW 3 15.6 23.3 14:22 9.2 07:00 3.5 1.0 0.0 2.3 20.9 17:37 SW 4 15.6 21.3 11:47 9.8 05:50 3.0 0.3 0.5 1.7 24.1 11:48 WSW 5 13.9 17.7 14:57 9.4 06:56 4.4 0.0 0.0 2.5 24.1 10:39 ESE 6 15.7 23.1 14:35 8.8 02:36 3.7 1.1 0.0 2.8 24.1 11:21 SE 7 16.7 24.8 14:40 9.7 06:25 3.0 1.5 0.0 1.9 19.3 11:20 SSE 8 19.1 26.0 15:50 12.3 06:14 1.7 2.5 0.0 1.8 19.3 16:20 SSE 9 21.1 27.1 15:35 14.0 06:07 0.7 3.5 0.5 1.3 22.5 14:48 SSE 10 19.9 26.3 15:59 15.2 03:44 0.6 2.2 1.3 1.8 22.5 19:27 NNW 11 16.1 19.6 14:59 14.7 12:36 2.3 0.1 10.4 2.2 33.8 21:51 SE 12 14.2 18.6 11:18 11.2 23:57 4.1 0.0 0.3 5.7 41.8 10:36 W 13 10.4 14.9 17:40 7.1 05:52 7.9 0.0 0.0 5.7 30.6 00:19 NW 14 12.1 18.3 17:36 5.7 06:22 6.2 0.0 0.0 2.9 22.5 03:19 WSW 15 12.5 17.1 13:05 8.4 03:19 5.8 0.0 0.0 0.9 19.3 10:03 SE 16 17.1 23.9 15:57 11.9 04:39 2.3 1.2 0.0 2.3 24.1 22:51 WNW 17 17.7 23.4 12:52 12.8 06:30 2.0 1.4 0.5 1.8 19.3 16:34 SE 18 19.6 27.0 15:13 15.2 01:33 1.1 2.4 0.0 4.2 25.7 15:01 SSW 19 14.5 19.7 12:32 6.7 23:58 3.8 0.1 0.0 9.1 38.6 13:41 WNW 20 9.7 16.2 16:19 4.1 05:23 8.6 0.0 0.0 8.5 35.4 14:49 WNW 21 12.6 18.7 15:26 8.8 00:00 5.7 0.0 0.0 6.4 32.2 16:32 SW 22 10.3 15.0 12:58 4.9 23:58 8.0 0.0 0.5 8.8 49.9 15:35 NW 23 10.2 18.2 16:53 0.6 05:49 8.1 0.0 0.0 7.4 35.4 12:44 SW 24 16.2 25.3 14:50 6.3 06:07 3.8 1.7 0.0 3.2 24.1 14:37 SSW 25 18.4 23.0 18:28 15.6 04:58 1.0 1.1 0.8 3.2 25.7 19:40 S 26 20.8 27.6 15:05 14.3 06:32 0.7 3.2 0.0 5.0 30.6 14:43 SSW 27 19.8 25.8 14:19 14.4 23:55 0.5 2.0 0.0 9.3 45.1 14:37 SSW 28 19.1 24.9 14:09 13.4 00:33 1.3 2.1 0.0 7.2 35.4 08:20 WNW 29 20.1 25.8 13:21 13.1 06:10 1.2 2.9 0.0 2.5 22.5 18:36 SE 30 19.9 26.8 12:40 15.3 23:59 0.3 1.9 19.8 5.5 35.4 09:54 WSW 31 9.2 15.3 00:00 7.3 20:21 9.1 0.0 14.7 2.6 27.4 01:06 NNE ---------------------------------------------------------------------------------- 15.8 27.6 26 0.6 23 111.3 32.8 49.3 4.1 49.9 22 WSW Max >= 27.0: 3 Max <= 0.0: 0 Min <= 0.0: 0 Min <= -18.0: 0 Max Rain: 19.8 on day 30 Days of Rain: 10 (>= 0.2 mm) 3 (>= 2.0 mm) 0 (>= 20.0 mm) Heat Base: 18.3 Cool Base: 18.3 Method: Integration