North Facing Camera Click On Play Button To View Live Image |
Sky Facing Camera Click On Image To View Full Screen In New Window |
NOAA-Style Climate Reports
Select a Year or Month report
2024: Jan Feb Mar Apr May Jun Jul Aug Sep Oct Nov Dec
2023: Jan Feb Mar Apr May Jun Jul Aug Sep Oct Nov Dec
2022: Jan Feb Mar Apr May Jun Jul Aug Sep Oct Nov Dec
2021: Jan Feb Mar Apr May Jun Jul Aug Sep Oct Nov Dec
2020: Jan Feb Mar Apr May Jun Jul Aug Sep Oct Nov Dec
2019: Jan Feb Mar Apr May Jun Jul Aug Sep Oct Nov Dec
2018: Jan Feb Mar Apr May Jun Jul Aug Sep Oct Nov Dec
2017: Jan Feb Mar Apr May Jun Jul Aug Sep Oct Nov Dec
2016: Jan Feb Mar Apr May Jun Jul Aug Sep Oct Nov Dec
2015: Jan Feb Mar Apr May Jun Jul Aug Sep Oct Nov Dec
2014: Jan Feb Mar Apr May Jun Jul Aug Sep Oct Nov Dec
2013: Jan Feb Mar Apr May Jun Jul Aug Sep Oct Nov Dec
2024: Jan Feb Mar Apr May Jun Jul Aug Sep Oct Nov Dec
2023: Jan Feb Mar Apr May Jun Jul Aug Sep Oct Nov Dec
2022: Jan Feb Mar Apr May Jun Jul Aug Sep Oct Nov Dec
2021: Jan Feb Mar Apr May Jun Jul Aug Sep Oct Nov Dec
2020: Jan Feb Mar Apr May Jun Jul Aug Sep Oct Nov Dec
2019: Jan Feb Mar Apr May Jun Jul Aug Sep Oct Nov Dec
2018: Jan Feb Mar Apr May Jun Jul Aug Sep Oct Nov Dec
2017: Jan Feb Mar Apr May Jun Jul Aug Sep Oct Nov Dec
2016: Jan Feb Mar Apr May Jun Jul Aug Sep Oct Nov Dec
2015: Jan Feb Mar Apr May Jun Jul Aug Sep Oct Nov Dec
2014: Jan Feb Mar Apr May Jun Jul Aug Sep Oct Nov Dec
2013: Jan Feb Mar Apr May Jun Jul Aug Sep Oct Nov Dec
Report for 2015 June
Monthly Climatological Summary for Jun 2015 Name: DW7240 City: Oshawa State: Ontario, Canada Elevation: 109 m Lat: N 43° 53' 49" Lon: W 078° 52' 26" Temperature (°C), Rain (mm), Wind Speed (km/h) Heat Cool Avg Mean Deg Deg Wind Dom Day Temp High Time Low Time Days Days Rain Speed High Time Dir ---------------------------------------------------------------------------------- 1 12.3 16.1 13:06 8.2 00:00 6.0 0.0 0.0 2.7 17.7 07:24 SE 2 13.1 18.0 11:06 8.2 04:40 5.2 0.0 0.0 3.7 19.3 12:24 S 3 14.9 21.1 17:01 7.4 05:57 4.0 0.6 0.0 2.3 27.4 13:08 SE 4 17.4 22.4 15:54 11.6 05:54 2.0 1.1 0.0 2.3 19.3 14:04 SE 5 18.4 23.9 13:35 14.4 06:06 1.1 1.1 2.0 2.7 20.9 17:29 SW 6 14.4 18.1 14:28 10.3 06:24 3.7 0.0 0.0 4.0 29.0 01:57 SSE 7 15.2 22.1 15:09 7.8 05:37 3.7 0.7 2.3 2.9 24.1 15:56 SE 8 18.1 21.9 16:57 15.6 08:08 0.7 0.5 26.7 4.4 29.0 08:45 SW 9 18.5 23.4 18:18 14.6 06:45 1.0 1.2 0.2 3.4 29.0 17:30 NW 10 17.1 22.8 18:46 11.6 05:25 2.0 0.9 5.6 5.3 37.0 19:25 S 11 19.0 24.0 15:28 13.4 05:41 1.2 2.0 0.0 5.8 30.6 14:36 SW 12 16.8 19.2 12:21 14.9 23:58 1.5 0.0 18.6 1.3 16.1 16:24 NNE 13 18.6 24.1 16:05 12.6 05:10 1.7 1.9 0.0 2.8 17.7 12:06 SSW 14 17.8 21.9 11:43 14.6 03:53 0.9 0.4 5.6 0.9 17.7 11:17 SE 15 20.4 26.2 16:20 17.1 01:00 0.3 2.4 0.2 2.2 16.1 12:41 S 16 21.6 27.1 14:44 15.9 05:41 0.2 3.4 4.3 6.6 35.4 16:43 NW 17 18.7 22.4 13:26 14.7 05:25 0.9 1.3 0.0 3.2 29.0 09:27 ESE 18 20.5 27.1 15:44 13.9 05:54 0.9 3.1 1.6 3.5 25.7 19:54 SSW 19 17.9 21.6 11:56 13.3 23:52 1.1 0.7 0.0 4.2 24.1 04:56 SE 20 17.8 24.2 17:08 11.1 05:35 2.2 1.7 0.0 2.5 24.1 13:56 SE 21 22.0 28.6 13:15 17.1 06:10 0.1 3.8 0.0 5.0 33.8 17:45 WNW 22 20.8 26.9 15:45 14.9 05:57 0.7 3.1 22.6 3.3 22.5 13:02 S 23 21.4 26.3 11:26 17.3 00:05 0.0 3.2 21.8 9.1 45.1 11:17 W 24 19.5 24.9 16:47 14.1 05:38 1.1 2.3 0.0 5.7 22.5 04:44 WSW 25 18.1 22.0 12:12 15.8 04:47 0.7 0.5 1.5 1.3 14.5 10:55 SE 26 19.7 25.7 13:27 14.2 03:21 1.1 2.5 0.0 2.7 22.5 13:40 SE 27 16.8 19.2 08:24 13.4 23:56 1.7 0.1 19.6 3.7 43.5 23:41 E 28 14.2 17.3 15:51 12.7 06:39 4.1 0.0 10.9 2.8 49.9 00:46 ESE 29 19.2 24.3 17:17 14.7 00:52 1.2 2.1 0.0 4.7 30.6 13:12 WSW 30 16.8 19.9 11:05 14.4 04:37 1.6 0.1 0.8 1.1 17.7 18:58 ESE ---------------------------------------------------------------------------------- 17.9 28.6 21 7.4 3 52.6 40.7 144.3 3.5 49.9 28 SSW Max >= 27.0: 3 Max <= 0.0: 0 Min <= 0.0: 0 Min <= -18.0: 0 Max Rain: 26.7 on day 8 Days of Rain: 16 (>= 0.2 mm) 11 (>= 2.0 mm) 3 (>= 20.0 mm) Heat Base: 18.3 Cool Base: 18.3 Method: Integration