North Facing Camera Click On Play Button To View Live Image |
Sky Facing Camera Click On Image To View Full Screen In New Window |
NOAA-Style Climate Reports
Select a Year or Month report
2024: Jan Feb Mar Apr May Jun Jul Aug Sep Oct Nov Dec
2023: Jan Feb Mar Apr May Jun Jul Aug Sep Oct Nov Dec
2022: Jan Feb Mar Apr May Jun Jul Aug Sep Oct Nov Dec
2021: Jan Feb Mar Apr May Jun Jul Aug Sep Oct Nov Dec
2020: Jan Feb Mar Apr May Jun Jul Aug Sep Oct Nov Dec
2019: Jan Feb Mar Apr May Jun Jul Aug Sep Oct Nov Dec
2018: Jan Feb Mar Apr May Jun Jul Aug Sep Oct Nov Dec
2017: Jan Feb Mar Apr May Jun Jul Aug Sep Oct Nov Dec
2016: Jan Feb Mar Apr May Jun Jul Aug Sep Oct Nov Dec
2015: Jan Feb Mar Apr May Jun Jul Aug Sep Oct Nov Dec
2014: Jan Feb Mar Apr May Jun Jul Aug Sep Oct Nov Dec
2013: Jan Feb Mar Apr May Jun Jul Aug Sep Oct Nov Dec
2024: Jan Feb Mar Apr May Jun Jul Aug Sep Oct Nov Dec
2023: Jan Feb Mar Apr May Jun Jul Aug Sep Oct Nov Dec
2022: Jan Feb Mar Apr May Jun Jul Aug Sep Oct Nov Dec
2021: Jan Feb Mar Apr May Jun Jul Aug Sep Oct Nov Dec
2020: Jan Feb Mar Apr May Jun Jul Aug Sep Oct Nov Dec
2019: Jan Feb Mar Apr May Jun Jul Aug Sep Oct Nov Dec
2018: Jan Feb Mar Apr May Jun Jul Aug Sep Oct Nov Dec
2017: Jan Feb Mar Apr May Jun Jul Aug Sep Oct Nov Dec
2016: Jan Feb Mar Apr May Jun Jul Aug Sep Oct Nov Dec
2015: Jan Feb Mar Apr May Jun Jul Aug Sep Oct Nov Dec
2014: Jan Feb Mar Apr May Jun Jul Aug Sep Oct Nov Dec
2013: Jan Feb Mar Apr May Jun Jul Aug Sep Oct Nov Dec
Report for 2015 August
Monthly Climatological Summary for Aug 2015 Name: DW7240 City: Oshawa State: Ontario, Canada Elevation: 109 m Lat: N 43 53 49 Lon: W 078 52 26 Temperature (°C), Rain (mm), Wind Speed (km/h) Heat Cool Avg Mean Deg Deg Wind Dom Day Temp High Time Low Time Days Days Rain Speed High Time Dir ---------------------------------------------------------------------------------- 01 21.1 26.5 12:53 17.1 06:27 0.1 2.8 7.7 5.7 33.8 15:52 W 02 20.3 28.6 14:32 17.0 06:49 0.7 2.3 24.3 4.9 48.3 17:58 SW 03 20.5 27.7 16:30 16.1 06:13 0.6 2.4 2.6 5.4 30.6 02:06 WSW 04 19.9 24.9 11:57 17.5 01:24 0.2 1.7 4.3 3.7 20.9 12:17 SW 05 18.7 24.4 14:00 13.5 06:27 1.2 1.5 0.0 5.2 27.4 14:13 WNW 06 19.2 25.1 15:15 11.9 06:30 1.4 2.2 0.0 4.9 20.9 18:00 WSW 07 20.4 24.8 11:49 15.3 06:16 0.6 2.6 0.0 4.1 24.1 12:41 ESE 08 19.1 23.1 14:54 18.6 00:06 0.6 1.3 0.0 2.8 19.3 14:22 ESE 09 20.3 25.9 12:26 14.4 04:18 1.1 3.0 0.0 4.0 22.5 13:44 ESE 10 19.3 25.7 11:28 14.9 04:59 0.8 1.8 33.3 2.2 22.5 11:32 ESE 11 21.7 26.4 14:11 18.4 06:32 0.0 3.4 0.0 6.6 35.4 11:32 NW 12 19.8 24.1 15:18 16.2 23:55 0.4 1.9 0.0 6.6 35.4 10:33 NW 13 20.4 26.4 15:24 13.2 06:39 1.4 3.5 0.0 5.5 30.6 15:36 SSW 14 22.0 24.5 16:15 20.2 03:00 0.0 3.2 10.6 5.8 25.7 16:17 SW 15 23.1 29.1 12:00 17.3 06:05 0.1 4.7 0.3 2.8 20.9 12:39 WSW 16 24.9 31.0 11:55 18.4 06:13 0.0 6.2 0.0 4.8 27.4 15:40 SW 17 25.7 32.0 14:55 20.7 06:43 0.0 7.3 0.0 6.0 32.2 18:13 SSW 18 23.7 28.4 11:07 20.6 06:27 0.0 5.4 0.0 2.5 32.2 14:01 SSW 19 24.7 30.2 14:45 20.7 06:36 0.0 6.3 0.0 4.6 22.5 14:30 SE 20 23.4 25.3 11:42 20.3 23:57 0.0 5.0 7.8 8.0 40.2 11:51 SSW 21 19.5 23.5 17:42 15.7 04:43 0.5 1.7 0.0 4.6 32.2 10:22 W 22 19.0 25.1 14:27 12.2 06:28 1.7 2.4 0.0 3.0 22.5 13:53 SSW 23 19.8 25.1 15:20 13.9 04:43 1.1 2.6 0.0 4.2 25.7 10:31 ESE 24 21.4 24.0 11:13 19.2 23:55 0.0 3.1 0.0 7.4 37.0 12:52 SW 25 18.3 22.3 12:02 15.7 07:15 0.9 0.9 0.0 6.0 32.2 14:12 WSW 26 17.9 22.3 12:23 15.8 06:13 1.1 0.7 0.0 5.0 24.1 13:32 W 27 17.1 21.1 16:04 13.7 23:59 1.7 0.5 0.0 3.6 22.5 12:57 NW 28 17.4 23.7 15:31 10.5 06:26 2.5 1.6 0.0 2.7 22.5 13:45 SSW 29 18.8 24.5 16:26 14.2 06:51 1.2 1.7 0.0 1.9 16.1 12:06 SSW 30 21.9 27.4 14:17 18.2 01:10 0.0 3.5 0.0 1.7 17.7 15:40 S 31 23.1 28.2 14:10 17.5 04:37 0.1 4.9 0.0 3.8 24.1 14:00 SW ---------------------------------------------------------------------------------- 20.7 32.0 17 10.5 28 20.0 92.1 90.9 4.5 48.3 2 SW Max >= 27.0 9 Max <= 0.0 0 Min <= 0.0 0 Min <= -18.0 0 Max Rain: 33.3 on day 10 Days of Rain: 8 (>= 0.2 mm) 7 (>= 2.0 mm) 2 (>= 20.0 mm) Heat Base: 18.3 Cool Base: 18.3 Method: Integration