North Facing Camera Click On Play Button To View Live Image |
Sky Facing Camera Click On Image To View Full Screen In New Window |
NOAA-Style Climate Reports
Select a Year or Month report
2024: Jan Feb Mar Apr May Jun Jul Aug Sep Oct Nov Dec
2023: Jan Feb Mar Apr May Jun Jul Aug Sep Oct Nov Dec
2022: Jan Feb Mar Apr May Jun Jul Aug Sep Oct Nov Dec
2021: Jan Feb Mar Apr May Jun Jul Aug Sep Oct Nov Dec
2020: Jan Feb Mar Apr May Jun Jul Aug Sep Oct Nov Dec
2019: Jan Feb Mar Apr May Jun Jul Aug Sep Oct Nov Dec
2018: Jan Feb Mar Apr May Jun Jul Aug Sep Oct Nov Dec
2017: Jan Feb Mar Apr May Jun Jul Aug Sep Oct Nov Dec
2016: Jan Feb Mar Apr May Jun Jul Aug Sep Oct Nov Dec
2015: Jan Feb Mar Apr May Jun Jul Aug Sep Oct Nov Dec
2014: Jan Feb Mar Apr May Jun Jul Aug Sep Oct Nov Dec
2013: Jan Feb Mar Apr May Jun Jul Aug Sep Oct Nov Dec
2024: Jan Feb Mar Apr May Jun Jul Aug Sep Oct Nov Dec
2023: Jan Feb Mar Apr May Jun Jul Aug Sep Oct Nov Dec
2022: Jan Feb Mar Apr May Jun Jul Aug Sep Oct Nov Dec
2021: Jan Feb Mar Apr May Jun Jul Aug Sep Oct Nov Dec
2020: Jan Feb Mar Apr May Jun Jul Aug Sep Oct Nov Dec
2019: Jan Feb Mar Apr May Jun Jul Aug Sep Oct Nov Dec
2018: Jan Feb Mar Apr May Jun Jul Aug Sep Oct Nov Dec
2017: Jan Feb Mar Apr May Jun Jul Aug Sep Oct Nov Dec
2016: Jan Feb Mar Apr May Jun Jul Aug Sep Oct Nov Dec
2015: Jan Feb Mar Apr May Jun Jul Aug Sep Oct Nov Dec
2014: Jan Feb Mar Apr May Jun Jul Aug Sep Oct Nov Dec
2013: Jan Feb Mar Apr May Jun Jul Aug Sep Oct Nov Dec
Report for 2015 October
Monthly Climatological Summary for Oct 2015 Name: DW7240 City: Oshawa State: Ontario, Canada Elevation: 109 m Lat: N 43 53 49 Lon: W 078 52 26 Temperature (°C), Rain (mm), Wind Speed (km/h) Heat Cool Avg Mean Deg Deg Wind Dom Day Temp High Time Low Time Days Days Rain Speed High Time Dir ---------------------------------------------------------------------------------- 01 10.1 15.7 16:23 5.3 07:04 8.2 0.0 0.2 7.4 30.6 11:45 NE 02 9.1 12.0 16:50 5.9 06:38 9.2 0.0 0.0 9.0 33.8 12:44 ENE 03 9.3 12.1 13:55 6.7 07:42 8.5 0.0 0.0 14.4 48.3 09:42 ENE 04 12.3 14.3 10:28 10.3 03:29 5.8 0.0 0.0 8.2 33.8 10:22 E 05 13.4 17.3 14:48 9.8 01:41 4.8 0.0 0.0 1.9 11.3 10:20 E 06 14.2 16.8 14:09 12.2 23:58 4.1 0.0 0.0 2.8 22.5 14:45 WNW 07 14.2 21.3 14:48 9.7 01:51 4.3 0.2 0.2 2.5 24.1 18:30 WNW 08 11.2 15.2 12:57 7.4 07:37 7.0 0.0 4.6 4.8 25.7 14:27 E 09 11.6 16.2 11:50 6.3 23:57 6.7 0.0 10.4 4.7 38.6 13:43 NNW 10 9.8 14.4 16:24 3.4 07:27 8.5 0.0 0.0 4.6 32.2 21:06 SW 11 15.8 21.0 13:14 10.6 05:20 2.9 0.4 0.0 9.1 41.8 12:16 SW 12 17.8 22.3 16:07 14.3 07:54 1.4 0.9 0.0 6.8 32.2 12:03 SSW 13 15.4 18.3 12:17 12.2 00:00 2.9 0.0 2.6 9.3 38.6 13:09 WSW 14 10.0 12.9 16:25 5.9 23:46 5.2 0.0 2.6 7.0 32.2 12:15 WNW 15 9.3 17.0 15:35 2.3 06:22 8.9 0.0 3.0 6.1 51.5 19:45 WSW 16 8.0 13.9 13:19 4.2 22:24 10.3 0.0 3.2 6.5 40.2 15:51 WNW 17 2.8 7.0 14:03 -1.4 23:41 15.5 0.0 0.0 5.9 29.0 12:48 NW 18 2.1 7.3 14:19 -2.3 04:50 16.0 0.0 0.0 3.3 25.7 12:08 NNW 19 6.1 13.9 21:37 -3.0 06:54 12.2 0.0 8.2 8.1 48.2 22:30 SW 20 13.1 16.4 15:35 9.4 00:41 5.1 0.0 1.2 5.1 25.7 03:08 WSW 21 10.2 12.8 00:00 8.9 18:43 8.1 0.0 0.4 4.5 25.7 11:23 E 22 12.2 16.6 13:28 7.1 23:59 6.1 0.0 1.4 6.4 40.2 10:21 NW 23 5.1 9.4 14:55 0.3 07:15 13.1 0.0 0.0 3.3 17.7 00:10 ENE 24 9.6 13.2 23:23 5.7 00:00 8.7 0.0 6.8 5.6 35.4 03:51 ESE 25 10.4 13.9 02:06 4.4 23:16 7.8 0.0 0.2 8.6 43.5 07:54 WNW 26 5.2 10.4 14:53 0.9 04:19 13.0 0.0 0.0 2.6 24.1 15:42 ESE 27 6.8 10.9 14:28 2.7 01:01 11.4 0.0 0.0 4.6 27.4 22:25 ENE 28 10.7 14.4 22:59 7.5 00:00 7.6 0.0 29.4 10.3 45.1 12:28 E 29 9.9 13.9 00:00 7.7 18:35 8.3 0.0 0.4 15.4 64.4 09:04 WSW 30 6.1 10.6 15:22 1.6 23:48 12.2 0.0 0.0 3.5 30.6 00:25 WNW 31 5.5 9.9 15:12 -1.0 04:42 12.8 0.0 0.2 3.3 27.4 22:04 ESE ---------------------------------------------------------------------------------- 9.9 22.3 12 -3.0 19 256.6 1.5 75.0 6.3 64.4 29 WNW Max >= 27.0 0 Max <= 0.0 0 Min <= 0.0 4 Min <= -18.0 0 Max Rain: 29.4 on day 28 Days of Rain: 17 (>= 0.2 mm) 9 (>= 2.0 mm) 1 (>= 20.0 mm) Heat Base: 18.3 Cool Base: 18.3 Method: Integration