North Facing Camera Click On Play Button To View Live Image |
Sky Facing Camera Click On Image To View Full Screen In New Window |
NOAA-Style Climate Reports
Select a Year or Month report
2024: Jan Feb Mar Apr May Jun Jul Aug Sep Oct Nov Dec
2023: Jan Feb Mar Apr May Jun Jul Aug Sep Oct Nov Dec
2022: Jan Feb Mar Apr May Jun Jul Aug Sep Oct Nov Dec
2021: Jan Feb Mar Apr May Jun Jul Aug Sep Oct Nov Dec
2020: Jan Feb Mar Apr May Jun Jul Aug Sep Oct Nov Dec
2019: Jan Feb Mar Apr May Jun Jul Aug Sep Oct Nov Dec
2018: Jan Feb Mar Apr May Jun Jul Aug Sep Oct Nov Dec
2017: Jan Feb Mar Apr May Jun Jul Aug Sep Oct Nov Dec
2016: Jan Feb Mar Apr May Jun Jul Aug Sep Oct Nov Dec
2015: Jan Feb Mar Apr May Jun Jul Aug Sep Oct Nov Dec
2014: Jan Feb Mar Apr May Jun Jul Aug Sep Oct Nov Dec
2013: Jan Feb Mar Apr May Jun Jul Aug Sep Oct Nov Dec
2024: Jan Feb Mar Apr May Jun Jul Aug Sep Oct Nov Dec
2023: Jan Feb Mar Apr May Jun Jul Aug Sep Oct Nov Dec
2022: Jan Feb Mar Apr May Jun Jul Aug Sep Oct Nov Dec
2021: Jan Feb Mar Apr May Jun Jul Aug Sep Oct Nov Dec
2020: Jan Feb Mar Apr May Jun Jul Aug Sep Oct Nov Dec
2019: Jan Feb Mar Apr May Jun Jul Aug Sep Oct Nov Dec
2018: Jan Feb Mar Apr May Jun Jul Aug Sep Oct Nov Dec
2017: Jan Feb Mar Apr May Jun Jul Aug Sep Oct Nov Dec
2016: Jan Feb Mar Apr May Jun Jul Aug Sep Oct Nov Dec
2015: Jan Feb Mar Apr May Jun Jul Aug Sep Oct Nov Dec
2014: Jan Feb Mar Apr May Jun Jul Aug Sep Oct Nov Dec
2013: Jan Feb Mar Apr May Jun Jul Aug Sep Oct Nov Dec
Report for 2015 November
Monthly Climatological Summary for Nov 2015 Name: DW7240 City: Oshawa State: Ontario, Canada Elevation: 109 m Lat: N 43 53 48 Lon: W 078 52 26 Temperature (°C), Rain (mm), Wind Speed (km/h) Heat Cool Avg Mean Deg Deg Wind Dom Day Temp High Time Low Time Days Days Rain Speed High Time Dir ---------------------------------------------------------------------------------- 01 11.5 15.4 13:43 8.6 01:13 7.0 0.0 4.0 10.5 51.5 14:23 WSW 02 9.8 15.8 14:12 3.7 04:56 8.5 0.0 0.0 2.5 17.7 00:29 SSW 03 11.9 19.3 14:48 5.5 04:48 6.5 0.1 0.0 1.7 19.3 12:33 SSW 04 11.9 16.9 11:24 8.9 23:47 6.4 0.0 0.0 3.3 17.7 12:01 ESE 05 13.6 20.8 12:29 8.9 00:58 4.9 0.2 0.0 1.2 14.5 12:28 SSE 06 14.7 19.8 13:23 8.7 23:48 3.7 0.1 0.6 10.3 49.9 08:48 W 07 7.5 13.8 12:22 2.7 23:50 10.8 0.0 0.2 6.1 41.8 13:12 WNW 08 5.1 11.7 12:51 -0.2 06:54 13.0 0.0 0.0 4.2 29.0 14:27 WSW 09 4.7 11.7 14:13 -1.4 06:55 13.6 0.0 0.0 2.0 17.7 10:30 SSW 10 7.3 10.3 13:14 1.3 00:18 11.0 0.0 3.6 5.4 24.1 11:35 ENE 11 8.7 11.3 15:51 4.3 23:53 9.6 0.0 2.6 0.2 14.5 14:00 NNE 12 8.4 11.2 13:44 4.4 00:00 9.8 0.0 1.2 9.6 57.9 14:32 SW 13 7.5 10.8 00:00 2.0 23:59 10.7 0.0 0.0 18.2 54.7 01:37 W 14 2.8 5.7 13:29 0.1 23:23 15.4 0.0 0.0 9.2 43.5 11:48 WNW 15 5.6 12.4 13:53 -1.2 06:44 12.7 0.0 0.0 3.3 29.0 12:59 SW 16 6.8 12.1 10:45 2.1 05:07 11.6 0.0 0.0 4.1 24.1 11:58 ESE 17 5.6 10.0 14:07 1.6 07:38 12.7 0.0 0.0 11.8 35.4 12:50 E 18 10.8 13.3 11:33 7.8 00:50 7.5 0.0 1.0 8.1 27.4 01:13 ESE 19 12.7 16.1 11:40 6.4 23:59 5.5 0.0 1.8 10.9 48.3 13:21 SW 20 4.2 7.6 11:44 -0.7 22:49 13.9 0.0 0.0 9.8 43.5 13:05 WSW 21 3.9 7.1 23:38 -0.2 00:00 14.4 0.0 0.6 5.9 45.1 19:48 SE 22 -1.7 0.9 16:13 -4.3 23:59 6.3 0.0 0.0 15.7 29.0 16:25 NW 23 -1.2 3.4 13:34 -6.8 05:41 19.4 0.0 1.2 ---- 24.1 13:24 SW 24 1.7 6.4 13:43 -2.1 07:41 16.6 0.0 0.0 ---- 17.7 13:22 WSW 25 3.2 7.6 23:09 -2.3 02:21 15.1 0.0 0.0 ---- 27.4 16:46 E 26 9.2 12.6 20:37 4.7 05:06 9.1 0.0 0.0 ---- 27.4 15:17 SSW 27 8.9 12.8 05:28 1.7 23:43 9.4 0.0 2.2 ---- 37.0 16:50 W 28 -0.5 1.7 00:00 -4.8 23:58 18.8 0.0 0.2 ---- 20.9 13:40 N 29 -0.6 4.3 12:59 -6.1 03:56 18.8 0.0 0.0 ---- 22.5 22:47 NE 30 0.0 2.4 14:00 -1.5 03:13 18.3 0.0 0.0 ---- 29.0 00:38 ENE ---------------------------------------------------------------------------------- 6.5 20.8 5 -6.8 23 341.0 0.4 19.2 6.8 57.9 12 WSW Max >= 27.0 0 Max <= 0.0 0 Min <= 0.0 12 Min <= -18.0 0 Max Rain: 4.0 on day 1 Days of Rain: 12 (>= 0.2 mm) 4 (>= 2.0 mm) 0 (>= 20.0 mm) Heat Base: 18.3 Cool Base: 18.3 Method: Integration