North Facing Camera Click On Play Button To View Live Image |
Sky Facing Camera Click On Image To View Full Screen In New Window |
NOAA-Style Climate Reports
Select a Year or Month report
2024: Jan Feb Mar Apr May Jun Jul Aug Sep Oct Nov Dec
2023: Jan Feb Mar Apr May Jun Jul Aug Sep Oct Nov Dec
2022: Jan Feb Mar Apr May Jun Jul Aug Sep Oct Nov Dec
2021: Jan Feb Mar Apr May Jun Jul Aug Sep Oct Nov Dec
2020: Jan Feb Mar Apr May Jun Jul Aug Sep Oct Nov Dec
2019: Jan Feb Mar Apr May Jun Jul Aug Sep Oct Nov Dec
2018: Jan Feb Mar Apr May Jun Jul Aug Sep Oct Nov Dec
2017: Jan Feb Mar Apr May Jun Jul Aug Sep Oct Nov Dec
2016: Jan Feb Mar Apr May Jun Jul Aug Sep Oct Nov Dec
2015: Jan Feb Mar Apr May Jun Jul Aug Sep Oct Nov Dec
2014: Jan Feb Mar Apr May Jun Jul Aug Sep Oct Nov Dec
2013: Jan Feb Mar Apr May Jun Jul Aug Sep Oct Nov Dec
2024: Jan Feb Mar Apr May Jun Jul Aug Sep Oct Nov Dec
2023: Jan Feb Mar Apr May Jun Jul Aug Sep Oct Nov Dec
2022: Jan Feb Mar Apr May Jun Jul Aug Sep Oct Nov Dec
2021: Jan Feb Mar Apr May Jun Jul Aug Sep Oct Nov Dec
2020: Jan Feb Mar Apr May Jun Jul Aug Sep Oct Nov Dec
2019: Jan Feb Mar Apr May Jun Jul Aug Sep Oct Nov Dec
2018: Jan Feb Mar Apr May Jun Jul Aug Sep Oct Nov Dec
2017: Jan Feb Mar Apr May Jun Jul Aug Sep Oct Nov Dec
2016: Jan Feb Mar Apr May Jun Jul Aug Sep Oct Nov Dec
2015: Jan Feb Mar Apr May Jun Jul Aug Sep Oct Nov Dec
2014: Jan Feb Mar Apr May Jun Jul Aug Sep Oct Nov Dec
2013: Jan Feb Mar Apr May Jun Jul Aug Sep Oct Nov Dec
Report for 2015 December
Monthly Climatological Summary for Dec 2015 Name: DW7240 City: Oshawa State: Ontario, Canada Elevation: 109 m Lat: N 43 53 48 Lon: W 078 52 26 Temperature (°C), Rain (mm), Wind Speed (km/h) Heat Cool Avg Mean Deg Deg Wind Dom Day Temp High Time Low Time Days Days Rain Speed High Time Dir ---------------------------------------------------------------------------------- 01 4.8 8.5 22:01 0.0 00:00 13.4 0.0 1.2 7.4 41.8 11:44 E 02 5.0 8.4 00:10 0.8 23:57 13.2 0.0 0.6 3.4 20.9 15:14 NNW 03 3.6 6.9 13:47 0.6 00:48 14.7 0.0 0.0 7.6 33.8 14:21 WNW 04 5.7 7.1 13:15 4.4 00:00 12.6 0.0 0.0 8.9 37.0 07:11 W 05 3.9 7.5 13:50 0.7 23:55 14.4 0.0 0.0 2.5 19.3 12:19 WSW 06 2.7 3.9 14:47 0.8 19:15 8.7 0.0 0.0 0.0 16.1 12:13 SW 07 2.1 4.9 14:02 -2.9 07:00 15.9 0.0 0.0 ---- 9.7 00:44 W 08 4.8 6.4 12:34 3.7 01:08 13.3 0.0 0.0 ---- 24.1 13:21 SSE 09 7.2 10.2 14:02 2.8 07:31 11.1 0.0 1.2 ---- 25.7 21:34 SSE 10 7.7 9.1 20:06 5.1 07:31 10.6 0.0 0.0 ---- 19.3 19:58 S 11 9.2 12.5 14:21 5.6 23:47 8.8 0.0 0.0 ---- 46.7 12:19 WSW 12 5.9 9.3 14:25 0.7 06:31 12.2 0.0 0.4 ---- 14.5 12:30 NE 13 6.1 8.1 00:00 4.7 16:32 12.2 0.0 0.2 ---- 25.7 15:04 E 14 10.8 14.9 12:30 6.7 00:10 7.5 0.0 5.2 ---- 45.1 19:38 ESE 15 6.6 9.8 02:45 2.1 22:36 11.7 0.0 0.0 ---- 45.1 07:25 WNW 16 2.6 6.7 23:59 0.3 05:30 15.3 0.0 0.0 ---- 27.4 10:35 E 17 7.0 11.1 12:50 3.3 23:59 11.3 0.0 1.0 ---- 32.2 09:39 WSW 18 2.0 3.3 00:00 -0.9 23:57 16.3 0.0 0.0 ---- 33.8 21:35 W 19 -1.7 -0.5 12:20 -3.2 07:50 20.0 0.0 0.0 ---- 45.1 14:39 W 20 1.4 4.7 23:28 -2.2 08:11 16.8 0.0 0.0 ---- 37.0 15:22 SW 21 6.1 7.7 22:40 4.2 00:51 12.2 0.0 3.8 ---- 33.8 11:51 SW 22 8.7 11.7 14:37 7.3 00:00 9.6 0.0 1.2 ---- 19.3 12:26 SW 23 9.5 13.2 21:19 5.5 05:48 8.8 0.0 0.0 ---- 33.8 21:10 ESE 24 9.8 14.3 11:08 4.5 19:46 8.5 0.0 0.4 ---- 51.5 10:15 SW 25 6.0 9.9 14:39 0.7 23:48 12.3 0.0 0.0 ---- 20.9 16:09 NW 26 2.0 4.3 12:59 -1.7 07:08 16.4 0.0 0.0 ---- 30.6 17:59 ENE 27 1.8 3.1 00:00 -1.3 23:49 16.5 0.0 2.0 ---- 35.4 15:38 N 28 -5.4 -1.3 00:00 -7.2 20:07 23.3 0.0 0.0 ---- 53.1 23:45 ENE 29 0.1 2.3 07:38 -5.1 00:00 18.2 0.0 9.2 ---- 48.3 00:51 E 30 2.4 5.1 13:02 0.3 00:11 15.8 0.0 0.4 ---- 22.5 13:26 WSW 31 1.3 1.9 00:00 -0.2 23:55 17.0 0.0 1.0 ---- 33.8 17:16 W ---------------------------------------------------------------------------------- 4.5 14.9 14 -7.2 28 418.6 0.0 27.8 5.9 53.1 28 WNW Max >= 27.0 0 Max <= 0.0 2 Min <= 0.0 10 Min <= -18.0 0 Max Rain: 9.2 on day 29 Days of Rain: 14 (>= 0.2 mm) 4 (>= 2.0 mm) 0 (>= 20.0 mm) Heat Base: 18.3 Cool Base: 18.3 Method: Integration