North Facing Camera Click On Play Button To View Live Image |
Sky Facing Camera Click On Image To View Full Screen In New Window |
NOAA-Style Climate Reports
Select a Year or Month report
2024: Jan Feb Mar Apr May Jun Jul Aug Sep Oct Nov Dec
2023: Jan Feb Mar Apr May Jun Jul Aug Sep Oct Nov Dec
2022: Jan Feb Mar Apr May Jun Jul Aug Sep Oct Nov Dec
2021: Jan Feb Mar Apr May Jun Jul Aug Sep Oct Nov Dec
2020: Jan Feb Mar Apr May Jun Jul Aug Sep Oct Nov Dec
2019: Jan Feb Mar Apr May Jun Jul Aug Sep Oct Nov Dec
2018: Jan Feb Mar Apr May Jun Jul Aug Sep Oct Nov Dec
2017: Jan Feb Mar Apr May Jun Jul Aug Sep Oct Nov Dec
2016: Jan Feb Mar Apr May Jun Jul Aug Sep Oct Nov Dec
2015: Jan Feb Mar Apr May Jun Jul Aug Sep Oct Nov Dec
2014: Jan Feb Mar Apr May Jun Jul Aug Sep Oct Nov Dec
2013: Jan Feb Mar Apr May Jun Jul Aug Sep Oct Nov Dec
2024: Jan Feb Mar Apr May Jun Jul Aug Sep Oct Nov Dec
2023: Jan Feb Mar Apr May Jun Jul Aug Sep Oct Nov Dec
2022: Jan Feb Mar Apr May Jun Jul Aug Sep Oct Nov Dec
2021: Jan Feb Mar Apr May Jun Jul Aug Sep Oct Nov Dec
2020: Jan Feb Mar Apr May Jun Jul Aug Sep Oct Nov Dec
2019: Jan Feb Mar Apr May Jun Jul Aug Sep Oct Nov Dec
2018: Jan Feb Mar Apr May Jun Jul Aug Sep Oct Nov Dec
2017: Jan Feb Mar Apr May Jun Jul Aug Sep Oct Nov Dec
2016: Jan Feb Mar Apr May Jun Jul Aug Sep Oct Nov Dec
2015: Jan Feb Mar Apr May Jun Jul Aug Sep Oct Nov Dec
2014: Jan Feb Mar Apr May Jun Jul Aug Sep Oct Nov Dec
2013: Jan Feb Mar Apr May Jun Jul Aug Sep Oct Nov Dec
Report for 2016 February
Monthly Climatological Summary for Feb 2016 Name: DW7240 City: Oshawa State: Ontario, Canada Elevation: 109 m Lat: N 43 53 48 Lon: W 078 52 26 Temperature (°C), Rain (mm), Wind Speed (km/h) Heat Cool Avg Mean Deg Deg Wind Dom Day Temp High Time Low Time Days Days Rain Speed High Time Dir ---------------------------------------------------------------------------------- 01 5.2 8.9 02:11 2.0 23:53 12.9 0.0 0.0 10.7 35.4 03:36 W 02 1.4 3.7 11:56 0.4 19:37 16.6 0.0 0.8 7.0 40.2 20:37 ENE 03 6.4 11.9 18:00 0.8 00:45 11.9 0.0 5.0 9.4 51.5 18:39 S 04 2.1 4.7 14:37 -1.3 23:43 16.2 0.0 0.0 10.1 38.6 03:05 W 05 -0.8 1.9 12:43 -4.2 07:57 19.1 0.0 0.0 5.5 27.4 22:31 W 06 1.5 4.0 16:26 -0.7 08:20 16.8 0.0 0.0 9.0 35.4 13:40 WSW 07 1.6 5.0 11:32 -3.2 07:08 16.7 0.0 0.0 7.0 30.6 18:59 ESE 08 1.2 2.7 00:00 -2.3 23:59 17.1 0.0 0.0 11.3 37.0 09:08 E 09 -2.2 -0.1 14:46 -3.8 01:40 20.5 0.0 0.8 7.7 32.2 04:04 ENE 10 -4.2 -1.3 03:06 -10.3 23:55 22.4 0.0 0.2 9.5 41.8 21:00 WNW 11 -13.0 -9.3 14:20 -17.2 07:49 31.3 0.0 0.0 10.5 46.7 13:02 NW 12 -7.9 -3.0 14:23 -13.7 23:56 26.2 0.0 0.0 11.5 45.1 11:48 W 13 -21.3 -13.7 00:00 -26.4 07:49 39.7 0.0 0.0 11.2 40.2 14:52 NNW 14 -17.7 -11.1 16:32 -24.6 05:24 36.0 0.0 0.0 3.2 17.7 13:11 SE 15 -6.0 -0.4 23:48 -13.5 00:00 24.3 0.0 0.2 9.9 35.4 20:58 SE 16 -1.0 0.0 15:44 -1.6 06:28 19.2 0.0 4.2 4.9 32.2 18:09 NW 17 -3.5 -0.7 09:44 -11.4 23:57 21.8 0.0 0.2 8.2 45.1 12:44 WNW 18 -9.6 -3.4 15:23 -15.9 07:15 27.9 0.0 0.0 3.1 20.9 16:42 SW 19 -0.2 6.9 23:25 -9.2 00:00 18.5 0.0 1.0 7.2 37.0 23:17 ESE 20 7.5 12.2 12:51 4.7 23:41 10.8 0.0 1.0 12.5 48.3 01:39 W 21 3.2 6.8 12:52 -0.7 23:44 15.1 0.0 0.0 5.9 32.2 13:18 NW 22 -2.1 1.4 14:52 -4.8 23:46 20.4 0.0 0.0 4.7 22.5 03:08 NNE 23 -2.1 1.6 12:11 -5.9 07:27 20.4 0.0 0.0 6.8 22.5 14:52 E 24 0.5 2.4 22:25 -1.2 05:10 17.7 0.0 13.6 13.1 38.6 16:31 ENE 25 -0.5 2.3 00:05 -6.4 23:58 18.8 0.0 1.0 10.3 49.9 18:57 NNW 26 -7.2 -3.3 13:46 -11.8 07:10 25.5 0.0 0.0 10.9 45.1 01:40 NW 27 0.3 5.2 23:46 -8.2 01:49 17.7 0.0 0.0 13.8 59.5 12:53 SW 28 6.3 11.6 14:21 1.7 06:42 12.0 0.0 0.2 6.9 40.2 13:55 SSW 29 0.4 7.9 04:12 -6.0 23:54 17.9 0.0 1.0 15.6 53.1 15:04 W ---------------------------------------------------------------------------------- -2.1 12.2 20 -26.4 13 591.4 0.0 29.2 8.9 59.5 27 WNW Max >= 27.0 0 Max <= 0.0 11 Min <= 0.0 24 Min <= -18.0 2 Max Rain: 13.6 on day 24 Days of Rain: 13 (>= 0.2 mm) 3 (>= 2.0 mm) 0 (>= 20.0 mm) Heat Base: 18.3 Cool Base: 18.3 Method: Integration