North Facing Camera Click On Play Button To View Live Image |
Sky Facing Camera Click On Image To View Full Screen In New Window |
NOAA-Style Climate Reports
Select a Year or Month report
2024: Jan Feb Mar Apr May Jun Jul Aug Sep Oct Nov Dec
2023: Jan Feb Mar Apr May Jun Jul Aug Sep Oct Nov Dec
2022: Jan Feb Mar Apr May Jun Jul Aug Sep Oct Nov Dec
2021: Jan Feb Mar Apr May Jun Jul Aug Sep Oct Nov Dec
2020: Jan Feb Mar Apr May Jun Jul Aug Sep Oct Nov Dec
2019: Jan Feb Mar Apr May Jun Jul Aug Sep Oct Nov Dec
2018: Jan Feb Mar Apr May Jun Jul Aug Sep Oct Nov Dec
2017: Jan Feb Mar Apr May Jun Jul Aug Sep Oct Nov Dec
2016: Jan Feb Mar Apr May Jun Jul Aug Sep Oct Nov Dec
2015: Jan Feb Mar Apr May Jun Jul Aug Sep Oct Nov Dec
2014: Jan Feb Mar Apr May Jun Jul Aug Sep Oct Nov Dec
2013: Jan Feb Mar Apr May Jun Jul Aug Sep Oct Nov Dec
2024: Jan Feb Mar Apr May Jun Jul Aug Sep Oct Nov Dec
2023: Jan Feb Mar Apr May Jun Jul Aug Sep Oct Nov Dec
2022: Jan Feb Mar Apr May Jun Jul Aug Sep Oct Nov Dec
2021: Jan Feb Mar Apr May Jun Jul Aug Sep Oct Nov Dec
2020: Jan Feb Mar Apr May Jun Jul Aug Sep Oct Nov Dec
2019: Jan Feb Mar Apr May Jun Jul Aug Sep Oct Nov Dec
2018: Jan Feb Mar Apr May Jun Jul Aug Sep Oct Nov Dec
2017: Jan Feb Mar Apr May Jun Jul Aug Sep Oct Nov Dec
2016: Jan Feb Mar Apr May Jun Jul Aug Sep Oct Nov Dec
2015: Jan Feb Mar Apr May Jun Jul Aug Sep Oct Nov Dec
2014: Jan Feb Mar Apr May Jun Jul Aug Sep Oct Nov Dec
2013: Jan Feb Mar Apr May Jun Jul Aug Sep Oct Nov Dec
Report for 2016 March
Monthly Climatological Summary for Mar 2016 Name: DW7240 City: Oshawa State: Ontario, Canada Elevation: 109 m Lat: N 43 53 48 Lon: W 078 52 26 Temperature (°C), Rain (mm), Wind Speed (km/h) Heat Cool Avg Mean Deg Deg Wind Dom Day Temp High Time Low Time Days Days Rain Speed High Time Dir ---------------------------------------------------------------------------------- 01 -8.6 -6.0 00:00 -10.6 06:30 26.9 0.0 0.4 8.8 33.8 15:17 ENE 02 -8.5 -3.9 14:53 -11.0 01:55 26.5 0.0 0.8 11.4 41.8 13:02 NW 03 -8.7 -5.2 15:52 -13.2 02:38 26.5 0.0 0.0 5.6 24.1 12:42 ENE 04 -2.8 2.3 14:55 -6.4 00:00 20.6 0.0 0.0 5.1 22.5 11:38 ESE 05 -1.1 2.6 13:10 -3.7 23:57 19.4 0.0 0.0 2.9 25.7 12:41 S 06 -0.3 3.7 11:19 -5.9 06:47 18.6 0.0 0.0 7.4 30.6 12:23 S 07 5.8 10.6 16:23 1.1 00:00 12.5 0.0 0.0 5.3 27.4 09:53 SW 08 6.9 11.2 14:56 4.0 06:22 11.3 0.0 0.0 16.1 46.4 14:00 ESE 09 10.4 15.8 17:47 3.5 06:38 7.9 0.0 0.0 4.8 41.8 15:16 SW 10 9.1 13.5 00:39 2.9 23:57 9.1 0.0 4.4 3.9 30.6 23:08 NNW 11 3.7 10.3 15:37 0.9 21:21 14.4 0.0 0.2 7.1 45.1 04:35 NW 12 4.5 12.7 14:56 -2.2 06:23 13.8 0.0 0.0 3.1 25.7 15:17 SW 13 6.7 10.1 15:31 1.5 07:34 11.1 0.0 0.0 6.9 33.8 10:51 E 14 6.5 8.2 19:32 5.0 02:52 11.8 0.0 5.8 10.1 43.5 06:04 E 15 7.3 9.8 15:38 6.3 23:54 11.1 0.0 3.4 3.7 22.5 11:20 N 16 6.8 10.0 17:33 5.4 23:57 11.5 0.0 3.2 8.2 53.1 12:16 E 17 5.0 10.3 12:16 0.4 07:17 13.3 0.0 1.8 4.1 38.6 15:54 W 18 2.8 6.0 14:47 -1.4 23:58 15.4 0.0 0.0 7.3 33.8 15:20 NW 19 -1.9 1.9 15:29 -6.1 07:19 20.2 0.0 0.0 4.2 25.7 13:09 E 20 -1.5 2.7 15:15 -4.7 07:30 19.6 0.0 0.0 4.5 25.7 12:19 ESE 21 -0.1 4.2 10:49 -5.0 02:35 18.4 0.0 0.0 8.3 43.5 16:31 NW 22 0.6 6.1 14:48 -5.6 07:01 17.5 0.0 0.8 3.1 29.0 12:36 SSE 23 2.9 5.0 15:45 -0.7 23:48 15.4 0.0 1.2 4.8 24.1 22:42 ENE 24 -1.3 -0.2 16:55 -2.5 08:40 19.5 0.0 5.8 9.4 32.2 01:54 ENE 25 -0.8 0.9 07:27 -3.8 23:59 18.9 0.0 0.4 6.9 41.8 09:37 WNW 26 -0.1 5.2 13:11 -5.7 05:41 18.1 0.0 0.0 3.4 24.1 16:35 SE 27 6.2 13.2 17:07 -1.4 04:43 12.0 0.0 0.0 5.1 22.5 13:08 ENE 28 6.5 10.7 00:00 3.4 00:00 11.7 0.0 7.2 12.7 54.7 15:23 WNW 29 2.7 7.5 16:37 -0.9 07:10 15.2 0.0 0.0 8.8 37.0 10:51 NW 30 4.3 9.7 14:14 -2.3 04:15 14.0 0.0 0.0 4.3 22.5 12:33 SSE 31 9.0 13.1 22:45 6.8 04:30 9.2 0.0 23.0 7.1 40.2 22:18 SSW ---------------------------------------------------------------------------------- 2.3 15.8 9 -13.2 3 491.4 0.0 58.4 6.6 54.7 28 ENE Max >= 27.0 0 Max <= 0.0 4 Min <= 0.0 19 Min <= -18.0 0 Max Rain: 23.0 on day 31 Days of Rain: 14 (>= 0.2 mm) 7 (>= 2.0 mm) 1 (>= 20.0 mm) Heat Base: 18.3 Cool Base: 18.3 Method: Integration