North Facing Camera Click On Play Button To View Live Image |
Sky Facing Camera Click On Image To View Full Screen In New Window |
NOAA-Style Climate Reports
Select a Year or Month report
2024: Jan Feb Mar Apr May Jun Jul Aug Sep Oct Nov Dec
2023: Jan Feb Mar Apr May Jun Jul Aug Sep Oct Nov Dec
2022: Jan Feb Mar Apr May Jun Jul Aug Sep Oct Nov Dec
2021: Jan Feb Mar Apr May Jun Jul Aug Sep Oct Nov Dec
2020: Jan Feb Mar Apr May Jun Jul Aug Sep Oct Nov Dec
2019: Jan Feb Mar Apr May Jun Jul Aug Sep Oct Nov Dec
2018: Jan Feb Mar Apr May Jun Jul Aug Sep Oct Nov Dec
2017: Jan Feb Mar Apr May Jun Jul Aug Sep Oct Nov Dec
2016: Jan Feb Mar Apr May Jun Jul Aug Sep Oct Nov Dec
2015: Jan Feb Mar Apr May Jun Jul Aug Sep Oct Nov Dec
2014: Jan Feb Mar Apr May Jun Jul Aug Sep Oct Nov Dec
2013: Jan Feb Mar Apr May Jun Jul Aug Sep Oct Nov Dec
2024: Jan Feb Mar Apr May Jun Jul Aug Sep Oct Nov Dec
2023: Jan Feb Mar Apr May Jun Jul Aug Sep Oct Nov Dec
2022: Jan Feb Mar Apr May Jun Jul Aug Sep Oct Nov Dec
2021: Jan Feb Mar Apr May Jun Jul Aug Sep Oct Nov Dec
2020: Jan Feb Mar Apr May Jun Jul Aug Sep Oct Nov Dec
2019: Jan Feb Mar Apr May Jun Jul Aug Sep Oct Nov Dec
2018: Jan Feb Mar Apr May Jun Jul Aug Sep Oct Nov Dec
2017: Jan Feb Mar Apr May Jun Jul Aug Sep Oct Nov Dec
2016: Jan Feb Mar Apr May Jun Jul Aug Sep Oct Nov Dec
2015: Jan Feb Mar Apr May Jun Jul Aug Sep Oct Nov Dec
2014: Jan Feb Mar Apr May Jun Jul Aug Sep Oct Nov Dec
2013: Jan Feb Mar Apr May Jun Jul Aug Sep Oct Nov Dec
Report for 2016 May
Monthly Climatological Summary for May 2016 Name: DW7240 City: Oshawa State: Ontario, Canada Elevation: 109 m Lat: N 43 53 48 Lon: W 078 52 26 Temperature (°C), Rain (mm), Wind Speed (km/h) Heat Cool Avg Mean Deg Deg Wind Dom Day Temp High Time Low Time Days Days Rain Speed High Time Dir ---------------------------------------------------------------------------------- 01 8.8 11.1 02:32 7.2 07:33 9.3 0.0 0.4 7.7 29.0 10:02 ENE 02 8.4 13.1 16:29 5.9 23:48 9.9 0.0 0.0 4.0 24.1 17:41 ENE 03 9.6 15.1 10:28 3.7 06:14 8.5 0.0 0.0 3.2 25.7 12:23 SSE 04 11.0 15.9 13:46 5.6 06:09 7.2 0.0 0.0 4.5 32.2 15:06 SE 05 12.1 17.7 15:42 9.0 23:36 6.1 0.0 1.2 3.6 20.9 11:44 E 06 14.0 21.3 13:00 7.9 06:05 3.9 0.3 0.2 3.8 25.7 11:13 NE 07 13.1 18.9 14:04 8.9 05:00 5.2 0.0 0.2 3.1 32.2 23:32 SE 08 8.9 13.2 18:37 4.4 05:58 9.4 0.0 0.8 8.9 46.7 01:38 NW 09 9.3 15.2 18:15 1.8 05:45 8.9 0.0 0.0 5.0 33.8 13:36 W 10 11.6 16.8 17:13 5.6 05:55 6.7 0.0 0.0 3.6 20.9 10:34 ESE 11 14.0 19.9 13:31 5.6 02:34 4.5 0.3 0.0 1.7 20.9 15:24 ESE 12 16.6 23.3 16:59 8.8 01:37 2.6 1.1 0.0 3.1 20.9 08:49 ESE 13 17.5 22.5 15:03 12.7 06:16 1.8 1.0 4.0 6.8 41.8 15:14 WNW 14 10.3 14.2 00:00 5.6 23:57 8.0 0.0 2.2 7.6 51.5 14:14 WNW 15 5.1 8.6 13:24 2.2 03:34 13.2 0.0 0.0 11.2 43.5 13:30 NW 16 8.6 15.5 15:41 1.4 05:53 9.7 0.0 5.6 6.7 32.2 13:14 W 17 11.0 16.1 16:29 5.0 05:14 7.3 0.0 0.0 4.6 22.5 06:54 SW 18 10.9 14.7 13:17 4.9 05:51 7.4 0.0 0.0 3.1 20.9 12:00 SW 19 14.8 20.8 11:12 10.9 05:58 3.6 0.1 0.0 4.8 27.4 14:25 W 20 16.2 22.6 17:48 7.1 06:41 3.3 1.3 0.0 3.4 24.1 15:11 NNW 21 17.0 24.4 14:22 12.6 04:30 2.2 0.9 0.0 2.9 19.3 16:12 S 22 17.8 25.0 15:04 12.9 07:08 1.9 1.3 0.0 4.8 29.0 13:51 NNW 23 19.7 26.6 12:17 11.9 05:08 1.6 3.0 0.0 4.9 25.7 14:30 WSW 24 20.6 28.2 16:48 13.3 05:38 1.0 3.2 0.0 4.1 24.1 15:32 WSW 25 20.3 28.8 15:20 12.8 05:39 1.3 3.2 0.0 1.8 19.3 15:44 SSW 26 19.9 24.2 17:39 17.2 02:30 0.2 1.8 0.4 2.6 22.5 09:18 E 27 23.0 29.6 15:28 16.7 05:57 0.2 4.9 0.0 3.3 25.7 14:51 SW 28 23.5 29.4 14:51 17.4 05:19 0.0 5.3 0.0 2.1 17.7 12:26 S 29 23.8 30.8 14:03 19.7 07:06 0.0 5.5 0.0 4.2 27.4 14:13 SSW 30 22.5 29.4 15:36 16.7 05:59 0.1 4.3 0.0 5.4 33.8 16:28 W 31 20.9 27.6 13:09 13.8 05:50 0.6 3.2 0.0 5.8 35.4 11:29 NW ---------------------------------------------------------------------------------- 14.9 30.8 29 1.4 16 145.6 40.7 15.0 4.6 51.5 14 W Max >= 27.0 7 Max <= 0.0 0 Min <= 0.0 0 Min <= -18.0 0 Max Rain: 5.6 on day 16 Days of Rain: 9 (>= 0.2 mm) 3 (>= 2.0 mm) 0 (>= 20.0 mm) Heat Base: 18.3 Cool Base: 18.3 Method: Integration