North Facing Camera Click On Play Button To View Live Image |
Sky Facing Camera Click On Image To View Full Screen In New Window |
NOAA-Style Climate Reports
Select a Year or Month report
2024: Jan Feb Mar Apr May Jun Jul Aug Sep Oct Nov Dec
2023: Jan Feb Mar Apr May Jun Jul Aug Sep Oct Nov Dec
2022: Jan Feb Mar Apr May Jun Jul Aug Sep Oct Nov Dec
2021: Jan Feb Mar Apr May Jun Jul Aug Sep Oct Nov Dec
2020: Jan Feb Mar Apr May Jun Jul Aug Sep Oct Nov Dec
2019: Jan Feb Mar Apr May Jun Jul Aug Sep Oct Nov Dec
2018: Jan Feb Mar Apr May Jun Jul Aug Sep Oct Nov Dec
2017: Jan Feb Mar Apr May Jun Jul Aug Sep Oct Nov Dec
2016: Jan Feb Mar Apr May Jun Jul Aug Sep Oct Nov Dec
2015: Jan Feb Mar Apr May Jun Jul Aug Sep Oct Nov Dec
2014: Jan Feb Mar Apr May Jun Jul Aug Sep Oct Nov Dec
2013: Jan Feb Mar Apr May Jun Jul Aug Sep Oct Nov Dec
2024: Jan Feb Mar Apr May Jun Jul Aug Sep Oct Nov Dec
2023: Jan Feb Mar Apr May Jun Jul Aug Sep Oct Nov Dec
2022: Jan Feb Mar Apr May Jun Jul Aug Sep Oct Nov Dec
2021: Jan Feb Mar Apr May Jun Jul Aug Sep Oct Nov Dec
2020: Jan Feb Mar Apr May Jun Jul Aug Sep Oct Nov Dec
2019: Jan Feb Mar Apr May Jun Jul Aug Sep Oct Nov Dec
2018: Jan Feb Mar Apr May Jun Jul Aug Sep Oct Nov Dec
2017: Jan Feb Mar Apr May Jun Jul Aug Sep Oct Nov Dec
2016: Jan Feb Mar Apr May Jun Jul Aug Sep Oct Nov Dec
2015: Jan Feb Mar Apr May Jun Jul Aug Sep Oct Nov Dec
2014: Jan Feb Mar Apr May Jun Jul Aug Sep Oct Nov Dec
2013: Jan Feb Mar Apr May Jun Jul Aug Sep Oct Nov Dec
Report for 2016 July
Monthly Climatological Summary for Jul 2016 Name: DW7240 City: Oshawa State: Ontario, Canada Elevation: 109 m Lat: N 43 53 48 Lon: W 078 52 26 Temperature (°C), Rain (mm), Wind Speed (km/h) Heat Cool Avg Mean Deg Deg Wind Dom Day Temp High Time Low Time Days Days Rain Speed High Time Dir ---------------------------------------------------------------------------------- 01 18.2 21.8 16:46 15.2 23:52 0.8 0.7 2.0 4.6 37.0 19:21 WNW 02 19.4 25.8 17:49 11.9 05:47 1.7 2.8 0.0 5.3 35.4 12:43 WNW 03 21.3 28.1 18:06 12.5 05:52 0.8 3.8 0.0 3.6 29.0 15:51 SW 04 21.9 29.5 15:32 14.6 04:27 0.7 4.3 0.0 1.9 17.7 12:52 SSE 05 24.3 29.9 16:51 17.9 02:04 0.0 6.0 0.0 4.5 27.4 18:13 SW 06 24.9 32.8 15:29 17.9 06:05 0.0 6.6 0.0 2.4 20.9 14:50 S 07 26.5 31.6 16:10 21.5 05:36 0.0 8.1 0.0 3.3 22.5 12:44 W 08 23.9 27.3 14:47 19.5 22:57 0.0 5.6 29.6 3.8 29.0 13:23 E 09 22.9 28.4 15:05 19.7 23:49 0.0 4.6 1.6 5.7 33.8 11:37 WNW 10 22.4 28.3 16:00 16.3 05:51 0.3 4.4 0.0 5.3 30.6 10:42 NNW 11 22.2 26.3 12:55 18.0 06:00 0.0 3.9 0.0 3.1 27.4 11:19 E 12 24.1 30.5 15:18 18.6 02:13 0.0 5.8 0.0 2.5 20.9 09:07 ESE 13 26.5 31.4 14:16 22.1 04:36 0.0 7.9 0.0 6.5 38.6 16:44 SSW 14 24.4 28.6 16:08 21.6 05:00 0.0 6.0 0.6 10.2 54.7 02:00 SW 15 22.7 28.1 12:27 17.9 23:46 0.0 4.4 0.0 5.9 40.2 14:01 W 16 21.3 24.2 15:14 17.3 23:44 0.0 1.4 0.0 3.1 24.1 16:06 SW 17 21.0 27.1 15:56 14.2 05:34 0.9 3.6 0.0 ---- 22.5 13:48 S 18 25.3 30.8 15:32 19.6 23:57 0.0 6.9 0.0 ---- 43.5 16:29 NW 19 21.2 25.9 16:57 14.9 05:33 0.5 3.3 0.0 ---- 27.4 11:29 NNW 20 21.7 27.2 16:08 14.8 05:28 0.8 4.3 0.0 ---- 22.5 13:12 SSW 21 24.0 31.2 14:29 16.4 05:21 0.2 6.0 0.0 ---- 33.8 14:48 SW 22 28.4 35.7 16:51 21.9 06:02 0.0 10.1 0.0 ---- 37.0 18:51 W 23 27.4 33.4 16:32 21.7 04:44 0.0 9.1 0.0 ---- 33.8 12:29 NW 24 23.6 27.8 10:49 20.9 03:44 0.0 5.3 0.0 ---- 20.9 07:37 ENE 25 25.0 31.4 16:23 21.6 05:58 0.0 6.7 14.8 ---- 33.8 17:59 WSW 26 24.1 28.8 17:41 18.7 05:55 0.0 5.7 0.0 ---- 33.8 15:45 WSW 27 22.9 32.1 15:13 17.6 06:29 0.0 4.7 12.2 ---- 33.8 14:57 WSW 28 24.9 30.3 15:17 19.9 01:50 0.0 6.6 0.4 ---- 17.7 15:57 W 29 23.8 28.3 16:52 19.5 06:50 0.0 5.5 0.0 ---- 24.1 23:05 E 30 22.2 27.0 15:30 18.5 06:13 0.0 3.7 0.0 ---- 22.5 10:46 E 31 22.3 24.9 17:53 20.5 04:07 0.0 3.9 3.2 ---- 22.5 11:58 ENE ---------------------------------------------------------------------------------- 23.4 35.7 22 11.9 2 6.7 161.7 64.4 4.4 54.7 14 WSW Max >= 27.0 25 Max <= 0.0 0 Min <= 0.0 0 Min <= -18.0 0 Max Rain: 29.6 on day 8 Days of Rain: 8 (>= 0.2 mm) 5 (>= 2.0 mm) 1 (>= 20.0 mm) Heat Base: 18.3 Cool Base: 18.3 Method: Integration