North Facing Camera Click On Play Button To View Live Image |
Sky Facing Camera Click On Image To View Full Screen In New Window |
NOAA-Style Climate Reports
Select a Year or Month report
2024: Jan Feb Mar Apr May Jun Jul Aug Sep Oct Nov Dec
2023: Jan Feb Mar Apr May Jun Jul Aug Sep Oct Nov Dec
2022: Jan Feb Mar Apr May Jun Jul Aug Sep Oct Nov Dec
2021: Jan Feb Mar Apr May Jun Jul Aug Sep Oct Nov Dec
2020: Jan Feb Mar Apr May Jun Jul Aug Sep Oct Nov Dec
2019: Jan Feb Mar Apr May Jun Jul Aug Sep Oct Nov Dec
2018: Jan Feb Mar Apr May Jun Jul Aug Sep Oct Nov Dec
2017: Jan Feb Mar Apr May Jun Jul Aug Sep Oct Nov Dec
2016: Jan Feb Mar Apr May Jun Jul Aug Sep Oct Nov Dec
2015: Jan Feb Mar Apr May Jun Jul Aug Sep Oct Nov Dec
2014: Jan Feb Mar Apr May Jun Jul Aug Sep Oct Nov Dec
2013: Jan Feb Mar Apr May Jun Jul Aug Sep Oct Nov Dec
2024: Jan Feb Mar Apr May Jun Jul Aug Sep Oct Nov Dec
2023: Jan Feb Mar Apr May Jun Jul Aug Sep Oct Nov Dec
2022: Jan Feb Mar Apr May Jun Jul Aug Sep Oct Nov Dec
2021: Jan Feb Mar Apr May Jun Jul Aug Sep Oct Nov Dec
2020: Jan Feb Mar Apr May Jun Jul Aug Sep Oct Nov Dec
2019: Jan Feb Mar Apr May Jun Jul Aug Sep Oct Nov Dec
2018: Jan Feb Mar Apr May Jun Jul Aug Sep Oct Nov Dec
2017: Jan Feb Mar Apr May Jun Jul Aug Sep Oct Nov Dec
2016: Jan Feb Mar Apr May Jun Jul Aug Sep Oct Nov Dec
2015: Jan Feb Mar Apr May Jun Jul Aug Sep Oct Nov Dec
2014: Jan Feb Mar Apr May Jun Jul Aug Sep Oct Nov Dec
2013: Jan Feb Mar Apr May Jun Jul Aug Sep Oct Nov Dec
Report for 2016 November
Monthly Climatological Summary for Nov 2016 Name: DW7240 City: Oshawa State: Ontario, Canada Elevation: 358 ft Lat: N 43 53 48 Lon: W 078 52 26 Temperature (°C), Rain (mm), Wind Speed (km/h) Heat Cool Avg Mean Deg Deg Wind Dom Day Temp High Time Low Time Days Days Rain Speed High Time Dir ---------------------------------------------------------------------------------- 01 9.5 14.3 16:07 2.6 00:00 8.8 0.0 0.0 2.4 25.7 10:12 ESE 02 14.2 20.7 15:01 10.2 07:06 4.2 0.1 1.2 0.9 17.7 12:20 NW 03 11.0 14.2 15:07 7.7 23:58 7.3 0.0 7.0 4.9 33.8 13:11 NNW 04 7.6 11.6 15:24 3.0 08:18 9.5 0.0 0.0 5.4 29.0 12:10 NW 05 10.5 17.2 15:55 3.2 04:22 7.7 0.0 0.0 4.1 25.7 11:47 W 06 7.9 12.2 12:10 3.2 22:58 10.6 0.0 0.0 2.2 19.3 16:13 W 07 7.9 14.8 13:29 2.7 06:19 10.4 0.0 0.0 1.0 14.5 13:49 SSE 08 9.5 15.2 15:34 2.7 06:06 8.7 0.0 0.8 2.4 24.1 13:47 SW 09 6.8 11.6 00:32 -0.1 23:57 10.9 0.0 0.0 6.5 40.2 12:35 N 10 7.5 14.7 14:42 -1.1 03:23 10.8 0.0 0.0 9.1 57.9 15:45 WSW 11 5.7 12.9 01:46 -1.7 23:42 12.4 0.0 0.0 9.7 43.5 07:06 NNW 12 3.7 10.3 15:15 -2.9 05:09 12.8 0.0 0.0 6.3 38.6 18:27 WSW 13 7.0 10.7 16:20 3.3 07:12 11.3 0.0 0.0 8.1 37.0 13:16 WSW 14 8.0 12.4 14:28 4.1 23:57 10.3 0.0 0.0 3.3 24.1 13:53 SW 15 5.4 12.3 13:27 0.7 06:04 12.9 0.0 0.0 1.1 16.1 14:56 ESE 16 7.8 12.5 14:42 2.1 00:39 10.2 0.0 0.0 2.9 27.4 15:28 NW 17 7.0 11.6 10:32 2.6 03:20 11.3 0.0 0.0 2.6 17.7 12:33 NNW 18 10.4 16.1 13:12 5.8 07:36 7.9 0.0 0.0 1.4 16.1 15:57 E 19 7.8 14.5 09:31 1.9 23:58 10.4 0.0 1.8 6.3 40.2 11:58 WSW 20 0.2 2.2 05:37 -1.1 09:39 17.9 0.0 0.0 15.6 59.5 09:34 NW 21 -0.6 1.2 12:34 -1.8 02:10 18.2 0.0 0.2 15.9 56.3 11:40 WNW 22 0.0 2.7 15:00 -3.1 23:59 17.3 0.0 0.0 9.1 37.0 11:30 NW 23 -2.0 -0.1 13:34 -4.9 07:17 19.7 0.0 0.2 3.6 27.4 22:45 ENE 24 1.8 3.4 14:46 -0.9 00:00 16.5 0.0 1.2 6.8 29.0 04:55 ENE 25 4.3 6.7 12:50 1.8 02:19 14.0 0.0 0.4 2.3 25.7 17:30 W 26 4.7 7.7 13:28 3.2 23:31 13.5 0.0 0.8 2.7 35.4 14:59 WNW 27 4.2 7.2 14:05 2.5 04:39 14.1 0.0 0.0 2.5 20.9 13:53 WNW 28 5.7 8.2 12:15 2.6 07:40 12.6 0.0 0.0 9.3 40.2 12:05 E 29 8.8 12.6 13:21 4.1 23:51 9.5 0.0 2.0 5.2 35.4 10:27 SE 30 10.8 11.9 14:03 9.6 23:47 3.9 0.0 5.8 3.6 22.5 13:38 E ---------------------------------------------------------------------------------- 6.4 20.7 2 -4.9 23 345.6 0.1 21.4 5.2 59.5 20 WNW Max >= 27.0 0 Max <= 0.0 1 Min <= 0.0 9 Min <= -18.0 0 Max Rain: 7.0 on day 3 Days of Rain: 11 (>= 0.2 mm) 3 (>= 2.0 mm) 0 (>= 20.0 mm) Heat Base: 18.3 Cool Base: 18.3 Method: Integration