North Facing Camera Click On Play Button To View Live Image |
Sky Facing Camera Click On Image To View Full Screen In New Window |
NOAA-Style Climate Reports
Select a Year or Month report
2024: Jan Feb Mar Apr May Jun Jul Aug Sep Oct Nov Dec
2023: Jan Feb Mar Apr May Jun Jul Aug Sep Oct Nov Dec
2022: Jan Feb Mar Apr May Jun Jul Aug Sep Oct Nov Dec
2021: Jan Feb Mar Apr May Jun Jul Aug Sep Oct Nov Dec
2020: Jan Feb Mar Apr May Jun Jul Aug Sep Oct Nov Dec
2019: Jan Feb Mar Apr May Jun Jul Aug Sep Oct Nov Dec
2018: Jan Feb Mar Apr May Jun Jul Aug Sep Oct Nov Dec
2017: Jan Feb Mar Apr May Jun Jul Aug Sep Oct Nov Dec
2016: Jan Feb Mar Apr May Jun Jul Aug Sep Oct Nov Dec
2015: Jan Feb Mar Apr May Jun Jul Aug Sep Oct Nov Dec
2014: Jan Feb Mar Apr May Jun Jul Aug Sep Oct Nov Dec
2013: Jan Feb Mar Apr May Jun Jul Aug Sep Oct Nov Dec
2024: Jan Feb Mar Apr May Jun Jul Aug Sep Oct Nov Dec
2023: Jan Feb Mar Apr May Jun Jul Aug Sep Oct Nov Dec
2022: Jan Feb Mar Apr May Jun Jul Aug Sep Oct Nov Dec
2021: Jan Feb Mar Apr May Jun Jul Aug Sep Oct Nov Dec
2020: Jan Feb Mar Apr May Jun Jul Aug Sep Oct Nov Dec
2019: Jan Feb Mar Apr May Jun Jul Aug Sep Oct Nov Dec
2018: Jan Feb Mar Apr May Jun Jul Aug Sep Oct Nov Dec
2017: Jan Feb Mar Apr May Jun Jul Aug Sep Oct Nov Dec
2016: Jan Feb Mar Apr May Jun Jul Aug Sep Oct Nov Dec
2015: Jan Feb Mar Apr May Jun Jul Aug Sep Oct Nov Dec
2014: Jan Feb Mar Apr May Jun Jul Aug Sep Oct Nov Dec
2013: Jan Feb Mar Apr May Jun Jul Aug Sep Oct Nov Dec
Report for 2017 March
Monthly Climatological Summary for Mar 2017 Name: DW7240 City: Oshawa State: Ontario, Canada Elevation: 358 ft Lat: N 43 53 48 Lon: W 078 52 26 Temperature (°C), Rain (mm), Wind Speed (km/h) Heat Cool Avg Mean Deg Deg Wind Dom Day Temp High Time Low Time Days Days Rain Speed High Time Dir ---------------------------------------------------------------------------------- 01 8.8 12.2 10:31 -0.4 23:59 9.5 0.0 12.2 10.4 70.8 20:44 WNW 02 -5.5 -0.4 00:00 -8.6 04:00 23.6 0.0 0.0 14.1 49.9 01:38 NW 03 -7.9 -5.4 10:55 -10.9 22:33 25.9 0.0 0.0 8.3 53.1 12:38 NW 04 -10.2 -7.7 14:49 -13.2 08:02 28.5 0.0 0.0 5.5 27.4 07:54 NNW 05 -7.4 -1.3 23:54 -12.9 06:35 25.7 0.0 0.0 9.0 33.8 12:59 E 06 2.3 6.0 21:51 -1.4 00:12 16.0 0.0 0.0 7.7 30.6 11:23 E 07 7.7 9.7 12:29 5.3 00:43 10.5 0.0 8.0 4.5 33.8 14:30 SW 08 5.6 9.6 15:44 2.1 23:42 12.5 0.0 0.2 16.2 70.8 14:45 W 09 0.3 3.1 13:09 -1.8 05:52 18.0 0.0 0.0 12.3 59.5 01:45 WNW 10 -6.5 -1.5 00:24 -12.3 23:53 24.5 0.0 0.0 12.9 56.3 13:49 NW 11 -11.2 -7.6 15:48 -14.7 05:35 29.5 0.0 0.0 8.1 45.1 14:32 NW 12 -10.0 -6.2 16:20 -14.2 07:48 27.1 0.0 0.0 7.5 37.0 15:22 NW 13 -9.2 -5.9 14:47 -12.7 03:26 27.4 0.0 0.0 6.1 24.1 12:16 ENE 14 -8.6 -6.3 14:48 -10.3 05:59 26.9 0.0 0.0 11.4 41.8 12:56 NNE 15 -6.7 -3.2 15:13 -10.3 05:37 24.9 0.0 0.0 17.7 51.5 11:43 NW 16 -2.6 1.9 16:47 -7.1 07:50 20.9 0.0 0.0 12.5 48.3 13:55 NW 17 0.7 5.9 16:31 -6.0 07:52 17.6 0.0 0.0 3.9 27.4 14:41 SW 18 0.4 1.5 11:02 -1.1 13:25 17.9 0.0 0.2 11.2 40.2 11:51 ENE 19 2.5 7.3 12:49 -0.7 23:59 15.7 0.0 0.0 4.2 22.5 15:10 ESE 20 1.8 5.4 15:13 -2.5 05:39 16.5 0.0 0.0 3.7 25.7 10:14 SW 21 5.8 13.4 15:30 -0.8 23:51 12.4 0.0 0.0 9.4 57.9 17:42 NW 22 -5.6 -0.8 00:00 -9.3 07:55 23.9 0.0 0.0 11.2 48.3 05:33 NNW 23 -2.6 2.8 16:55 -9.5 07:03 20.9 0.0 0.0 4.1 25.7 23:53 SSW 24 7.1 10.8 17:35 3.5 11:21 5.8 0.0 6.4 3.9 22.5 19:57 N 25 3.0 5.0 15:21 1.4 23:59 15.3 0.0 3.6 5.1 29.0 23:59 ENE 26 3.6 6.6 15:55 0.8 04:47 14.6 0.0 1.2 13.6 49.9 11:51 E 27 8.6 13.7 15:12 5.6 03:33 9.5 0.0 3.4 1.4 20.9 15:13 ESE 28 7.2 10.0 15:06 2.9 23:56 11.1 0.0 0.2 5.9 29.0 13:32 N 29 3.4 3.6 23:42 3.3 23:16 0.4 0.0 0.0 3.4 16.1 23:46 ENE 30 2.3 4.1 10:28 0.7 22:16 16.0 0.0 0.8 ---- 53.1 22:12 E 31 2.7 4.1 16:16 1.1 00:00 15.3 0.0 7.6 ---- 41.8 06:45 ENE ---------------------------------------------------------------------------------- -0.7 13.7 27 -14.7 11 564.3 0.0 43.8 8.4 70.8 1 NNW Max >= 27.0 0 Max <= 0.0 11 Min <= 0.0 21 Min <= -18.0 0 Max Rain: 12.2 on day 1 Days of Rain: 11 (>= 0.2 mm) 6 (>= 2.0 mm) 0 (>= 20.0 mm) Heat Base: 18.3 Cool Base: 18.3 Method: Integration