North Facing Camera Click On Play Button To View Live Image |
Sky Facing Camera Click On Image To View Full Screen In New Window |
NOAA-Style Climate Reports
Select a Year or Month report
2024: Jan Feb Mar Apr May Jun Jul Aug Sep Oct Nov Dec
2023: Jan Feb Mar Apr May Jun Jul Aug Sep Oct Nov Dec
2022: Jan Feb Mar Apr May Jun Jul Aug Sep Oct Nov Dec
2021: Jan Feb Mar Apr May Jun Jul Aug Sep Oct Nov Dec
2020: Jan Feb Mar Apr May Jun Jul Aug Sep Oct Nov Dec
2019: Jan Feb Mar Apr May Jun Jul Aug Sep Oct Nov Dec
2018: Jan Feb Mar Apr May Jun Jul Aug Sep Oct Nov Dec
2017: Jan Feb Mar Apr May Jun Jul Aug Sep Oct Nov Dec
2016: Jan Feb Mar Apr May Jun Jul Aug Sep Oct Nov Dec
2015: Jan Feb Mar Apr May Jun Jul Aug Sep Oct Nov Dec
2014: Jan Feb Mar Apr May Jun Jul Aug Sep Oct Nov Dec
2013: Jan Feb Mar Apr May Jun Jul Aug Sep Oct Nov Dec
2024: Jan Feb Mar Apr May Jun Jul Aug Sep Oct Nov Dec
2023: Jan Feb Mar Apr May Jun Jul Aug Sep Oct Nov Dec
2022: Jan Feb Mar Apr May Jun Jul Aug Sep Oct Nov Dec
2021: Jan Feb Mar Apr May Jun Jul Aug Sep Oct Nov Dec
2020: Jan Feb Mar Apr May Jun Jul Aug Sep Oct Nov Dec
2019: Jan Feb Mar Apr May Jun Jul Aug Sep Oct Nov Dec
2018: Jan Feb Mar Apr May Jun Jul Aug Sep Oct Nov Dec
2017: Jan Feb Mar Apr May Jun Jul Aug Sep Oct Nov Dec
2016: Jan Feb Mar Apr May Jun Jul Aug Sep Oct Nov Dec
2015: Jan Feb Mar Apr May Jun Jul Aug Sep Oct Nov Dec
2014: Jan Feb Mar Apr May Jun Jul Aug Sep Oct Nov Dec
2013: Jan Feb Mar Apr May Jun Jul Aug Sep Oct Nov Dec
Report for 2017 April
Monthly Climatological Summary for Apr 2017 Name: DW7240 City: Oshawa State: Ontario, Canada Elevation: 358 ft Lat: N 43 53 48 Lon: W 078 52 26 Temperature (°C), Rain (mm), Wind Speed (km/h) Heat Cool Avg Mean Deg Deg Wind Dom Day Temp High Time Low Time Days Days Rain Speed High Time Dir ---------------------------------------------------------------------------------- 01 4.2 9.1 15:36 1.7 04:45 14.1 0.0 0.2 4.6 24.1 11:52 NNW 02 7.9 16.0 14:24 -0.5 04:21 10.3 0.0 0.0 2.8 35.4 14:23 WNW 03 8.9 12.7 22:07 4.8 01:32 9.4 0.0 0.6 8.4 43.5 21:40 E 04 8.0 9.9 14:09 5.3 23:57 10.3 0.0 9.6 10.8 49.9 18:11 WNW 05 6.2 9.9 13:59 4.2 02:31 12.1 0.0 0.0 8.3 37.0 22:34 NNE 06 5.8 7.6 10:54 1.4 23:59 12.5 0.0 9.2 14.0 43.5 08:39 ENE 07 2.2 5.4 18:20 -0.4 09:23 16.1 0.0 1.8 14.9 57.9 13:26 NNW 08 5.5 12.5 16:03 -1.3 06:13 12.8 0.0 0.0 6.5 33.8 15:30 WNW 09 8.2 14.6 19:19 0.3 05:39 10.0 0.0 0.0 2.3 24.1 11:39 S 10 13.6 20.2 18:53 8.1 03:11 4.8 0.1 1.2 5.2 49.9 15:39 WSW 11 12.7 17.3 12:49 10.3 23:54 5.6 0.0 0.4 3.0 24.1 04:40 W 12 7.4 10.3 00:00 4.8 23:59 10.7 0.0 0.0 9.4 40.2 17:00 WNW 13 7.0 12.5 15:49 0.6 07:00 11.2 0.0 0.0 5.5 35.4 14:10 WSW 14 9.1 14.6 14:40 2.9 06:47 9.2 0.0 0.0 3.1 20.9 15:35 E 15 8.7 13.8 18:01 5.2 13:12 9.6 0.0 7.2 1.6 16.1 02:14 E 16 15.7 23.2 14:52 10.8 01:02 3.4 0.8 4.6 8.6 54.7 15:06 W 17 7.9 11.7 14:15 2.6 23:54 10.4 0.0 0.0 9.4 35.4 15:43 NW 18 4.4 8.1 16:20 0.2 06:19 13.9 0.0 0.0 5.4 29.0 17:01 ENE 19 10.7 17.5 18:34 5.9 00:59 7.6 0.0 3.6 4.8 40.2 16:09 NE 20 7.2 9.8 00:00 5.6 13:30 11.0 0.0 8.4 7.0 32.2 11:30 ENE 21 9.3 14.4 15:53 6.3 05:56 9.0 0.0 0.2 8.6 40.2 15:58 WNW 22 8.9 14.8 16:43 5.1 07:18 9.4 0.0 0.0 7.6 30.6 10:12 NW 23 10.9 17.8 17:35 2.3 05:54 7.4 0.0 0.0 5.0 29.0 12:51 W 24 9.0 12.6 17:06 5.9 07:02 9.2 0.0 0.0 4.6 29.0 16:47 ESE 25 9.6 12.4 19:08 7.1 02:56 8.7 0.0 1.4 9.1 38.6 13:43 E 26 13.2 17.7 17:09 10.3 03:45 5.1 0.0 0.0 5.4 32.2 00:15 E 27 18.4 25.5 15:25 12.4 00:09 1.9 2.0 0.4 4.8 54.7 19:03 E 28 13.5 17.6 19:33 10.1 06:37 4.8 0.0 0.0 5.8 38.6 14:21 SW 29 10.6 14.5 15:10 7.5 22:57 7.7 0.0 0.0 6.6 32.2 05:14 NNW 30 6.4 9.3 17:31 3.7 07:23 11.7 0.0 8.8 8.9 33.8 11:28 ENE ---------------------------------------------------------------------------------- 9.0 25.5 27 -1.3 8 279.9 2.9 57.6 6.7 57.9 7 N Max >= 27.0 0 Max <= 0.0 0 Min <= 0.0 3 Min <= -18.0 0 Max Rain: 9.6 on day 4 Days of Rain: 15 (>= 0.2 mm) 7 (>= 2.0 mm) 0 (>= 20.0 mm) Heat Base: 18.3 Cool Base: 18.3 Method: Integration