North Facing Camera Click On Play Button To View Live Image |
Sky Facing Camera Click On Image To View Full Screen In New Window |
NOAA-Style Climate Reports
Select a Year or Month report
2024: Jan Feb Mar Apr May Jun Jul Aug Sep Oct Nov Dec
2023: Jan Feb Mar Apr May Jun Jul Aug Sep Oct Nov Dec
2022: Jan Feb Mar Apr May Jun Jul Aug Sep Oct Nov Dec
2021: Jan Feb Mar Apr May Jun Jul Aug Sep Oct Nov Dec
2020: Jan Feb Mar Apr May Jun Jul Aug Sep Oct Nov Dec
2019: Jan Feb Mar Apr May Jun Jul Aug Sep Oct Nov Dec
2018: Jan Feb Mar Apr May Jun Jul Aug Sep Oct Nov Dec
2017: Jan Feb Mar Apr May Jun Jul Aug Sep Oct Nov Dec
2016: Jan Feb Mar Apr May Jun Jul Aug Sep Oct Nov Dec
2015: Jan Feb Mar Apr May Jun Jul Aug Sep Oct Nov Dec
2014: Jan Feb Mar Apr May Jun Jul Aug Sep Oct Nov Dec
2013: Jan Feb Mar Apr May Jun Jul Aug Sep Oct Nov Dec
2024: Jan Feb Mar Apr May Jun Jul Aug Sep Oct Nov Dec
2023: Jan Feb Mar Apr May Jun Jul Aug Sep Oct Nov Dec
2022: Jan Feb Mar Apr May Jun Jul Aug Sep Oct Nov Dec
2021: Jan Feb Mar Apr May Jun Jul Aug Sep Oct Nov Dec
2020: Jan Feb Mar Apr May Jun Jul Aug Sep Oct Nov Dec
2019: Jan Feb Mar Apr May Jun Jul Aug Sep Oct Nov Dec
2018: Jan Feb Mar Apr May Jun Jul Aug Sep Oct Nov Dec
2017: Jan Feb Mar Apr May Jun Jul Aug Sep Oct Nov Dec
2016: Jan Feb Mar Apr May Jun Jul Aug Sep Oct Nov Dec
2015: Jan Feb Mar Apr May Jun Jul Aug Sep Oct Nov Dec
2014: Jan Feb Mar Apr May Jun Jul Aug Sep Oct Nov Dec
2013: Jan Feb Mar Apr May Jun Jul Aug Sep Oct Nov Dec
Report for 2017 July
Monthly Climatological Summary for Jul 2017 Name: DW7240 City: Oshawa State: Ontario, Canada Elevation: 358 ft Lat: N 43 53 48 Lon: W 078 52 26 Temperature (°C), Rain (mm), Wind Speed (km/h) Heat Cool Avg Mean Deg Deg Wind Dom Day Temp High Time Low Time Days Days Rain Speed High Time Dir ---------------------------------------------------------------------------------- 01 21.3 26.3 14:28 18.3 23:54 0.0 3.0 1.6 1.9 32.2 15:15 SW 02 20.0 26.3 17:58 15.2 05:59 0.7 2.5 1.0 1.2 45.1 20:05 WSW 03 20.2 25.1 17:43 14.3 05:49 0.9 2.8 0.2 1.2 20.9 09:35 WSW 04 22.0 27.7 15:03 15.7 04:55 0.6 4.3 0.0 1.4 17.7 05:49 SSW 05 22.6 27.9 14:32 15.4 06:19 0.4 4.6 0.0 1.2 20.9 11:54 ESE 06 23.3 29.8 16:40 16.2 05:43 0.3 5.4 0.0 1.2 19.3 16:33 SSW 07 23.2 27.8 16:44 18.9 23:51 0.0 4.9 6.0 2.3 38.6 20:36 SW 08 20.7 25.1 15:50 17.1 23:57 0.0 2.4 0.0 4.0 35.4 16:26 NW 09 19.9 26.6 14:56 13.8 05:50 1.1 2.7 1.0 2.4 32.2 14:47 SW 10 20.8 25.9 14:04 17.4 05:59 0.1 2.6 1.2 1.7 25.7 16:14 SW 11 22.4 28.4 17:30 17.3 05:48 0.1 4.2 0.0 1.4 20.9 15:05 SSW 12 22.8 28.1 13:18 19.6 03:58 0.0 4.5 9.0 1.4 22.5 21:36 SE 13 16.9 20.2 00:25 15.4 05:36 1.5 0.1 9.6 1.1 30.6 08:45 NE 14 20.1 25.3 19:30 17.0 03:30 0.3 2.0 2.8 1.4 24.1 20:00 SW 15 22.4 27.9 13:30 17.9 06:00 0.0 4.1 0.0 2.2 32.2 15:00 WSW 16 20.8 26.4 15:45 16.6 06:18 0.2 2.7 2.8 0.9 17.7 11:38 SSW 17 22.0 25.8 15:57 19.1 06:27 0.0 3.7 0.2 2.3 19.3 14:13 ESE 18 23.2 28.0 14:23 17.3 05:36 0.1 5.0 0.0 2.1 22.5 14:14 SW 19 24.3 30.9 16:08 17.5 05:35 0.1 6.0 0.0 2.5 29.0 16:52 SW 20 20.7 24.6 16:00 15.6 06:00 0.3 2.6 1.6 0.8 19.3 13:30 SSW 21 23.8 29.9 17:06 16.4 05:51 0.2 5.5 0.0 1.9 27.4 11:44 NW 22 22.1 25.4 17:28 18.9 03:29 0.0 3.8 0.0 0.1 12.9 17:01 SE 23 22.4 25.6 13:15 20.3 05:47 0.0 4.1 0.0 2.1 22.5 16:45 ENE 24 19.7 25.1 12:44 17.1 23:56 0.1 1.6 0.0 1.5 25.7 17:15 NNW 25 19.7 24.3 18:06 16.3 01:09 0.6 2.0 1.0 1.8 25.7 05:26 NE 26 18.8 22.5 13:00 13.9 05:30 1.0 1.5 0.8 0.6 20.9 14:00 SSE 27 22.6 22.1 19:11 18.8 01:12 0.0 4.3 10.4 1.8 29.0 14:36 SW 28 20.4 24.4 14:04 16.8 23:58 0.1 2.1 1.4 2.7 29.0 18:25 NE 29 21.6 27.6 12:48 15.3 06:09 0.7 4.1 0.0 1.8 24.1 11:23 NW 30 24.6 31.3 15:29 18.8 05:46 0.0 6.3 0.0 1.7 25.7 14:34 NNW 31 22.1 23.1 21:38 21.4 23:52 0.0 0.4 0.0 1.2 0.0 00:00 SW ---------------------------------------------------------------------------------- 21.5 31.3 27 13.8 9 9.4 105.8 50.6 1.6 45.1 2 WSW Max >= 27.0 13 Max <= 0.0 0 Min <= 0.0 0 Min <= -18.0 0 Max Rain: 10.4 on day 27 Days of Rain: 16 (>= 0.2 mm) 6 (>= 2.0 mm) 0 (>= 20.0 mm) Heat Base: 18.3 Cool Base: 18.3 Method: Integration