North Facing Camera Click On Play Button To View Live Image |
Sky Facing Camera Click On Image To View Full Screen In New Window |
NOAA-Style Climate Reports
Select a Year or Month report
2024: Jan Feb Mar Apr May Jun Jul Aug Sep Oct Nov Dec
2023: Jan Feb Mar Apr May Jun Jul Aug Sep Oct Nov Dec
2022: Jan Feb Mar Apr May Jun Jul Aug Sep Oct Nov Dec
2021: Jan Feb Mar Apr May Jun Jul Aug Sep Oct Nov Dec
2020: Jan Feb Mar Apr May Jun Jul Aug Sep Oct Nov Dec
2019: Jan Feb Mar Apr May Jun Jul Aug Sep Oct Nov Dec
2018: Jan Feb Mar Apr May Jun Jul Aug Sep Oct Nov Dec
2017: Jan Feb Mar Apr May Jun Jul Aug Sep Oct Nov Dec
2016: Jan Feb Mar Apr May Jun Jul Aug Sep Oct Nov Dec
2015: Jan Feb Mar Apr May Jun Jul Aug Sep Oct Nov Dec
2014: Jan Feb Mar Apr May Jun Jul Aug Sep Oct Nov Dec
2013: Jan Feb Mar Apr May Jun Jul Aug Sep Oct Nov Dec
2024: Jan Feb Mar Apr May Jun Jul Aug Sep Oct Nov Dec
2023: Jan Feb Mar Apr May Jun Jul Aug Sep Oct Nov Dec
2022: Jan Feb Mar Apr May Jun Jul Aug Sep Oct Nov Dec
2021: Jan Feb Mar Apr May Jun Jul Aug Sep Oct Nov Dec
2020: Jan Feb Mar Apr May Jun Jul Aug Sep Oct Nov Dec
2019: Jan Feb Mar Apr May Jun Jul Aug Sep Oct Nov Dec
2018: Jan Feb Mar Apr May Jun Jul Aug Sep Oct Nov Dec
2017: Jan Feb Mar Apr May Jun Jul Aug Sep Oct Nov Dec
2016: Jan Feb Mar Apr May Jun Jul Aug Sep Oct Nov Dec
2015: Jan Feb Mar Apr May Jun Jul Aug Sep Oct Nov Dec
2014: Jan Feb Mar Apr May Jun Jul Aug Sep Oct Nov Dec
2013: Jan Feb Mar Apr May Jun Jul Aug Sep Oct Nov Dec
Report for 2017 August
Monthly Climatological Summary for Aug 2017 Name: DW7240 City: Oshawa State: Ontario, Canada Elevation: 358 ft Lat: N 43 53 48 Lon: W 078 52 26 Temperature (°C), Rain (mm), Wind Speed (km/h) Heat Cool Avg Mean Deg Deg Wind Dom Day Temp High Time Low Time Days Days Rain Speed High Time Dir ---------------------------------------------------------------------------------- 01 24.2 29.3 15:30 19.1 05:51 0.0 5.9 0.2 1.2 30.6 17:37 SSW 02 22.9 30.6 14:19 18.3 06:08 0.0 4.6 20.0 1.6 29.0 14:19 SW 03 23.2 28.7 13:28 17.7 05:45 0.0 5.0 0.0 0.7 20.9 22:34 SSE 04 22.6 26.8 12:30 19.7 23:57 0.0 4.2 8.0 4.0 41.8 22:30 SSW 05 18.3 22.2 15:26 13.8 23:58 0.7 0.8 0.8 5.7 41.8 15:36 W 06 18.0 26.0 14:53 10.5 06:01 2.2 2.0 0.8 1.5 29.0 19:10 NW 07 17.1 20.4 18:45 15.1 03:50 1.5 0.2 2.0 0.0 12.9 10:08 WNW 08 19.8 26.2 13:32 13.7 04:22 1.3 2.8 0.0 1.7 25.7 15:44 WNW 09 21.0 27.8 15:08 15.4 05:27 0.6 3.2 0.0 0.9 33.8 15:53 SSW 10 21.6 27.9 14:51 15.6 06:06 0.5 3.8 0.0 0.9 17.7 15:11 S 11 21.4 24.5 17:25 18.8 05:17 0.0 3.1 0.8 1.4 17.7 12:51 S 12 20.7 25.6 13:52 16.8 05:57 0.2 2.6 16.0 2.0 27.4 13:53 WSW 13 21.2 26.4 13:58 15.1 04:58 0.6 3.5 0.0 1.6 22.5 14:17 SW 14 21.3 27.1 11:36 15.9 06:14 0.5 3.5 0.0 0.7 17.7 17:04 NNW 15 21.9 27.4 16:10 17.6 06:55 0.0 3.7 0.4 1.7 20.9 16:13 WNW 16 20.2 24.4 13:46 17.1 06:50 0.2 2.1 0.0 0.4 19.3 04:19 NNE 17 19.3 24.3 11:52 16.1 02:21 0.5 1.6 4.2 1.8 24.1 13:27 ENE 18 23.6 28.4 15:57 19.1 00:03 0.0 5.3 2.0 4.3 41.8 12:40 SW 19 21.2 26.3 14:44 15.0 00:01 0.0 3.0 0.2 3.0 38.6 15:59 W 20 21.5 28.1 16:29 13.7 06:35 1.0 4.2 0.2 1.9 29.0 16:54 SW 21 23.5 29.2 17:07 17.3 06:52 0.1 5.2 0.0 1.6 20.9 17:10 SW 22 22.7 26.2 18:28 17.1 23:50 0.0 4.4 5.8 3.7 40.2 13:33 WSW 23 18.8 25.4 13:37 14.8 06:32 1.2 1.8 0.0 3.3 37.0 13:36 WNW 24 16.2 20.8 17:44 12.5 05:00 2.5 0.3 0.0 0.8 22.5 12:24 NNW 25 16.6 22.4 13:39 10.8 06:37 2.7 1.0 0.0 0.7 20.9 12:38 NNW 26 16.8 22.6 14:48 10.9 06:47 2.7 1.2 0.0 0.9 17.7 12:35 N 27 17.2 22.4 12:15 11.0 05:08 2.2 1.2 0.0 1.2 25.7 11:09 N 28 19.1 23.1 16:25 15.8 06:47 0.7 1.5 0.0 1.7 24.1 15:11 E 29 19.4 22.6 15:58 16.3 23:57 0.2 1.3 0.0 2.2 27.4 18:20 ESE 30 19.3 24.1 14:28 13.4 07:03 1.2 2.1 0.0 1.7 17.7 12:15 SSW 31 16.3 20.1 14:01 10.4 23:46 2.2 0.2 0.4 3.8 37.0 14:28 NNW ---------------------------------------------------------------------------------- 20.2 30.6 2 10.4 19 25.5 85.3 61.8 1.9 41.8 4 WSW Max >= 27.0 10 Max <= 0.0 0 Min <= 0.0 1 Min <= -18.0 0 Max Rain: 20.0 on day 2 Days of Rain: 15 (>= 0.2 mm) 7 (>= 2.0 mm) 1 (>= 20.0 mm) Heat Base: 18.3 Cool Base: 18.3 Method: Integration