North Facing Camera Click On Play Button To View Live Image |
Sky Facing Camera Click On Image To View Full Screen In New Window |
NOAA-Style Climate Reports
Select a Year or Month report
2024: Jan Feb Mar Apr May Jun Jul Aug Sep Oct Nov Dec
2023: Jan Feb Mar Apr May Jun Jul Aug Sep Oct Nov Dec
2022: Jan Feb Mar Apr May Jun Jul Aug Sep Oct Nov Dec
2021: Jan Feb Mar Apr May Jun Jul Aug Sep Oct Nov Dec
2020: Jan Feb Mar Apr May Jun Jul Aug Sep Oct Nov Dec
2019: Jan Feb Mar Apr May Jun Jul Aug Sep Oct Nov Dec
2018: Jan Feb Mar Apr May Jun Jul Aug Sep Oct Nov Dec
2017: Jan Feb Mar Apr May Jun Jul Aug Sep Oct Nov Dec
2016: Jan Feb Mar Apr May Jun Jul Aug Sep Oct Nov Dec
2015: Jan Feb Mar Apr May Jun Jul Aug Sep Oct Nov Dec
2014: Jan Feb Mar Apr May Jun Jul Aug Sep Oct Nov Dec
2013: Jan Feb Mar Apr May Jun Jul Aug Sep Oct Nov Dec
2024: Jan Feb Mar Apr May Jun Jul Aug Sep Oct Nov Dec
2023: Jan Feb Mar Apr May Jun Jul Aug Sep Oct Nov Dec
2022: Jan Feb Mar Apr May Jun Jul Aug Sep Oct Nov Dec
2021: Jan Feb Mar Apr May Jun Jul Aug Sep Oct Nov Dec
2020: Jan Feb Mar Apr May Jun Jul Aug Sep Oct Nov Dec
2019: Jan Feb Mar Apr May Jun Jul Aug Sep Oct Nov Dec
2018: Jan Feb Mar Apr May Jun Jul Aug Sep Oct Nov Dec
2017: Jan Feb Mar Apr May Jun Jul Aug Sep Oct Nov Dec
2016: Jan Feb Mar Apr May Jun Jul Aug Sep Oct Nov Dec
2015: Jan Feb Mar Apr May Jun Jul Aug Sep Oct Nov Dec
2014: Jan Feb Mar Apr May Jun Jul Aug Sep Oct Nov Dec
2013: Jan Feb Mar Apr May Jun Jul Aug Sep Oct Nov Dec
Report for 2017 October
Monthly Climatological Summary for Oct 2017 Name: DW7240 City: Oshawa State: Ontario, Canada Elevation: 358 ft Lat: N 43 53 48 Lon: W 078 52 26 Temperature (°C), Rain (mm), Wind Speed (km/h) Heat Cool Avg Mean Deg Deg Wind Dom Day Temp High Time Low Time Days Days Rain Speed High Time Dir ---------------------------------------------------------------------------------- 01 11.2 17.6 14:00 5.2 07:20 7.1 0.0 0.0 0.7 16.1 12:21 SW 02 13.0 18.6 14:08 6.9 07:00 5.3 0.0 0.0 1.3 22.5 11:37 E 03 16.2 22.0 13:25 11.8 07:41 2.8 0.7 0.0 1.2 20.9 14:06 NNW 04 18.8 24.1 15:11 14.4 23:30 0.9 1.4 0.6 4.3 35.4 15:24 SW 05 15.7 22.2 17:18 8.7 06:25 3.3 0.7 0.2 2.7 30.6 13:45 WSW 06 15.9 19.1 13:14 12.6 03:37 2.5 0.1 1.0 0.4 12.9 15:00 SSW 07 19.4 23.8 16:58 16.7 00:54 0.4 1.5 4.0 2.3 29.0 17:31 S 08 20.0 24.2 13:53 16.7 23:56 0.1 1.7 2.0 3.9 56.3 04:32 WSW 09 17.7 22.6 15:12 14.9 23:58 1.3 0.7 11.8 0.6 19.3 08:54 E 10 17.1 23.6 13:07 12.3 07:30 2.4 1.2 0.2 1.1 25.7 13:43 NW 11 10.0 13.1 00:37 7.1 20:43 8.2 0.0 2.6 0.7 24.1 04:16 NE 12 11.8 15.7 21:26 7.6 04:04 6.5 0.0 0.0 1.0 32.2 09:33 ENE 13 15.1 16.3 16:45 13.8 08:43 3.2 0.0 0.2 0.6 20.9 02:06 SE 14 15.9 19.2 13:50 12.7 05:30 2.5 0.1 5.2 0.6 17.7 23:05 SW 15 16.2 21.6 13:49 8.1 23:56 2.6 0.5 7.2 6.6 62.8 18:27 W 16 6.2 9.3 15:13 1.8 23:52 12.1 0.0 0.0 3.0 29.0 01:05 NNW 17 10.3 18.4 15:46 1.2 03:29 8.0 0.0 0.0 2.8 32.2 11:48 WSW 18 13.8 20.4 15:08 6.9 06:34 4.7 0.1 0.0 0.9 24.1 14:05 SW 19 15.1 21.5 14:31 8.7 02:57 3.7 0.5 0.0 3.3 37.0 13:51 WSW 20 13.1 19.0 15:45 6.6 07:30 5.1 0.0 0.0 1.5 29.0 13:38 WSW 21 13.1 20.7 15:43 6.9 07:30 5.3 0.2 0.0 0.4 14.5 15:11 SSW 22 15.9 21.2 15:41 11.0 04:46 2.8 0.4 0.0 0.9 17.7 18:49 SE 23 16.2 19.5 16:20 12.2 06:25 2.2 0.1 3.8 1.9 25.7 23:13 NE 24 14.2 18.7 00:07 11.8 23:59 4.1 0.0 5.0 6.2 53.1 00:06 SW 25 9.7 11.8 00:00 5.4 23:50 8.5 0.0 0.6 4.0 35.4 00:50 SW 26 6.8 12.1 12:58 1.3 07:44 11.5 0.0 0.0 1.1 25.7 16:21 WNW 27 9.0 14.1 15:48 2.4 04:28 9.2 0.0 0.0 1.6 32.2 13:44 E 28 10.0 14.9 02:59 4.8 23:51 8.2 0.0 3.2 1.3 24.1 11:04 WSW 29 5.9 7.7 13:50 3.6 03:24 12.4 0.0 0.2 1.0 33.8 23:54 N 30 7.4 9.8 12:48 5.8 07:31 10.7 0.0 0.0 9.8 49.9 03:56 WNW 31 6.0 9.7 13:30 3.4 22:16 12.3 0.0 0.0 0.0 0.0 00:00 N ---------------------------------------------------------------------------------- 13.1 24.2 8 1.2 17 169.9 9.9 47.8 2.2 62.8 15 WSW Max >= 27.0 0 Max <= 0.0 0 Min <= 0.0 0 Min <= -18.0 0 Max Rain: 11.8 on day 9 Days of Rain: 16 (>= 0.2 mm) 9 (>= 2.0 mm) 0 (>= 20.0 mm) Heat Base: 18.3 Cool Base: 18.3 Method: Integration