North Facing Camera Click On Play Button To View Live Image |
Sky Facing Camera Click On Image To View Full Screen In New Window |
NOAA-Style Climate Reports
Select a Year or Month report
2024: Jan Feb Mar Apr May Jun Jul Aug Sep Oct Nov Dec
2023: Jan Feb Mar Apr May Jun Jul Aug Sep Oct Nov Dec
2022: Jan Feb Mar Apr May Jun Jul Aug Sep Oct Nov Dec
2021: Jan Feb Mar Apr May Jun Jul Aug Sep Oct Nov Dec
2020: Jan Feb Mar Apr May Jun Jul Aug Sep Oct Nov Dec
2019: Jan Feb Mar Apr May Jun Jul Aug Sep Oct Nov Dec
2018: Jan Feb Mar Apr May Jun Jul Aug Sep Oct Nov Dec
2017: Jan Feb Mar Apr May Jun Jul Aug Sep Oct Nov Dec
2016: Jan Feb Mar Apr May Jun Jul Aug Sep Oct Nov Dec
2015: Jan Feb Mar Apr May Jun Jul Aug Sep Oct Nov Dec
2014: Jan Feb Mar Apr May Jun Jul Aug Sep Oct Nov Dec
2013: Jan Feb Mar Apr May Jun Jul Aug Sep Oct Nov Dec
2024: Jan Feb Mar Apr May Jun Jul Aug Sep Oct Nov Dec
2023: Jan Feb Mar Apr May Jun Jul Aug Sep Oct Nov Dec
2022: Jan Feb Mar Apr May Jun Jul Aug Sep Oct Nov Dec
2021: Jan Feb Mar Apr May Jun Jul Aug Sep Oct Nov Dec
2020: Jan Feb Mar Apr May Jun Jul Aug Sep Oct Nov Dec
2019: Jan Feb Mar Apr May Jun Jul Aug Sep Oct Nov Dec
2018: Jan Feb Mar Apr May Jun Jul Aug Sep Oct Nov Dec
2017: Jan Feb Mar Apr May Jun Jul Aug Sep Oct Nov Dec
2016: Jan Feb Mar Apr May Jun Jul Aug Sep Oct Nov Dec
2015: Jan Feb Mar Apr May Jun Jul Aug Sep Oct Nov Dec
2014: Jan Feb Mar Apr May Jun Jul Aug Sep Oct Nov Dec
2013: Jan Feb Mar Apr May Jun Jul Aug Sep Oct Nov Dec
Report for 2017 November
Monthly Climatological Summary for Nov 2017 Name: DW7240 City: Oshawa State: Ontario, Canada Elevation: 358 ft Lat: N 43 53 48 Lon: W 078 52 26 Temperature (°C), Rain (mm), Wind Speed (km/h) Heat Cool Avg Mean Deg Deg Wind Dom Day Temp High Time Low Time Days Days Rain Speed High Time Dir ---------------------------------------------------------------------------------- 01 5.7 8.1 13:31 3.4 00:48 12.6 0.0 0.2 0.0 0.0 00:00 N 02 10.8 13.8 19:08 6.1 00:08 7.5 0.0 6.4 0.0 0.0 00:00 N 03 9.2 14.1 00:25 2.3 23:58 9.0 0.0 3.0 2.7 41.8 16:39 NW 04 4.1 6.8 23:58 0.8 05:31 13.6 0.0 0.0 0.0 4.8 11:30 N 05 10.6 14.3 23:58 6.8 00:00 7.9 0.0 9.8 0.1 24.1 01:55 E 06 7.6 14.6 00:14 4.1 23:59 10.7 0.0 0.4 0.0 3.2 03:58 N 07 4.4 6.6 12:16 2.7 07:15 13.9 0.0 0.0 0.0 8.0 02:03 N 08 5.3 8.3 11:30 0.2 23:51 6.8 0.0 0.0 0.0 16.1 12:29 SW 09 2.9 8.4 15:00 -3.8 23:58 15.4 0.0 0.6 0.8 37.0 20:45 NW 10 -6.6 -3.8 00:00 -10.7 07:59 24.1 0.0 0.2 0.2 24.1 00:00 NNW 11 -3.1 1.4 22:09 -8.8 07:17 21.3 0.0 0.0 0.0 0.0 00:00 N 12 3.0 5.4 15:02 -0.5 00:00 15.3 0.0 0.0 0.0 1.6 01:36 N 13 3.9 5.2 14:36 2.6 05:51 14.4 0.0 0.2 0.0 1.6 15:50 N 14 3.9 6.7 14:18 1.3 21:33 14.4 0.0 0.0 0.0 1.6 07:43 N 15 4.9 8.2 20:26 0.3 05:54 13.4 0.0 1.8 0.0 1.6 04:44 N 16 5.1 7.8 02:00 -0.2 23:51 13.1 0.0 2.2 0.0 1.6 03:30 N 17 0.3 3.8 23:57 -3.6 07:18 17.9 0.0 0.0 0.0 1.6 03:20 N 18 5.9 7.8 17:35 3.8 00:00 12.5 0.0 9.8 0.0 0.0 00:00 N 19 1.0 4.5 00:00 -2.6 23:57 17.3 0.0 2.6 0.0 0.0 00:00 N 20 1.8 5.7 21:41 -3.7 02:07 16.5 0.0 0.2 0.0 0.0 00:00 N 21 7.4 9.9 11:54 3.7 23:50 10.9 0.0 0.2 0.0 0.0 00:00 N 22 0.3 3.7 00:00 -2.8 23:10 18.0 0.0 0.0 0.0 0.0 00:00 N 23 1.5 3.9 16:41 -2.6 00:00 16.9 0.0 0.0 0.0 0.0 00:00 N 24 5.9 9.2 13:30 1.9 04:46 12.1 0.0 0.0 3.9 40.2 12:21 SW 25 7.1 10.0 12:05 2.8 23:59 11.2 0.0 1.4 4.1 38.6 22:23 WNW 26 1.4 3.0 22:51 -0.8 07:35 16.8 0.0 0.0 7.6 38.6 00:15 WNW 27 0.2 4.8 01:09 -2.7 21:16 18.0 0.0 0.0 5.5 41.8 01:38 NNW 28 6.8 13.3 20:57 -2.8 00:43 11.5 0.0 0.0 4.8 43.5 20:57 SSW 29 5.0 12.8 00:00 -1.4 22:27 13.3 0.0 0.0 4.3 38.6 09:41 NW 30 3.5 5.9 18:05 -1.4 02:52 14.8 0.0 2.2 1.4 25.7 17:34 SW ---------------------------------------------------------------------------------- 4.0 14.6 6 -10.7 10 421.1 0.0 41.2 1.2 43.5 28 WNW Max >= 27.0 0 Max <= 0.0 1 Min <= 0.0 15 Min <= -18.0 0 Max Rain: 9.8 on day 5 Days of Rain: 16 (>= 0.2 mm) 7 (>= 2.0 mm) 0 (>= 20.0 mm) Heat Base: 18.3 Cool Base: 18.3 Method: Integration