North Facing Camera Click On Play Button To View Live Image |
Sky Facing Camera Click On Image To View Full Screen In New Window |
NOAA-Style Climate Reports
Select a Year or Month report
2024: Jan Feb Mar Apr May Jun Jul Aug Sep Oct Nov Dec
2023: Jan Feb Mar Apr May Jun Jul Aug Sep Oct Nov Dec
2022: Jan Feb Mar Apr May Jun Jul Aug Sep Oct Nov Dec
2021: Jan Feb Mar Apr May Jun Jul Aug Sep Oct Nov Dec
2020: Jan Feb Mar Apr May Jun Jul Aug Sep Oct Nov Dec
2019: Jan Feb Mar Apr May Jun Jul Aug Sep Oct Nov Dec
2018: Jan Feb Mar Apr May Jun Jul Aug Sep Oct Nov Dec
2017: Jan Feb Mar Apr May Jun Jul Aug Sep Oct Nov Dec
2016: Jan Feb Mar Apr May Jun Jul Aug Sep Oct Nov Dec
2015: Jan Feb Mar Apr May Jun Jul Aug Sep Oct Nov Dec
2014: Jan Feb Mar Apr May Jun Jul Aug Sep Oct Nov Dec
2013: Jan Feb Mar Apr May Jun Jul Aug Sep Oct Nov Dec
2024: Jan Feb Mar Apr May Jun Jul Aug Sep Oct Nov Dec
2023: Jan Feb Mar Apr May Jun Jul Aug Sep Oct Nov Dec
2022: Jan Feb Mar Apr May Jun Jul Aug Sep Oct Nov Dec
2021: Jan Feb Mar Apr May Jun Jul Aug Sep Oct Nov Dec
2020: Jan Feb Mar Apr May Jun Jul Aug Sep Oct Nov Dec
2019: Jan Feb Mar Apr May Jun Jul Aug Sep Oct Nov Dec
2018: Jan Feb Mar Apr May Jun Jul Aug Sep Oct Nov Dec
2017: Jan Feb Mar Apr May Jun Jul Aug Sep Oct Nov Dec
2016: Jan Feb Mar Apr May Jun Jul Aug Sep Oct Nov Dec
2015: Jan Feb Mar Apr May Jun Jul Aug Sep Oct Nov Dec
2014: Jan Feb Mar Apr May Jun Jul Aug Sep Oct Nov Dec
2013: Jan Feb Mar Apr May Jun Jul Aug Sep Oct Nov Dec
Report for 2018 May
Monthly Climatological Summary for May 2018 Name: DW7240 City: Oshawa State: Ontario, Canada Elevation: 390 ft Lat: N 43 53 49 Lon: W 078 52 26 Temperature (°C), Rain (mm), Wind Speed (km/h) Heat Cool Avg Mean Deg Deg Wind Dom Day Temp High Time Low Time Days Days Rain Speed High Time Dir ---------------------------------------------------------------------------------- 01 13.0 21.3 17:37 4.1 05:12 5.7 0.5 0.0 0.0 0.0 00:00 N 02 17.5 24.8 17:37 10.3 05:47 2.5 1.7 0.0 0.0 0.0 00:00 N 03 15.4 20.4 10:35 11.4 23:49 3.0 0.0 2.4 0.0 0.0 00:00 N 04 12.1 19.8 17:43 8.8 23:51 1.8 0.0 2.6 3.9 74.0 18:00 W 05 13.8 21.8 17:13 4.5 06:25 4.9 0.4 0.0 2.3 37.0 14:22 SW 06 15.1 18.6 15:00 10.9 04:57 3.2 0.0 0.0 2.2 22.5 12:00 E 07 13.0 16.5 11:19 8.4 23:51 5.3 0.0 0.0 2.1 24.1 07:48 ESE 08 13.1 19.3 12:24 4.4 05:30 5.3 0.1 0.0 1.3 22.5 12:58 SE 09 16.3 24.4 15:32 9.6 02:38 2.9 0.8 0.0 2.2 25.7 16:05 ESE 10 16.0 21.5 11:59 7.6 23:55 2.8 0.5 4.8 7.5 46.7 13:32 WNW 11 8.4 11.9 11:33 5.6 05:40 9.8 0.0 0.0 2.3 29.0 00:09 NNW 12 10.4 15.8 16:00 5.4 02:24 7.6 0.0 0.0 1.2 19.3 14:00 SE 13 12.7 18.9 13:49 7.6 05:30 5.5 0.0 0.0 2.3 25.7 12:04 ESE 14 14.6 21.7 14:49 6.8 05:55 4.3 0.6 0.0 2.4 25.7 14:04 SW 15 16.5 22.2 16:17 12.3 23:57 2.3 0.5 22.0 1.3 25.7 17:32 NW 16 14.5 21.4 19:11 9.8 05:43 4.1 0.3 0.0 1.4 22.5 12:48 ESE 17 17.5 25.9 13:22 10.7 06:02 2.4 1.6 0.0 1.4 24.1 13:38 E 18 14.5 18.5 12:31 9.3 06:00 3.8 0.0 0.0 1.0 29.0 02:00 ENE 19 13.6 15.9 18:16 10.4 10:14 4.7 0.0 7.4 0.1 22.5 07:13 E 20 16.3 21.9 15:29 10.1 23:53 2.6 0.6 0.8 0.0 12.9 09:44 NNW 21 15.1 21.3 15:46 7.5 05:45 3.8 0.6 0.0 0.1 16.1 01:29 NNW 22 14.6 18.2 00:08 11.3 07:45 3.7 0.0 1.8 0.0 4.8 07:37 N 23 19.4 26.8 14:57 11.4 05:47 1.9 2.9 0.0 0.0 12.9 09:55 N 24 21.2 26.9 17:21 17.5 23:59 0.0 0.8 0.0 0.0 0.0 00:00 N 25 20.4 27.8 14:49 13.7 04:41 0.9 3.0 0.0 0.0 0.0 00:00 N 26 20.9 27.3 16:34 14.9 05:35 0.8 3.3 0.0 0.0 6.4 10:57 N 27 20.1 26.1 15:02 15.1 00:01 0.7 2.5 0.0 0.0 0.0 00:00 N 28 22.7 32.1 17:28 15.7 04:40 0.5 4.8 0.0 0.0 11.3 17:21 N 29 22.9 27.8 10:40 19.2 23:24 0.0 4.6 0.0 1.2 24.1 14:50 SE 30 23.6 30.2 17:28 18.3 05:36 0.0 5.3 0.0 2.5 24.1 13:08 E 31 22.8 27.9 16:25 19.1 09:55 0.0 4.5 8.0 2.9 27.4 15:53 S ---------------------------------------------------------------------------------- 16.4 32.1 28 4.1 1 96.8 39.9 49.8 1.3 74.0 4 S Max >= 27.0 6 Max <= 0.0 0 Min <= 0.0 0 Min <= -18.0 0 Max Rain: 22.0 on day 15 Days of Rain: 8 (>= 0.2 mm) 6 (>= 2.0 mm) 1 (>= 20.0 mm) Heat Base: 18.3 Cool Base: 18.3 Method: Integration