North Facing Camera Click On Play Button To View Live Image |
Sky Facing Camera Click On Image To View Full Screen In New Window |
NOAA-Style Climate Reports
Select a Year or Month report
2024: Jan Feb Mar Apr May Jun Jul Aug Sep Oct Nov Dec
2023: Jan Feb Mar Apr May Jun Jul Aug Sep Oct Nov Dec
2022: Jan Feb Mar Apr May Jun Jul Aug Sep Oct Nov Dec
2021: Jan Feb Mar Apr May Jun Jul Aug Sep Oct Nov Dec
2020: Jan Feb Mar Apr May Jun Jul Aug Sep Oct Nov Dec
2019: Jan Feb Mar Apr May Jun Jul Aug Sep Oct Nov Dec
2018: Jan Feb Mar Apr May Jun Jul Aug Sep Oct Nov Dec
2017: Jan Feb Mar Apr May Jun Jul Aug Sep Oct Nov Dec
2016: Jan Feb Mar Apr May Jun Jul Aug Sep Oct Nov Dec
2015: Jan Feb Mar Apr May Jun Jul Aug Sep Oct Nov Dec
2014: Jan Feb Mar Apr May Jun Jul Aug Sep Oct Nov Dec
2013: Jan Feb Mar Apr May Jun Jul Aug Sep Oct Nov Dec
2024: Jan Feb Mar Apr May Jun Jul Aug Sep Oct Nov Dec
2023: Jan Feb Mar Apr May Jun Jul Aug Sep Oct Nov Dec
2022: Jan Feb Mar Apr May Jun Jul Aug Sep Oct Nov Dec
2021: Jan Feb Mar Apr May Jun Jul Aug Sep Oct Nov Dec
2020: Jan Feb Mar Apr May Jun Jul Aug Sep Oct Nov Dec
2019: Jan Feb Mar Apr May Jun Jul Aug Sep Oct Nov Dec
2018: Jan Feb Mar Apr May Jun Jul Aug Sep Oct Nov Dec
2017: Jan Feb Mar Apr May Jun Jul Aug Sep Oct Nov Dec
2016: Jan Feb Mar Apr May Jun Jul Aug Sep Oct Nov Dec
2015: Jan Feb Mar Apr May Jun Jul Aug Sep Oct Nov Dec
2014: Jan Feb Mar Apr May Jun Jul Aug Sep Oct Nov Dec
2013: Jan Feb Mar Apr May Jun Jul Aug Sep Oct Nov Dec
Report for 2018 July
Monthly Climatological Summary for Jul 2018 Name: DW7240 City: Oshawa State: Ontario, Canada Elevation: 390 ft Lat: N 43 53 48 Lon: W 078 52 26 Temperature (°C), Rain (mm), Wind Speed (km/h) Heat Cool Avg Mean Deg Deg Wind Dom Day Temp High Time Low Time Days Days Rain Speed High Time Dir ---------------------------------------------------------------------------------- 01 27.8 34.8 15:30 22.1 05:18 0.0 9.4 0.0 2.6 27.4 13:14 SW 02 26.7 32.8 15:25 21.9 23:52 0.0 8.4 3.2 3.5 38.6 12:49 WSW 03 24.9 31.0 16:55 17.4 04:37 0.0 6.6 0.0 1.1 19.3 12:09 SSW 04 26.2 32.7 16:20 18.3 05:56 0.0 7.8 0.0 1.5 22.5 13:30 ESE 05 26.8 34.1 16:43 21.6 05:36 0.0 8.5 9.0 2.3 32.2 18:29 SW 06 21.5 25.2 17:17 16.4 23:59 0.1 3.3 0.0 3.6 37.0 10:03 NNW 07 21.2 26.7 16:43 14.5 05:39 0.9 3.9 0.0 2.3 24.1 13:06 WNW 08 22.7 28.9 15:01 14.7 05:59 0.6 5.0 0.0 2.5 22.5 15:21 W 09 23.8 31.7 15:20 14.9 05:48 0.5 6.0 0.0 2.7 29.0 14:20 W 10 25.4 31.2 14:58 20.4 03:17 0.0 7.1 0.0 1.1 29.0 19:25 NNW 11 22.4 27.2 12:34 16.3 05:54 0.2 4.3 0.0 1.8 32.2 11:19 SSW 12 24.3 29.3 17:04 18.2 06:02 0.0 6.0 0.0 2.2 22.5 13:03 SW 13 24.9 30.8 15:03 21.4 04:56 0.0 6.6 0.0 1.3 22.5 13:59 S 14 24.3 26.9 15:13 21.9 04:34 0.0 5.9 1.4 1.1 25.7 13:54 WNW 15 25.8 31.6 15:49 20.0 05:49 0.0 7.4 0.0 1.3 19.3 13:35 S 16 23.3 29.7 12:47 20.6 03:47 0.0 4.9 7.2 1.0 32.2 17:10 W 17 23.5 27.7 16:16 19.4 23:56 0.0 5.2 0.2 3.6 37.0 14:09 NW 18 20.4 24.9 17:17 15.4 05:51 0.4 2.5 0.0 2.1 24.1 13:29 NW 19 21.2 28.0 17:27 18.0 00:01 0.7 3.6 0.0 1.4 20.9 14:52 SW 20 24.0 29.2 14:58 18.0 03:09 0.0 5.7 0.0 3.4 37.0 17:15 N 21 24.0 26.1 17:17 21.0 23:55 0.0 5.7 0.0 4.1 37.0 02:33 NE 22 20.3 23.9 17:03 17.2 08:35 0.1 2.0 19.4 2.1 43.5 13:24 NE 23 23.1 27.2 14:40 20.7 02:06 0.0 4.8 9.0 1.8 19.3 11:19 NE 24 24.3 29.3 15:05 21.4 01:06 0.0 6.0 18.0 0.3 16.1 09:42 ESE 25 24.6 29.9 16:04 20.4 23:59 0.0 6.3 0.2 0.1 17.7 20:32 NNW 26 22.4 29.3 14:21 16.9 06:12 0.1 4.2 0.6 0.0 22.5 17:09 NW 27 22.8 26.8 15:18 17.7 06:21 0.0 4.6 0.0 0.1 29.0 15:06 SW 28 20.1 24.2 16:58 16.6 06:19 0.2 2.0 2.0 0.3 22.5 17:32 WNW 29 19.3 26.9 15:38 13.6 06:23 1.3 2.3 0.8 1.4 29.0 17:44 W 30 21.1 26.9 14:35 15.0 06:00 0.8 3.5 0.2 0.3 19.3 13:50 SSE 31 22.8 26.4 11:06 19.0 06:11 0.0 4.5 0.0 0.2 16.1 10:41 N ---------------------------------------------------------------------------------- 23.4 34.8 1 0.0 19 5.9 164.0 71.2 1.7 43.5 22 WNW Max >= 27.0 20 Max <= 0.0 0 Min <= 0.0 1 Min <= -18.0 0 Max Rain: 19.4 on day 22 Days of Rain: 13 (>= 0.2 mm) 7 (>= 2.0 mm) 0 (>= 20.0 mm) Heat Base: 18.3 Cool Base: 18.3 Method: Integration