North Facing Camera Click On Play Button To View Live Image |
Sky Facing Camera Click On Image To View Full Screen In New Window |
NOAA-Style Climate Reports
Select a Year or Month report
2024: Jan Feb Mar Apr May Jun Jul Aug Sep Oct Nov Dec
2023: Jan Feb Mar Apr May Jun Jul Aug Sep Oct Nov Dec
2022: Jan Feb Mar Apr May Jun Jul Aug Sep Oct Nov Dec
2021: Jan Feb Mar Apr May Jun Jul Aug Sep Oct Nov Dec
2020: Jan Feb Mar Apr May Jun Jul Aug Sep Oct Nov Dec
2019: Jan Feb Mar Apr May Jun Jul Aug Sep Oct Nov Dec
2018: Jan Feb Mar Apr May Jun Jul Aug Sep Oct Nov Dec
2017: Jan Feb Mar Apr May Jun Jul Aug Sep Oct Nov Dec
2016: Jan Feb Mar Apr May Jun Jul Aug Sep Oct Nov Dec
2015: Jan Feb Mar Apr May Jun Jul Aug Sep Oct Nov Dec
2014: Jan Feb Mar Apr May Jun Jul Aug Sep Oct Nov Dec
2013: Jan Feb Mar Apr May Jun Jul Aug Sep Oct Nov Dec
2024: Jan Feb Mar Apr May Jun Jul Aug Sep Oct Nov Dec
2023: Jan Feb Mar Apr May Jun Jul Aug Sep Oct Nov Dec
2022: Jan Feb Mar Apr May Jun Jul Aug Sep Oct Nov Dec
2021: Jan Feb Mar Apr May Jun Jul Aug Sep Oct Nov Dec
2020: Jan Feb Mar Apr May Jun Jul Aug Sep Oct Nov Dec
2019: Jan Feb Mar Apr May Jun Jul Aug Sep Oct Nov Dec
2018: Jan Feb Mar Apr May Jun Jul Aug Sep Oct Nov Dec
2017: Jan Feb Mar Apr May Jun Jul Aug Sep Oct Nov Dec
2016: Jan Feb Mar Apr May Jun Jul Aug Sep Oct Nov Dec
2015: Jan Feb Mar Apr May Jun Jul Aug Sep Oct Nov Dec
2014: Jan Feb Mar Apr May Jun Jul Aug Sep Oct Nov Dec
2013: Jan Feb Mar Apr May Jun Jul Aug Sep Oct Nov Dec
Report for 2018 August
Monthly Climatological Summary for Aug 2018 Name: DW7240 City: Oshawa State: Ontario, Canada Elevation: 390 ft Lat: N 43 53 48 Lon: W 078 52 26 Temperature (°C), Rain (mm), Wind Speed (km/h) Heat Cool Avg Mean Deg Deg Wind Dom Day Temp High Time Low Time Days Days Rain Speed High Time Dir ---------------------------------------------------------------------------------- 01 24.1 27.4 13:54 22.1 05:52 0.0 5.8 0.0 0.1 12.9 05:31 NNW 02 24.3 28.2 16:28 20.6 06:37 0.0 6.0 0.0 0.7 24.1 22:28 SW 03 23.8 28.3 14:34 19.5 06:32 0.0 5.5 0.0 0.3 19.3 19:11 NE 04 25.3 30.6 16:13 20.6 04:26 0.0 7.0 0.0 1.6 19.3 18:03 SW 05 25.8 31.8 16:12 19.2 06:19 0.0 7.4 0.0 1.7 30.6 20:36 WNW 06 25.6 32.8 14:39 22.0 17:21 0.0 7.3 15.0 2.7 56.3 15:30 W 07 24.6 28.2 13:12 21.1 05:31 0.0 6.3 1.0 0.7 20.9 13:33 WSW 08 23.2 27.2 14:21 20.7 10:42 0.0 4.9 28.8 0.1 9.7 12:04 NE 09 22.8 29.7 16:19 16.8 06:31 0.2 4.6 1.8 0.1 17.7 21:49 NW 10 21.8 26.2 16:10 16.4 06:36 0.2 3.7 0.2 2.0 19.3 09:38 NNE 11 22.6 28.4 15:11 16.5 04:53 0.4 4.7 0.0 1.3 17.7 11:06 NNW 12 23.6 28.7 12:06 18.7 04:21 0.0 5.3 0.0 1.3 17.7 13:31 ESE 13 23.8 28.4 14:12 19.2 06:36 0.0 5.5 0.0 1.5 17.7 09:53 NW 14 25.2 31.1 15:05 21.5 04:17 0.0 6.9 0.0 2.3 24.1 09:44 NW 15 26.6 33.7 16:30 20.4 05:45 0.0 8.2 0.0 1.8 27.4 11:56 W 16 24.7 28.3 13:12 20.9 06:00 0.0 6.3 0.0 1.9 22.5 11:50 E 17 24.1 28.6 14:07 20.9 23:58 0.0 5.7 22.4 3.2 27.4 11:46 WSW 18 21.9 25.3 15:08 18.8 06:40 0.0 3.6 0.0 1.6 20.9 09:13 NE 19 21.6 25.3 13:53 16.8 06:21 0.1 3.4 0.0 1.2 25.7 12:37 N 20 22.2 26.2 13:44 18.5 04:37 0.0 3.9 0.0 3.3 24.1 19:04 NE 21 22.3 23.8 18:06 20.8 06:48 0.0 3.9 24.4 2.0 37.0 18:07 S 22 19.4 22.9 00:00 15.1 23:57 0.3 1.4 0.2 3.4 37.0 17:19 NNW 23 20.6 27.8 13:49 12.8 05:04 1.5 3.7 0.0 2.4 32.2 15:32 WNW 24 21.7 27.8 15:04 14.3 06:43 0.8 4.2 0.0 2.3 27.4 14:47 SSW 25 22.5 27.3 12:33 20.4 02:21 0.0 4.2 1.2 2.1 25.7 13:46 SW 26 24.0 30.2 16:13 19.9 06:44 0.0 5.7 6.2 2.4 27.4 16:25 WSW 27 22.9 25.7 16:21 19.3 03:54 0.0 4.6 0.6 0.9 16.1 13:33 S 28 28.5 32.8 14:53 23.4 07:44 0.0 6.9 0.0 4.1 40.2 14:32 WSW 29 25.4 29.4 14:55 20.8 23:40 0.0 7.1 0.0 2.8 32.2 10:42 W 30 18.1 20.8 00:00 15.6 23:57 0.7 0.5 0.0 0.7 20.9 07:04 N 31 19.1 23.7 12:40 14.5 01:10 0.9 1.6 0.0 2.0 20.9 04:23 E ---------------------------------------------------------------------------------- 23.3 33.7 15 12.8 23 5.1 155.8 101.8 1.8 56.3 6 W Max >= 27.0 22 Max <= 0.0 0 Min <= 0.0 0 Min <= -18.0 0 Max Rain: 28.8 on day 8 Days of Rain: 11 (>= 0.2 mm) 5 (>= 2.0 mm) 3 (>= 20.0 mm) Heat Base: 18.3 Cool Base: 18.3 Method: Integration