North Facing Camera Click On Play Button To View Live Image |
Sky Facing Camera Click On Image To View Full Screen In New Window |
NOAA-Style Climate Reports
Select a Year or Month report
2024: Jan Feb Mar Apr May Jun Jul Aug Sep Oct Nov Dec
2023: Jan Feb Mar Apr May Jun Jul Aug Sep Oct Nov Dec
2022: Jan Feb Mar Apr May Jun Jul Aug Sep Oct Nov Dec
2021: Jan Feb Mar Apr May Jun Jul Aug Sep Oct Nov Dec
2020: Jan Feb Mar Apr May Jun Jul Aug Sep Oct Nov Dec
2019: Jan Feb Mar Apr May Jun Jul Aug Sep Oct Nov Dec
2018: Jan Feb Mar Apr May Jun Jul Aug Sep Oct Nov Dec
2017: Jan Feb Mar Apr May Jun Jul Aug Sep Oct Nov Dec
2016: Jan Feb Mar Apr May Jun Jul Aug Sep Oct Nov Dec
2015: Jan Feb Mar Apr May Jun Jul Aug Sep Oct Nov Dec
2014: Jan Feb Mar Apr May Jun Jul Aug Sep Oct Nov Dec
2013: Jan Feb Mar Apr May Jun Jul Aug Sep Oct Nov Dec
2024: Jan Feb Mar Apr May Jun Jul Aug Sep Oct Nov Dec
2023: Jan Feb Mar Apr May Jun Jul Aug Sep Oct Nov Dec
2022: Jan Feb Mar Apr May Jun Jul Aug Sep Oct Nov Dec
2021: Jan Feb Mar Apr May Jun Jul Aug Sep Oct Nov Dec
2020: Jan Feb Mar Apr May Jun Jul Aug Sep Oct Nov Dec
2019: Jan Feb Mar Apr May Jun Jul Aug Sep Oct Nov Dec
2018: Jan Feb Mar Apr May Jun Jul Aug Sep Oct Nov Dec
2017: Jan Feb Mar Apr May Jun Jul Aug Sep Oct Nov Dec
2016: Jan Feb Mar Apr May Jun Jul Aug Sep Oct Nov Dec
2015: Jan Feb Mar Apr May Jun Jul Aug Sep Oct Nov Dec
2014: Jan Feb Mar Apr May Jun Jul Aug Sep Oct Nov Dec
2013: Jan Feb Mar Apr May Jun Jul Aug Sep Oct Nov Dec
Report for 2018 November
Monthly Climatological Summary for Nov 2018 Name: DW7240 City: Oshawa State: Ontario, Canada Elevation: 390 ft Lat: N 43 53 48 Lon: W 078 52 26 Temperature (°C), Rain (mm), Wind Speed (km/h) Heat Cool Avg Mean Deg Deg Wind Dom Day Temp High Time Low Time Days Days Rain Speed High Time Dir ---------------------------------------------------------------------------------- 01 6.6 8.5 11:29 4.3 00:59 11.7 0.0 16.4 1.0 38.6 13:02 NE 02 5.0 6.1 14:23 4.1 08:00 13.3 0.0 6.0 2.5 38.6 12:26 NE 03 4.8 7.1 13:28 2.3 23:59 13.5 0.0 1.8 4.1 46.7 14:54 NW 04 3.9 7.7 12:13 -0.9 05:30 14.9 0.0 0.0 3.2 29.0 14:22 ENE 05 9.1 10.4 16:38 5.4 00:02 9.2 0.0 1.0 1.2 27.4 01:42 E 06 10.5 14.1 13:36 8.9 23:59 7.8 0.0 4.2 7.4 59.5 08:04 WSW 07 7.4 9.3 02:20 4.9 22:10 10.8 0.0 0.4 6.8 41.8 17:31 WNW 08 5.1 7.3 15:17 1.5 23:59 13.2 0.0 0.0 2.3 29.0 00:20 WNW 09 3.2 4.8 20:39 1.5 00:00 15.1 0.0 9.0 3.7 35.4 13:13 ESE 10 0.7 3.4 00:00 -1.3 07:01 17.6 0.0 0.0 14.1 54.7 03:03 WNW 11 0.6 4.0 12:51 -2.9 07:29 17.7 0.0 0.0 0.6 16.1 00:02 W 12 3.3 6.3 14:40 -0.4 00:08 15.0 0.0 0.4 0.9 17.7 11:04 SSW 13 0.4 3.4 00:00 -3.0 23:54 17.6 0.0 0.8 4.6 43.5 13:13 NNW 14 -4.6 -0.6 14:54 -6.9 05:54 22.9 0.0 0.0 2.5 32.2 00:01 N 15 -1.8 1.4 13:35 -5.9 02:52 20.1 0.0 3.6 5.9 33.8 11:06 E 16 1.4 2.6 23:48 0.4 01:39 16.9 0.0 5.8 2.4 29.0 15:37 W 17 1.3 3.3 11:34 -2.6 23:58 17.0 0.0 0.2 2.8 30.6 11:51 WNW 18 -0.2 2.9 21:51 -4.4 05:58 18.5 0.0 0.0 0.9 16.1 21:43 SSE 19 1.1 4.6 11:31 -2.5 06:09 17.0 0.0 0.0 0.7 17.7 14:25 WSW 20 -1.0 1.0 05:20 -3.7 17:49 19.3 0.0 0.2 3.0 33.8 11:21 NNW 21 -4.5 1.2 06:57 -13.6 23:29 22.8 0.0 0.2 10.5 54.7 11:12 NW 22 -11.0 -7.4 14:51 -13.8 07:23 29.1 0.0 0.0 3.3 25.7 03:32 N 23 -2.8 0.4 13:56 -9.9 01:02 21.1 0.0 0.0 2.3 25.7 02:06 SSE 24 3.9 4.8 23:57 1.9 13:03 6.9 0.0 3.8 1.8 22.5 13:25 E 25 5.9 7.6 12:56 3.6 22:39 12.5 0.0 0.0 1.5 24.1 12:33 WNW 26 4.7 6.2 17:06 3.1 02:12 13.5 0.0 19.6 5.0 43.5 11:12 E 27 1.2 3.4 00:00 -0.8 23:08 17.1 0.0 0.2 6.5 38.6 11:56 NW 28 0.8 2.6 14:27 -1.0 00:49 17.5 0.0 0.2 9.4 40.2 10:26 NNW 29 1.9 4.9 11:39 -0.3 04:52 16.0 0.0 0.0 1.0 24.1 13:23 WNW 30 1.8 2.5 15:47 0.9 05:12 16.5 0.0 0.0 0.4 14.5 02:08 NE ---------------------------------------------------------------------------------- 2.0 14.1 6 -13.8 22 482.1 0.0 73.8 3.8 59.5 6 NW Max >= 27.0 0 Max <= 0.0 2 Min <= 0.0 17 Min <= -18.0 0 Max Rain: 19.6 on day 26 Days of Rain: 18 (>= 0.2 mm) 8 (>= 2.0 mm) 0 (>= 20.0 mm) Heat Base: 18.3 Cool Base: 18.3 Method: Integration