North Facing Camera Click On Play Button To View Live Image |
Sky Facing Camera Click On Image To View Full Screen In New Window |
NOAA-Style Climate Reports
Select a Year or Month report
2024: Jan Feb Mar Apr May Jun Jul Aug Sep Oct Nov Dec
2023: Jan Feb Mar Apr May Jun Jul Aug Sep Oct Nov Dec
2022: Jan Feb Mar Apr May Jun Jul Aug Sep Oct Nov Dec
2021: Jan Feb Mar Apr May Jun Jul Aug Sep Oct Nov Dec
2020: Jan Feb Mar Apr May Jun Jul Aug Sep Oct Nov Dec
2019: Jan Feb Mar Apr May Jun Jul Aug Sep Oct Nov Dec
2018: Jan Feb Mar Apr May Jun Jul Aug Sep Oct Nov Dec
2017: Jan Feb Mar Apr May Jun Jul Aug Sep Oct Nov Dec
2016: Jan Feb Mar Apr May Jun Jul Aug Sep Oct Nov Dec
2015: Jan Feb Mar Apr May Jun Jul Aug Sep Oct Nov Dec
2014: Jan Feb Mar Apr May Jun Jul Aug Sep Oct Nov Dec
2013: Jan Feb Mar Apr May Jun Jul Aug Sep Oct Nov Dec
2024: Jan Feb Mar Apr May Jun Jul Aug Sep Oct Nov Dec
2023: Jan Feb Mar Apr May Jun Jul Aug Sep Oct Nov Dec
2022: Jan Feb Mar Apr May Jun Jul Aug Sep Oct Nov Dec
2021: Jan Feb Mar Apr May Jun Jul Aug Sep Oct Nov Dec
2020: Jan Feb Mar Apr May Jun Jul Aug Sep Oct Nov Dec
2019: Jan Feb Mar Apr May Jun Jul Aug Sep Oct Nov Dec
2018: Jan Feb Mar Apr May Jun Jul Aug Sep Oct Nov Dec
2017: Jan Feb Mar Apr May Jun Jul Aug Sep Oct Nov Dec
2016: Jan Feb Mar Apr May Jun Jul Aug Sep Oct Nov Dec
2015: Jan Feb Mar Apr May Jun Jul Aug Sep Oct Nov Dec
2014: Jan Feb Mar Apr May Jun Jul Aug Sep Oct Nov Dec
2013: Jan Feb Mar Apr May Jun Jul Aug Sep Oct Nov Dec
Report for 2019 April
Monthly Climatological Summary for Apr 2019 Name: DW7240 City: Oshawa State: Ontario, Canada Elevation: 390 ft Lat: N 43 53 48 Lon: W 078 52 26 Temperature (°C), Rain (mm), Wind Speed (km/h) Heat Cool Avg Mean Deg Deg Wind Dom Day Temp High Time Low Time Days Days Rain Speed High Time Dir ---------------------------------------------------------------------------------- 01 -0.3 4.0 13:58 -5.1 07:05 18.6 0.0 0.0 4.8 38.6 16:32 W 02 4.1 9.1 14:54 0.7 03:17 14.2 0.0 0.0 3.0 25.7 09:53 SSW 03 4.6 8.3 10:39 1.1 23:49 13.7 0.0 0.0 9.3 66.0 10:55 WNW 04 1.9 6.2 15:56 -1.8 06:54 16.3 0.0 0.0 2.5 27.4 12:10 NNW 05 1.3 2.7 10:58 -1.6 02:20 16.6 0.0 0.0 4.3 32.2 10:05 E 06 7.3 11.9 16:54 2.5 00:00 11.0 0.0 0.0 1.5 20.9 12:55 WSW 07 9.8 13.2 13:56 5.8 05:27 8.4 0.0 4.0 4.7 30.6 20:55 E 08 10.8 17.4 13:42 6.4 08:54 7.4 0.0 3.6 11.6 52.7 07:55 SSE 09 6.7 10.6 14:18 3.9 23:58 11.5 0.0 0.4 5.7 46.7 13:05 NW 10 3.9 8.2 15:22 1.1 08:07 14.3 0.0 0.0 2.2 25.7 09:32 NNW 11 1.1 4.7 23:42 -1.2 05:57 17.2 0.0 0.4 5.5 38.6 23:36 ENE 12 9.6 14.1 14:04 4.7 00:00 8.7 0.0 1.6 7.1 40.2 05:36 E 13 9.6 15.1 14:28 3.8 07:07 8.6 0.0 0.0 4.0 41.8 16:18 WSW 14 3.5 5.0 00:00 1.8 06:41 14.7 0.0 16.8 3.6 35.4 22:46 ENE 15 4.5 8.1 17:37 2.7 23:53 13.6 0.0 1.0 8.0 53.1 17:17 NW 16 4.4 8.6 15:08 -1.5 05:02 13.9 0.0 0.0 1.7 22.5 16:12 SW 17 7.9 13.5 16:52 -0.4 05:12 10.4 0.0 0.0 4.2 37.0 23:07 E 18 12.8 17.8 17:00 8.9 06:18 5.5 0.0 1.6 2.3 37.0 00:06 ESE 19 8.8 12.4 08:10 5.5 22:04 9.4 0.0 8.6 3.1 22.1 23:49 NE 20 6.6 9.2 15:27 5.1 04:24 11.3 0.0 15.6 5.5 17.7 19:44 NE 21 8.7 11.6 12:54 6.1 00:30 9.6 0.0 0.0 0.7 16.1 14:14 SW 22 9.9 16.0 14:37 4.1 04:15 8.4 0.0 0.0 0.5 14.5 14:40 SSW 23 10.6 14.7 13:45 6.4 23:34 7.7 0.0 5.4 5.3 46.7 20:24 NW 24 7.2 11.6 17:13 4.3 05:37 11.1 0.0 0.0 7.7 41.8 08:27 NW 25 7.6 12.7 14:00 1.4 05:56 10.7 0.0 0.0 2.1 22.5 12:25 SE 26 9.3 11.6 02:24 5.6 23:58 9.0 0.0 16.6 8.4 41.8 17:54 NNW 27 4.6 9.0 15:17 1.7 07:31 13.7 0.0 0.0 12.2 53.1 14:42 NW 28 5.9 11.3 15:29 2.4 02:30 12.4 0.0 0.0 3.4 35.4 15:14 NNW 29 4.3 7.1 13:35 1.1 05:52 14.0 0.0 0.2 4.8 32.2 10:21 E 30 7.4 10.9 14:45 3.7 00:00 10.7 0.0 0.0 1.8 20.9 00:24 SSE ---------------------------------------------------------------------------------- 6.5 17.8 18 -5.1 1 352.6 0.0 75.8 4.7 66.0 3 NNW Max >= 27.0 0 Max <= 0.0 0 Min <= 0.0 6 Min <= -18.0 0 Max Rain: 16.8 on day 14 Days of Rain: 13 (>= 0.2 mm) 6 (>= 2.0 mm) 0 (>= 20.0 mm) Heat Base: 18.3 Cool Base: 18.3 Method: Integration