North Facing Camera Click On Play Button To View Live Image |
Sky Facing Camera Click On Image To View Full Screen In New Window |
NOAA-Style Climate Reports
Select a Year or Month report
2024: Jan Feb Mar Apr May Jun Jul Aug Sep Oct Nov Dec
2023: Jan Feb Mar Apr May Jun Jul Aug Sep Oct Nov Dec
2022: Jan Feb Mar Apr May Jun Jul Aug Sep Oct Nov Dec
2021: Jan Feb Mar Apr May Jun Jul Aug Sep Oct Nov Dec
2020: Jan Feb Mar Apr May Jun Jul Aug Sep Oct Nov Dec
2019: Jan Feb Mar Apr May Jun Jul Aug Sep Oct Nov Dec
2018: Jan Feb Mar Apr May Jun Jul Aug Sep Oct Nov Dec
2017: Jan Feb Mar Apr May Jun Jul Aug Sep Oct Nov Dec
2016: Jan Feb Mar Apr May Jun Jul Aug Sep Oct Nov Dec
2015: Jan Feb Mar Apr May Jun Jul Aug Sep Oct Nov Dec
2014: Jan Feb Mar Apr May Jun Jul Aug Sep Oct Nov Dec
2013: Jan Feb Mar Apr May Jun Jul Aug Sep Oct Nov Dec
2024: Jan Feb Mar Apr May Jun Jul Aug Sep Oct Nov Dec
2023: Jan Feb Mar Apr May Jun Jul Aug Sep Oct Nov Dec
2022: Jan Feb Mar Apr May Jun Jul Aug Sep Oct Nov Dec
2021: Jan Feb Mar Apr May Jun Jul Aug Sep Oct Nov Dec
2020: Jan Feb Mar Apr May Jun Jul Aug Sep Oct Nov Dec
2019: Jan Feb Mar Apr May Jun Jul Aug Sep Oct Nov Dec
2018: Jan Feb Mar Apr May Jun Jul Aug Sep Oct Nov Dec
2017: Jan Feb Mar Apr May Jun Jul Aug Sep Oct Nov Dec
2016: Jan Feb Mar Apr May Jun Jul Aug Sep Oct Nov Dec
2015: Jan Feb Mar Apr May Jun Jul Aug Sep Oct Nov Dec
2014: Jan Feb Mar Apr May Jun Jul Aug Sep Oct Nov Dec
2013: Jan Feb Mar Apr May Jun Jul Aug Sep Oct Nov Dec
Report for 2019 May
Monthly Climatological Summary for May 2019 Name: DW7240 City: Oshawa State: Ontario, Canada Elevation: 390 ft Lat: N 43 53 48 Lon: W 078 52 26 Temperature (°C), Rain (mm), Wind Speed (km/h) Heat Cool Avg Mean Deg Deg Wind Dom Day Temp High Time Low Time Days Days Rain Speed High Time Dir ---------------------------------------------------------------------------------- 01 7.6 10.5 16:25 5.8 07:44 10.7 0.0 11.4 7.8 51.5 12:09 E 02 6.2 8.4 16:14 4.9 10:13 12.1 0.0 0.0 0.7 12.9 10:31 SE 03 8.7 12.3 16:20 5.6 00:00 9.6 0.0 11.0 1.0 16.1 04:38 N 04 9.9 13.3 16:11 7.7 23:57 8.4 0.0 0.0 1.2 16.1 13:21 SSE 05 11.9 17.9 13:47 4.3 05:41 6.4 0.0 0.0 1.3 19.3 14:43 S 06 13.0 20.1 14:20 6.0 06:30 5.4 0.1 0.0 1.8 27.4 23:19 SW 07 11.8 16.7 16:31 7.6 23:57 6.5 0.0 1.4 2.7 32.2 16:35 WNW 08 8.1 11.6 10:40 4.9 04:10 10.2 0.0 0.0 3.6 32.2 11:38 ESE 09 12.8 17.4 15:33 8.9 00:00 5.5 0.0 3.2 8.9 21.9 23:59 E 10 12.4 15.0 00:30 6.2 23:55 5.9 0.0 14.2 8.7 25.7 00:30 SW 11 8.6 14.8 13:57 2.3 05:37 9.7 0.0 0.0 1.0 22.5 09:50 NW 12 8.3 9.9 00:00 5.8 21:19 9.1 0.0 1.2 5.9 22.1 21:17 E 13 7.1 7.3 19:59 0.0 19:59 1.7 0.0 5.2 6.0 22.7 20:30 ENE 14 8.1 11.4 14:27 5.3 05:36 10.2 0.0 0.6 1.3 21.4 00:49 NNE 15 11.5 20.7 17:24 3.1 04:11 7.0 0.2 0.0 1.8 29.0 13:47 NW 16 11.2 15.9 13:36 8.1 05:36 7.1 0.0 0.6 1.2 19.3 15:02 S 17 13.3 17.9 17:01 9.0 04:45 4.3 0.0 0.2 4.5 35.4 11:46 NNW 18 11.6 15.4 18:08 6.8 05:40 6.7 0.0 0.0 1.8 25.7 02:07 E 19 16.2 23.3 16:32 12.0 05:46 2.2 0.3 3.4 3.5 22.5 21:40 ESE 20 13.6 21.3 12:02 8.1 23:51 4.8 0.1 0.0 ---- 49.9 13:12 WNW 21 13.0 19.8 16:14 5.7 05:53 5.5 0.2 0.0 ---- 38.6 09:13 NNW 22 13.0 15.8 18:01 9.0 05:33 5.3 0.0 0.0 ---- 29.0 10:40 E 23 15.4 25.2 17:41 10.4 03:24 3.7 0.8 0.0 ---- 38.6 17:52 WNW 24 16.5 22.2 15:30 12.7 04:54 2.3 0.4 0.0 ---- 37.0 08:25 WNW 25 13.6 18.5 16:10 10.8 02:16 4.6 0.0 16.6 ---- 22.7 12:32 ENE 26 18.0 23.9 13:12 12.0 00:47 1.9 1.6 0.2 ---- 35.4 15:17 NNW 27 18.0 24.7 14:51 12.3 06:03 2.1 1.8 0.0 ---- 30.6 01:44 NW 28 11.9 13.7 00:06 9.9 06:32 6.4 0.0 4.6 ---- 35.4 05:09 ENE 29 12.4 15.8 13:02 10.8 23:45 5.9 0.0 0.2 ---- 20.9 04:43 SSE 30 13.7 19.0 14:21 9.1 03:29 4.6 0.0 0.0 ---- 19.3 10:44 SW 31 13.8 16.7 16:41 9.6 05:36 4.5 0.0 3.6 ---- 24.1 10:54 SE ---------------------------------------------------------------------------------- 12.0 25.2 23 0.0 13 190.3 5.5 77.6 3.1 51.5 1 E Max >= 27.0 0 Max <= 0.0 0 Min <= 0.0 1 Min <= -18.0 0 Max Rain: 16.6 on day 25 Days of Rain: 16 (>= 0.2 mm) 9 (>= 2.0 mm) 0 (>= 20.0 mm) Heat Base: 18.3 Cool Base: 18.3 Method: Integration