North Facing Camera Click On Play Button To View Live Image |
Sky Facing Camera Click On Image To View Full Screen In New Window |
NOAA-Style Climate Reports
Select a Year or Month report
2024: Jan Feb Mar Apr May Jun Jul Aug Sep Oct Nov Dec
2023: Jan Feb Mar Apr May Jun Jul Aug Sep Oct Nov Dec
2022: Jan Feb Mar Apr May Jun Jul Aug Sep Oct Nov Dec
2021: Jan Feb Mar Apr May Jun Jul Aug Sep Oct Nov Dec
2020: Jan Feb Mar Apr May Jun Jul Aug Sep Oct Nov Dec
2019: Jan Feb Mar Apr May Jun Jul Aug Sep Oct Nov Dec
2018: Jan Feb Mar Apr May Jun Jul Aug Sep Oct Nov Dec
2017: Jan Feb Mar Apr May Jun Jul Aug Sep Oct Nov Dec
2016: Jan Feb Mar Apr May Jun Jul Aug Sep Oct Nov Dec
2015: Jan Feb Mar Apr May Jun Jul Aug Sep Oct Nov Dec
2014: Jan Feb Mar Apr May Jun Jul Aug Sep Oct Nov Dec
2013: Jan Feb Mar Apr May Jun Jul Aug Sep Oct Nov Dec
2024: Jan Feb Mar Apr May Jun Jul Aug Sep Oct Nov Dec
2023: Jan Feb Mar Apr May Jun Jul Aug Sep Oct Nov Dec
2022: Jan Feb Mar Apr May Jun Jul Aug Sep Oct Nov Dec
2021: Jan Feb Mar Apr May Jun Jul Aug Sep Oct Nov Dec
2020: Jan Feb Mar Apr May Jun Jul Aug Sep Oct Nov Dec
2019: Jan Feb Mar Apr May Jun Jul Aug Sep Oct Nov Dec
2018: Jan Feb Mar Apr May Jun Jul Aug Sep Oct Nov Dec
2017: Jan Feb Mar Apr May Jun Jul Aug Sep Oct Nov Dec
2016: Jan Feb Mar Apr May Jun Jul Aug Sep Oct Nov Dec
2015: Jan Feb Mar Apr May Jun Jul Aug Sep Oct Nov Dec
2014: Jan Feb Mar Apr May Jun Jul Aug Sep Oct Nov Dec
2013: Jan Feb Mar Apr May Jun Jul Aug Sep Oct Nov Dec
Report for 2019 June
Monthly Climatological Summary for Jun 2019 Name: DW7240 City: Oshawa State: Ontario, Canada Elevation: 390 ft Lat: N 43 53 48 Lon: W 078 52 26 Temperature (°C), Rain (mm), Wind Speed (km/h) Heat Cool Avg Mean Deg Deg Wind Dom Day Temp High Time Low Time Days Days Rain Speed High Time Dir ---------------------------------------------------------------------------------- 01 14.2 20.9 17:20 10.4 00:11 4.2 0.1 0.0 1.3 20.9 11:53 SE 02 15.1 20.9 16:01 9.8 23:57 3.5 0.3 2.2 4.2 46.7 06:16 NW 03 12.1 18.7 16:22 7.5 05:08 6.1 0.0 0.0 5.8 43.5 07:08 NW 04 10.0 12.8 10:09 5.0 04:45 8.3 0.0 1.4 0.8 16.1 10:02 ESE 05 12.9 17.7 11:02 9.2 03:20 5.4 0.0 6.0 0.3 16.1 13:23 ESE 06 18.1 22.6 17:58 14.4 06:33 1.5 1.3 0.0 1.7 19.3 15:34 SW 07 20.4 27.7 16:51 11.6 04:45 1.5 3.6 0.0 2.0 20.9 09:18 NW 08 20.3 23.6 12:27 16.7 23:27 0.2 1.9 0.0 3.4 25.7 12:53 E 09 20.5 26.6 15:25 12.8 05:16 1.0 3.1 0.0 2.1 24.1 15:03 E 10 16.3 20.2 00:40 13.5 23:13 2.3 0.2 15.0 7.4 22.7 10:17 ENE 11 17.2 23.2 15:35 12.5 06:09 2.2 1.2 0.0 3.9 32.2 14:30 NW 12 16.4 22.7 16:33 8.8 05:31 2.8 1.0 0.0 1.0 16.1 14:10 ESE 13 14.7 16.7 01:21 12.9 22:10 3.4 0.0 13.6 0.4 24.1 19:22 SE 14 17.4 24.6 16:49 11.9 06:35 2.5 1.6 0.2 7.9 49.9 10:30 WNW 15 15.1 17.6 12:33 12.9 05:31 3.2 0.0 1.2 3.2 33.8 09:30 WSW 16 16.0 21.9 11:57 10.3 05:50 2.8 0.4 0.2 0.7 16.1 00:07 SSE 17 17.6 21.6 14:02 13.1 00:32 1.6 0.9 0.0 1.1 17.7 14:32 SE 18 20.2 25.9 17:03 15.8 03:25 0.6 2.5 0.0 1.2 17.7 10:23 SSE 19 20.5 26.9 18:23 14.9 05:22 0.7 2.8 0.0 0.9 16.1 11:16 SE 20 19.2 24.1 15:21 17.1 00:00 0.2 1.2 12.2 3.6 22.1 23:00 N 21 20.1 25.4 14:04 16.3 23:55 0.5 2.3 0.2 38.8 22.7 02:00 N 22 20.4 26.8 18:23 14.2 05:48 1.1 3.2 0.0 2.7 30.6 12:40 N 23 21.4 27.1 11:40 15.6 05:56 0.5 3.6 0.0 2.5 24.1 05:28 W 24 19.7 24.4 16:35 13.6 04:57 0.9 2.4 0.2 1.8 24.1 14:16 E 25 21.5 27.4 18:14 16.4 06:30 0.2 3.4 3.0 2.8 30.6 14:55 WSW 26 23.1 30.8 15:57 17.1 06:23 0.1 4.9 0.6 2.9 32.2 15:38 W 27 24.1 29.7 13:25 16.7 04:54 0.1 6.0 0.0 1.6 19.3 15:20 SW 28 23.1 29.4 12:45 16.6 05:37 0.1 4.8 0.8 0.3 29.0 15:11 WNW 29 23.7 29.6 17:12 19.2 06:02 0.0 5.4 3.8 1.8 29.0 18:35 NW 30 21.5 25.6 16:28 17.7 05:55 0.0 3.2 0.0 2.4 33.8 07:59 N ---------------------------------------------------------------------------------- 18.4 30.8 26 5.0 4 57.5 61.3 60.6 3.3 49.9 14 NNW Max >= 27.0 7 Max <= 0.0 0 Min <= 0.0 0 Min <= -18.0 0 Max Rain: 15.0 on day 10 Days of Rain: 15 (>= 0.2 mm) 7 (>= 2.0 mm) 0 (>= 20.0 mm) Heat Base: 18.3 Cool Base: 18.3 Method: Integration