North Facing Camera Click On Play Button To View Live Image |
Sky Facing Camera Click On Image To View Full Screen In New Window |
NOAA-Style Climate Reports
Select a Year or Month report
2024: Jan Feb Mar Apr May Jun Jul Aug Sep Oct Nov Dec
2023: Jan Feb Mar Apr May Jun Jul Aug Sep Oct Nov Dec
2022: Jan Feb Mar Apr May Jun Jul Aug Sep Oct Nov Dec
2021: Jan Feb Mar Apr May Jun Jul Aug Sep Oct Nov Dec
2020: Jan Feb Mar Apr May Jun Jul Aug Sep Oct Nov Dec
2019: Jan Feb Mar Apr May Jun Jul Aug Sep Oct Nov Dec
2018: Jan Feb Mar Apr May Jun Jul Aug Sep Oct Nov Dec
2017: Jan Feb Mar Apr May Jun Jul Aug Sep Oct Nov Dec
2016: Jan Feb Mar Apr May Jun Jul Aug Sep Oct Nov Dec
2015: Jan Feb Mar Apr May Jun Jul Aug Sep Oct Nov Dec
2014: Jan Feb Mar Apr May Jun Jul Aug Sep Oct Nov Dec
2013: Jan Feb Mar Apr May Jun Jul Aug Sep Oct Nov Dec
2024: Jan Feb Mar Apr May Jun Jul Aug Sep Oct Nov Dec
2023: Jan Feb Mar Apr May Jun Jul Aug Sep Oct Nov Dec
2022: Jan Feb Mar Apr May Jun Jul Aug Sep Oct Nov Dec
2021: Jan Feb Mar Apr May Jun Jul Aug Sep Oct Nov Dec
2020: Jan Feb Mar Apr May Jun Jul Aug Sep Oct Nov Dec
2019: Jan Feb Mar Apr May Jun Jul Aug Sep Oct Nov Dec
2018: Jan Feb Mar Apr May Jun Jul Aug Sep Oct Nov Dec
2017: Jan Feb Mar Apr May Jun Jul Aug Sep Oct Nov Dec
2016: Jan Feb Mar Apr May Jun Jul Aug Sep Oct Nov Dec
2015: Jan Feb Mar Apr May Jun Jul Aug Sep Oct Nov Dec
2014: Jan Feb Mar Apr May Jun Jul Aug Sep Oct Nov Dec
2013: Jan Feb Mar Apr May Jun Jul Aug Sep Oct Nov Dec
Report for 2019 November
Monthly Climatological Summary for Nov 2019 Name: DW7240 City: Oshawa State: Ontario, Canada Elevation: 390 ft Lat: N 43 53 48 Lon: W 078 52 26 Temperature (°C), Rain (mm), Wind Speed (km/h) Heat Cool Avg Mean Deg Deg Wind Dom Day Temp High Time Low Time Days Days Rain Speed High Time Dir ---------------------------------------------------------------------------------- 01 4.8 8.1 00:00 2.6 07:59 11.2 0.0 0.0 0.0 4.8 03:26 N 02 4.3 4.3 00:00 4.3 00:00 0.0 0.0 0.0 0.0 0.0 00:00 N 03 4.3 4.3 00:00 4.3 00:00 0.0 0.0 0.0 0.0 0.0 00:00 N 04 7.2 11.1 13:30 0.2 00:30 10.9 0.0 1.4 0.0 6.4 07:30 N 05 7.4 9.6 01:52 3.2 23:58 10.9 0.0 0.0 0.0 6.4 23:58 N 06 2.7 5.2 12:36 -0.2 07:04 15.6 0.0 0.4 0.0 3.2 08:19 N 07 -0.1 3.1 00:00 -3.8 23:58 18.4 0.0 4.2 0.0 1.6 22:58 N 08 -3.6 0.4 15:31 -7.1 06:55 21.7 0.0 0.0 0.0 8.0 04:45 N 09 0.3 4.6 21:39 -5.7 00:13 18.0 0.0 0.0 0.0 6.4 09:06 N 10 4.3 7.8 13:35 -0.3 23:58 14.0 0.0 0.0 0.0 3.2 09:45 N 11 -3.3 -0.3 00:00 -6.6 23:39 21.6 0.0 1.8 0.0 1.6 15:21 N 12 -7.2 -4.4 14:33 -12.1 23:54 25.5 0.0 0.8 0.0 3.2 10:51 N 13 -8.6 -0.9 23:34 -15.5 07:17 26.9 0.0 0.2 1.5 27.4 22:41 E 14 -0.4 0.3 13:33 -1.4 04:22 18.7 0.0 3.4 3.8 22.3 07:34 WNW 15 0.3 2.8 16:24 -6.6 23:58 18.0 0.0 0.0 7.2 22.5 19:11 N 16 -6.4 -2.9 15:21 -10.3 07:34 24.5 0.0 0.0 5.0 22.7 10:44 E 17 -1.3 2.6 15:40 -6.4 00:00 19.6 0.0 0.0 2.4 23.6 10:56 E 18 1.7 2.9 10:27 -0.1 01:37 16.6 0.0 3.2 3.3 22.7 05:53 ENE 19 2.1 3.4 14:06 0.6 07:37 16.1 0.0 0.0 2.1 25.7 13:35 ESE 20 3.8 8.6 15:06 -0.4 23:58 14.5 0.0 0.0 1.2 24.4 00:12 NNW 21 3.1 7.3 23:55 -1.4 02:58 15.2 0.0 2.4 9.6 25.7 11:11 ENE 22 3.2 9.3 02:39 -1.9 23:36 14.4 0.0 0.2 4.0 69.2 13:07 NW 23 1.1 4.9 13:59 -2.2 03:29 17.1 0.0 0.0 2.9 21.9 00:00 WNW 24 2.5 5.2 17:00 -2.6 08:00 15.8 0.0 0.0 1.7 20.8 20:14 WNW 25 4.2 6.7 17:53 -0.3 07:49 14.0 0.0 0.0 3.7 25.7 21:35 SSE 26 6.2 11.3 13:29 3.1 08:02 12.0 0.0 0.0 6.6 23.4 00:04 N 27 7.1 8.5 16:10 4.8 23:43 11.0 0.0 3.4 8.5 54.7 10:58 E 28 1.5 5.8 02:54 -2.6 23:29 16.7 0.0 0.0 4.2 20.9 20:03 N 29 -2.4 -1.4 16:12 -3.3 06:36 20.7 0.0 0.0 0.2 16.1 10:25 NNE 30 -3.2 -1.4 13:27 -4.8 09:10 21.6 0.0 0.0 1.7 25.7 23:17 E ---------------------------------------------------------------------------------- 1.2 11.3 26 -15.5 13 481.2 0.0 21.4 10.7 69.2 22 NNE Max >= 27.0 0 Max <= 0.0 6 Min <= 0.0 22 Min <= -18.0 0 Max Rain: 4.2 on day 7 Days of Rain: 11 (>= 0.2 mm) 5 (>= 2.0 mm) 0 (>= 20.0 mm) Heat Base: 18.3 Cool Base: 18.3 Method: Integration