North Facing Camera Click On Play Button To View Live Image |
Sky Facing Camera Click On Image To View Full Screen In New Window |
NOAA-Style Climate Reports
Select a Year or Month report
2024: Jan Feb Mar Apr May Jun Jul Aug Sep Oct Nov Dec
2023: Jan Feb Mar Apr May Jun Jul Aug Sep Oct Nov Dec
2022: Jan Feb Mar Apr May Jun Jul Aug Sep Oct Nov Dec
2021: Jan Feb Mar Apr May Jun Jul Aug Sep Oct Nov Dec
2020: Jan Feb Mar Apr May Jun Jul Aug Sep Oct Nov Dec
2019: Jan Feb Mar Apr May Jun Jul Aug Sep Oct Nov Dec
2018: Jan Feb Mar Apr May Jun Jul Aug Sep Oct Nov Dec
2017: Jan Feb Mar Apr May Jun Jul Aug Sep Oct Nov Dec
2016: Jan Feb Mar Apr May Jun Jul Aug Sep Oct Nov Dec
2015: Jan Feb Mar Apr May Jun Jul Aug Sep Oct Nov Dec
2014: Jan Feb Mar Apr May Jun Jul Aug Sep Oct Nov Dec
2013: Jan Feb Mar Apr May Jun Jul Aug Sep Oct Nov Dec
2024: Jan Feb Mar Apr May Jun Jul Aug Sep Oct Nov Dec
2023: Jan Feb Mar Apr May Jun Jul Aug Sep Oct Nov Dec
2022: Jan Feb Mar Apr May Jun Jul Aug Sep Oct Nov Dec
2021: Jan Feb Mar Apr May Jun Jul Aug Sep Oct Nov Dec
2020: Jan Feb Mar Apr May Jun Jul Aug Sep Oct Nov Dec
2019: Jan Feb Mar Apr May Jun Jul Aug Sep Oct Nov Dec
2018: Jan Feb Mar Apr May Jun Jul Aug Sep Oct Nov Dec
2017: Jan Feb Mar Apr May Jun Jul Aug Sep Oct Nov Dec
2016: Jan Feb Mar Apr May Jun Jul Aug Sep Oct Nov Dec
2015: Jan Feb Mar Apr May Jun Jul Aug Sep Oct Nov Dec
2014: Jan Feb Mar Apr May Jun Jul Aug Sep Oct Nov Dec
2013: Jan Feb Mar Apr May Jun Jul Aug Sep Oct Nov Dec
Report for 2020 April
Monthly Climatological Summary for Apr 2020 Name: DW7240 City: Oshawa State: Ontario, Canada Elevation: 390 ft Lat: N 43 53 48 Lon: W 078 52 26 Temperature (°C), Rain (mm), Wind Speed (km/h) Heat Cool Avg Mean Deg Deg Wind Dom Day Temp High Time Low Time Days Days Rain Speed High Time Dir ---------------------------------------------------------------------------------- 01 6.9 11.7 13:36 1.3 07:05 11.4 0.0 0.0 1.3 22.5 13:37 N 02 8.5 15.0 15:05 2.1 07:15 9.8 0.0 0.0 4.1 37.0 15:40 N 03 7.5 11.7 15:53 3.3 07:11 10.8 0.0 2.4 15.4 222.1 23:39 N 04 8.8 11.1 16:12 6.9 04:22 9.5 0.0 0.0 110.1 25.7 11:57 NNE 05 8.2 11.9 15:23 4.0 23:57 10.1 0.0 0.0 19.5 222.1 06:52 N 06 8.3 13.4 17:32 1.2 06:58 10.0 0.0 0.0 3.4 30.6 21:18 NW 07 10.3 16.9 13:15 4.8 06:54 8.0 0.0 3.0 1.0 22.5 17:43 S 08 9.6 14.4 16:26 6.5 00:00 8.6 0.0 0.0 5.0 222.1 02:30 NW 09 6.7 10.1 14:57 2.4 08:01 11.6 0.0 5.0 43.7 223.7 05:52 N 10 4.4 8.1 14:44 1.8 05:09 13.8 0.0 0.0 13.3 49.9 17:19 NNW 11 4.9 9.6 18:11 0.5 06:45 13.4 0.0 0.0 4.5 37.0 14:16 NW 12 8.5 13.8 17:35 2.4 02:40 9.8 0.0 0.0 1.0 19.3 20:05 ESE 13 10.6 14.2 15:05 4.9 23:08 7.7 0.0 11.0 126.7 252.7 10:02 NNW 14 4.1 7.5 15:09 0.8 06:48 14.2 0.0 0.0 23.0 41.8 18:51 WNW 15 1.1 4.9 13:47 -2.9 06:37 17.2 0.0 0.2 3.1 49.9 13:01 NW 16 1.4 5.2 14:42 -2.9 06:42 16.9 0.0 0.0 4.7 43.5 14:53 NW 17 3.1 7.8 11:34 -2.4 06:45 15.2 0.0 0.0 3.5 33.8 13:13 W 18 4.9 10.1 16:03 -1.4 06:42 13.4 0.0 0.0 4.3 41.8 17:39 WSW 19 7.0 10.9 15:40 2.6 23:59 11.3 0.0 1.0 5.6 45.1 19:00 NW 20 3.1 7.3 15:08 -1.3 05:55 15.2 0.0 0.0 2.3 24.1 11:38 SE 21 4.0 8.2 05:54 -0.3 23:39 14.3 0.0 1.0 15.2 46.7 20:18 NW 22 1.9 6.5 17:26 -1.3 05:19 16.4 0.0 0.0 9.8 46.7 11:37 NNW 23 3.3 7.4 16:56 -2.7 04:12 15.0 0.0 0.0 2.7 27.4 11:11 ESE 24 7.8 11.1 13:25 5.9 00:00 10.5 0.0 0.0 2.0 24.1 17:55 ENE 25 9.2 14.6 11:13 2.9 05:00 9.1 0.0 0.0 2.0 20.9 15:37 SE 26 10.4 12.5 10:28 8.0 19:47 7.7 0.0 0.0 7.7 43.5 17:38 NE 27 11.1 15.4 10:41 6.8 06:59 7.1 0.0 0.0 1.2 25.7 15:00 W 28 9.1 12.9 14:26 6.2 06:23 9.2 0.0 0.0 3.6 32.2 19:25 E 29 12.5 15.3 16:25 10.0 10:08 5.8 0.0 0.4 11.1 43.5 10:00 ESE 30 11.7 14.2 18:44 9.6 08:57 6.6 0.0 10.6 34.9 252.7 21:19 ESE ---------------------------------------------------------------------------------- 7.0 16.9 7 -2.9 15 339.6 0.0 34.6 16.4 252.7 13 N Max >= 27.0 0 Max <= 0.0 0 Min <= 0.0 8 Min <= -18.0 0 Max Rain: 11.0 on day 13 Days of Rain: 9 (>= 0.2 mm) 5 (>= 2.0 mm) 0 (>= 20.0 mm) Heat Base: 18.3 Cool Base: 18.3 Method: Integration