North Facing Camera Click On Play Button To View Live Image |
Sky Facing Camera Click On Image To View Full Screen In New Window |
NOAA-Style Climate Reports
Select a Year or Month report
2024: Jan Feb Mar Apr May Jun Jul Aug Sep Oct Nov Dec
2023: Jan Feb Mar Apr May Jun Jul Aug Sep Oct Nov Dec
2022: Jan Feb Mar Apr May Jun Jul Aug Sep Oct Nov Dec
2021: Jan Feb Mar Apr May Jun Jul Aug Sep Oct Nov Dec
2020: Jan Feb Mar Apr May Jun Jul Aug Sep Oct Nov Dec
2019: Jan Feb Mar Apr May Jun Jul Aug Sep Oct Nov Dec
2018: Jan Feb Mar Apr May Jun Jul Aug Sep Oct Nov Dec
2017: Jan Feb Mar Apr May Jun Jul Aug Sep Oct Nov Dec
2016: Jan Feb Mar Apr May Jun Jul Aug Sep Oct Nov Dec
2015: Jan Feb Mar Apr May Jun Jul Aug Sep Oct Nov Dec
2014: Jan Feb Mar Apr May Jun Jul Aug Sep Oct Nov Dec
2013: Jan Feb Mar Apr May Jun Jul Aug Sep Oct Nov Dec
2024: Jan Feb Mar Apr May Jun Jul Aug Sep Oct Nov Dec
2023: Jan Feb Mar Apr May Jun Jul Aug Sep Oct Nov Dec
2022: Jan Feb Mar Apr May Jun Jul Aug Sep Oct Nov Dec
2021: Jan Feb Mar Apr May Jun Jul Aug Sep Oct Nov Dec
2020: Jan Feb Mar Apr May Jun Jul Aug Sep Oct Nov Dec
2019: Jan Feb Mar Apr May Jun Jul Aug Sep Oct Nov Dec
2018: Jan Feb Mar Apr May Jun Jul Aug Sep Oct Nov Dec
2017: Jan Feb Mar Apr May Jun Jul Aug Sep Oct Nov Dec
2016: Jan Feb Mar Apr May Jun Jul Aug Sep Oct Nov Dec
2015: Jan Feb Mar Apr May Jun Jul Aug Sep Oct Nov Dec
2014: Jan Feb Mar Apr May Jun Jul Aug Sep Oct Nov Dec
2013: Jan Feb Mar Apr May Jun Jul Aug Sep Oct Nov Dec
Report for 2020 July
Monthly Climatological Summary for Jul 2020 Name: DW7240 City: Oshawa State: Ontario, Canada Elevation: 390 ft Lat: N 43° 53' 48" Lon: W 078° 52' 26" Temperature (°C), Rain (mm), Wind Speed (km/h) Heat Cool Avg Mean Deg Deg Wind Dom Day Temp High Time Low Time Days Days Rain Speed High Time Dir ---------------------------------------------------------------------------------- 01 24.8 29.4 11:37 19.1 05:41 0.0 6.5 0.0 0.0 0.0 00:00 N 02 29.7 36.7 15:10 22.3 00:00 0.0 11.3 0.0 0.0 0.0 00:00 N 03 28.7 34.8 15:33 22.9 05:54 0.0 10.4 0.0 0.0 0.0 00:00 N 04 27.6 32.8 12:10 21.9 05:52 0.0 9.3 0.0 0.0 0.0 00:00 N 05 27.5 33.8 17:28 19.9 05:49 0.0 9.2 1.4 0.0 0.0 00:00 N 06 27.4 31.6 14:08 23.9 06:00 0.0 9.1 0.0 0.0 0.0 00:00 N 07 27.7 33.9 15:35 21.9 04:55 0.0 9.4 0.0 0.0 0.0 00:00 N 08 29.3 35.2 17:41 23.8 05:05 0.0 11.0 0.0 0.0 0.0 00:00 N 09 29.4 36.2 15:30 24.1 04:41 0.0 11.0 0.0 0.0 0.0 00:00 N 10 26.0 30.1 20:55 24.2 23:31 0.0 1.0 6.4 0.0 0.0 00:00 N 11 25.6 30.4 14:30 22.7 23:40 0.0 7.3 1.0 ---- 0.0 00:00 N 12 23.6 29.8 12:56 20.3 05:43 0.0 5.3 0.6 ---- 0.0 00:00 N 13 22.8 27.9 12:23 20.2 01:19 0.0 4.5 0.0 ---- 0.0 00:00 N 14 24.3 29.1 13:55 19.1 05:51 0.0 6.0 0.0 ---- 0.0 00:00 N 15 25.1 30.6 15:55 18.6 05:59 0.0 6.7 0.0 ---- 0.0 00:00 N 16 24.3 26.5 09:24 23.3 01:01 0.0 6.0 14.2 ---- 0.0 00:00 N 17 26.1 31.4 16:48 21.9 06:36 0.0 7.9 0.0 ---- 0.0 00:00 N 18 27.0 32.7 16:05 20.8 06:19 0.0 8.7 0.0 ---- 0.0 00:00 N 19 25.6 30.3 10:45 23.2 13:51 0.0 7.3 9.0 ---- 0.0 00:00 N 20 25.5 31.6 16:00 20.2 23:56 0.0 7.2 0.0 ---- 0.0 00:00 N 21 22.3 27.8 15:57 16.9 06:09 0.1 4.1 0.0 ---- 12.9 10:59 SW 22 23.4 28.1 15:17 20.6 01:51 0.0 5.1 2.6 ---- 0.0 00:00 N 23 24.4 29.5 16:30 20.1 06:30 0.0 5.9 0.0 ---- 0.0 00:00 N 24 24.7 30.5 15:45 18.9 06:13 0.0 6.4 0.0 ---- 0.0 00:00 N 25 26.2 31.6 15:04 20.1 06:22 0.0 7.9 0.0 ---- 9.7 05:36 SW 26 27.1 33.0 14:20 20.2 06:24 0.0 8.8 0.0 ---- 0.0 00:00 N 27 28.2 33.8 16:16 23.7 05:04 0.0 9.9 0.6 ---- 0.0 00:00 N 28 25.5 30.7 19:06 20.1 05:28 0.0 7.2 0.0 ---- 12.9 01:13 W 29 24.5 30.3 15:46 19.7 07:47 0.0 6.2 1.0 ---- 6.4 07:31 N 30 24.2 30.2 17:53 17.2 05:51 0.1 5.9 0.0 ---- 0.0 00:00 N 31 25.1 30.3 13:38 18.8 06:13 0.0 6.8 0.0 ---- 9.7 12:08 N ---------------------------------------------------------------------------------- 25.9 36.7 2 16.9 21 0.2 229.3 36.8 0.0 12.9 21 E Max >= 27.0 30 Max <= 0.0 0 Min <= 0.0 0 Min <= -18.0 0 Max Rain: 14.2 on day 16 Days of Rain: 9 (>= 0.2 mm) 4 (>= 2.0 mm) 0 (>= 20.0 mm) Heat Base: 18.3 Cool Base: 18.3 Method: Integration