North Facing Camera Click On Play Button To View Live Image |
Sky Facing Camera Click On Image To View Full Screen In New Window |
NOAA-Style Climate Reports
Select a Year or Month report
2024: Jan Feb Mar Apr May Jun Jul Aug Sep Oct Nov Dec
2023: Jan Feb Mar Apr May Jun Jul Aug Sep Oct Nov Dec
2022: Jan Feb Mar Apr May Jun Jul Aug Sep Oct Nov Dec
2021: Jan Feb Mar Apr May Jun Jul Aug Sep Oct Nov Dec
2020: Jan Feb Mar Apr May Jun Jul Aug Sep Oct Nov Dec
2019: Jan Feb Mar Apr May Jun Jul Aug Sep Oct Nov Dec
2018: Jan Feb Mar Apr May Jun Jul Aug Sep Oct Nov Dec
2017: Jan Feb Mar Apr May Jun Jul Aug Sep Oct Nov Dec
2016: Jan Feb Mar Apr May Jun Jul Aug Sep Oct Nov Dec
2015: Jan Feb Mar Apr May Jun Jul Aug Sep Oct Nov Dec
2014: Jan Feb Mar Apr May Jun Jul Aug Sep Oct Nov Dec
2013: Jan Feb Mar Apr May Jun Jul Aug Sep Oct Nov Dec
2024: Jan Feb Mar Apr May Jun Jul Aug Sep Oct Nov Dec
2023: Jan Feb Mar Apr May Jun Jul Aug Sep Oct Nov Dec
2022: Jan Feb Mar Apr May Jun Jul Aug Sep Oct Nov Dec
2021: Jan Feb Mar Apr May Jun Jul Aug Sep Oct Nov Dec
2020: Jan Feb Mar Apr May Jun Jul Aug Sep Oct Nov Dec
2019: Jan Feb Mar Apr May Jun Jul Aug Sep Oct Nov Dec
2018: Jan Feb Mar Apr May Jun Jul Aug Sep Oct Nov Dec
2017: Jan Feb Mar Apr May Jun Jul Aug Sep Oct Nov Dec
2016: Jan Feb Mar Apr May Jun Jul Aug Sep Oct Nov Dec
2015: Jan Feb Mar Apr May Jun Jul Aug Sep Oct Nov Dec
2014: Jan Feb Mar Apr May Jun Jul Aug Sep Oct Nov Dec
2013: Jan Feb Mar Apr May Jun Jul Aug Sep Oct Nov Dec
Report for 2021 January
Monthly Climatological Summary for Jan 2021 Name: DW7240 City: Oshawa State: Ontario, Canada Elevation: 390 ft Lat: N 43° 53' 48" Lon: W 078° 52' 26" Temperature (°C), Rain (mm), Wind Speed (km/h) Heat Cool Avg Mean Deg Deg Wind Dom Day Temp High Time Low Time Days Days Rain Speed High Time Dir ---------------------------------------------------------------------------------- 01 -0.4 2.1 16:12 -4.2 03:36 18.7 0.0 0.8 4.1 37.0 18:36 E 02 -0.4 1.4 13:25 -2.1 07:40 18.7 0.0 5.6 2.6 24.1 06:31 NNW 03 -0.1 1.3 12:57 -1.7 02:03 18.4 0.0 1.2 2.2 20.9 08:39 ENE 04 -0.7 0.1 13:39 -2.8 02:41 19.0 0.0 0.0 0.4 12.9 14:07 NNW 05 -0.1 0.8 15:05 -0.7 04:32 18.4 0.0 0.0 0.9 17.7 20:11 NNE 06 0.1 1.2 15:33 -0.9 08:11 18.2 0.0 0.0 4.3 29.0 16:28 N 07 -2.3 -0.1 00:00 -6.4 23:58 20.6 0.0 0.0 4.0 22.5 05:57 N 08 -6.3 -3.2 16:06 -9.6 03:45 24.6 0.0 0.0 3.5 17.7 01:30 N 09 -1.7 3.1 15:33 -4.9 00:03 20.0 0.0 0.0 4.8 22.5 12:41 NNW 10 -1.5 1.1 15:13 -5.1 04:51 19.8 0.0 0.0 1.8 17.7 07:11 WNW 11 -1.8 1.4 14:51 -6.1 05:46 20.1 0.0 0.0 3.8 30.6 17:57 WSW 12 -0.7 0.1 14:14 -1.1 06:15 19.0 0.0 0.0 4.0 22.5 00:25 W 13 1.3 3.1 15:10 -0.7 01:07 17.1 0.0 0.0 4.5 32.2 12:31 WSW 14 2.8 5.5 13:02 1.6 05:30 15.5 0.0 0.0 0.9 20.9 23:15 E 15 3.1 5.1 12:52 1.9 05:35 15.2 0.0 4.0 11.7 40.2 16:01 E 16 1.9 4.7 12:39 -0.2 08:08 16.4 0.0 0.2 6.8 29.0 13:32 W 17 0.8 3.1 13:42 -2.4 23:32 17.5 0.0 0.0 8.9 35.4 09:21 WNW 18 -2.1 0.8 15:22 -4.6 06:12 20.4 0.0 0.0 3.2 20.9 11:48 NW 19 -1.3 2.3 13:34 -2.9 00:17 19.6 0.0 0.4 7.0 40.2 16:55 W 20 -5.1 -1.7 23:57 -7.8 08:30 23.4 0.0 0.0 6.9 45.1 23:51 NW 21 1.6 3.4 13:15 -1.7 00:00 16.7 0.0 0.0 12.6 48.3 04:31 WSW 22 -1.9 2.1 00:11 -8.2 23:59 20.2 0.0 0.0 7.8 33.8 18:04 NW 23 -8.8 -6.1 14:27 -12.6 06:49 27.1 0.0 0.0 6.9 35.4 14:27 NW 24 -6.0 -3.4 14:30 -9.7 07:10 24.3 0.0 0.0 1.8 14.5 00:14 E 25 -1.1 2.3 14:35 -3.9 00:00 19.4 0.0 0.0 1.0 14.5 13:43 S 26 -2.4 -1.3 10:50 -5.1 23:59 20.7 0.0 0.8 10.3 43.5 08:59 ENE 27 -5.9 -3.1 13:08 -9.7 23:59 24.2 0.0 0.0 6.3 27.4 14:41 NNW 28 -10.7 -7.7 13:57 -14.2 09:06 29.0 0.0 0.0 9.1 35.4 15:02 NW 29 -11.4 -7.9 15:12 -14.3 03:02 29.7 0.0 0.0 5.8 33.8 00:08 NNW 30 -9.4 -2.7 15:39 -15.6 05:53 27.7 0.0 0.0 2.8 20.9 14:07 NW 31 -8.0 -5.1 15:40 -10.7 00:49 26.4 0.0 0.0 9.6 37.0 10:24 ENE ---------------------------------------------------------------------------------- -2.5 5.5 14 -15.6 30 646.0 0.0 13.0 5.2 48.3 21 NW Max >= 27.0 0 Max <= 0.0 11 Min <= 0.0 29 Min <= -18.0 0 Max Rain: 5.6 on day 2 Days of Rain: 7 (>= 0.2 mm) 2 (>= 2.0 mm) 0 (>= 20.0 mm) Heat Base: 18.3 Cool Base: 18.3 Method: Integration