North Facing Camera Click On Play Button To View Live Image |
Sky Facing Camera Click On Image To View Full Screen In New Window |
NOAA-Style Climate Reports
Select a Year or Month report
2024: Jan Feb Mar Apr May Jun Jul Aug Sep Oct Nov Dec
2023: Jan Feb Mar Apr May Jun Jul Aug Sep Oct Nov Dec
2022: Jan Feb Mar Apr May Jun Jul Aug Sep Oct Nov Dec
2021: Jan Feb Mar Apr May Jun Jul Aug Sep Oct Nov Dec
2020: Jan Feb Mar Apr May Jun Jul Aug Sep Oct Nov Dec
2019: Jan Feb Mar Apr May Jun Jul Aug Sep Oct Nov Dec
2018: Jan Feb Mar Apr May Jun Jul Aug Sep Oct Nov Dec
2017: Jan Feb Mar Apr May Jun Jul Aug Sep Oct Nov Dec
2016: Jan Feb Mar Apr May Jun Jul Aug Sep Oct Nov Dec
2015: Jan Feb Mar Apr May Jun Jul Aug Sep Oct Nov Dec
2014: Jan Feb Mar Apr May Jun Jul Aug Sep Oct Nov Dec
2013: Jan Feb Mar Apr May Jun Jul Aug Sep Oct Nov Dec
2024: Jan Feb Mar Apr May Jun Jul Aug Sep Oct Nov Dec
2023: Jan Feb Mar Apr May Jun Jul Aug Sep Oct Nov Dec
2022: Jan Feb Mar Apr May Jun Jul Aug Sep Oct Nov Dec
2021: Jan Feb Mar Apr May Jun Jul Aug Sep Oct Nov Dec
2020: Jan Feb Mar Apr May Jun Jul Aug Sep Oct Nov Dec
2019: Jan Feb Mar Apr May Jun Jul Aug Sep Oct Nov Dec
2018: Jan Feb Mar Apr May Jun Jul Aug Sep Oct Nov Dec
2017: Jan Feb Mar Apr May Jun Jul Aug Sep Oct Nov Dec
2016: Jan Feb Mar Apr May Jun Jul Aug Sep Oct Nov Dec
2015: Jan Feb Mar Apr May Jun Jul Aug Sep Oct Nov Dec
2014: Jan Feb Mar Apr May Jun Jul Aug Sep Oct Nov Dec
2013: Jan Feb Mar Apr May Jun Jul Aug Sep Oct Nov Dec
Report for 2021 February
Monthly Climatological Summary for Feb 2021 Name: DW7240 City: Oshawa State: Ontario, Canada Elevation: 390 ft Lat: N 43° 53' 48" Lon: W 078° 52' 26" Temperature (°C), Rain (mm), Wind Speed (km/h) Heat Cool Avg Mean Deg Deg Wind Dom Day Temp High Time Low Time Days Days Rain Speed High Time Dir ---------------------------------------------------------------------------------- 01 -7.2 -3.7 15:05 -11.1 01:31 25.5 0.0 0.0 4.7 20.9 15:43 NE 02 -4.3 1.2 18:01 -10.1 06:08 22.6 0.0 0.0 8.7 40.2 19:40 N 03 -3.6 1.2 15:25 -8.3 07:59 21.9 0.0 0.0 14.8 49.9 03:56 NNW 04 -0.7 5.4 13:18 -6.2 07:15 19.0 0.0 0.0 5.5 27.4 00:08 NNW 05 -1.9 2.6 00:46 -6.6 22:02 20.2 0.0 3.6 15.0 62.8 06:39 WSW 06 -6.5 -5.1 15:14 -7.7 07:00 24.8 0.0 0.0 12.7 43.5 10:55 W 07 -7.7 -4.7 11:53 -12.2 23:28 26.0 0.0 0.4 8.8 35.4 14:07 W 08 -9.0 -4.9 14:02 -12.5 02:04 27.3 0.0 0.0 6.4 25.7 14:54 W 09 -6.5 -2.2 14:44 -9.9 00:22 24.8 0.0 0.0 4.1 20.9 22:21 NW 10 -7.3 -3.4 15:19 -11.7 05:59 25.6 0.0 0.0 5.4 33.8 13:42 WNW 11 -7.1 -4.2 12:16 -11.1 23:38 25.4 0.0 0.0 5.2 27.4 11:23 N 12 -11.8 -7.7 14:41 -14.9 07:56 30.0 0.0 0.0 4.4 19.3 11:11 NE 13 -11.5 -9.3 13:35 -13.7 08:09 29.8 0.0 0.4 6.6 22.5 07:55 ENE 14 -7.1 -2.4 14:48 -11.4 07:52 25.4 0.0 0.0 2.8 22.5 00:08 NNW 15 -5.9 -3.2 14:14 -7.8 22:05 24.2 0.0 0.6 4.6 24.1 21:37 N 16 -9.0 -6.6 01:51 -13.1 23:57 27.3 0.0 1.6 9.5 35.4 09:06 N 17 -8.9 -2.2 13:05 -16.6 03:53 27.2 0.0 0.0 3.1 27.4 16:11 W 18 -5.2 -2.7 13:36 -7.7 00:00 23.4 0.0 0.0 6.7 24.1 13:58 ENE 19 -4.7 -1.7 13:30 -8.0 23:48 23.0 0.0 1.4 2.3 17.7 00:22 NE 20 -5.6 -1.3 15:25 -9.6 23:58 23.9 0.0 0.0 2.2 24.1 13:27 NNW 21 -5.3 -0.4 23:56 -11.6 07:25 23.6 0.0 0.0 3.4 27.4 11:37 SW 22 1.0 2.7 16:18 -0.9 05:40 17.3 0.0 5.8 7.4 37.0 14:16 SW 23 2.3 4.8 17:20 -0.1 02:23 16.0 0.0 1.8 7.9 38.6 01:12 WSW 24 2.5 7.6 17:32 -1.7 05:16 15.8 0.0 0.0 7.1 48.3 20:33 WNW 25 -0.9 1.4 16:04 -2.8 09:17 19.2 0.0 0.0 7.3 33.8 00:56 WNW 26 -0.5 3.6 14:39 -5.9 07:26 18.8 0.0 0.0 4.5 29.0 13:00 SSW 27 3.2 7.1 16:11 -0.7 23:56 15.1 0.0 3.2 6.2 35.0 13:51 WSW 28 2.2 5.3 22:21 -1.5 01:26 16.0 0.0 0.8 6.1 32.0 12:05 E ---------------------------------------------------------------------------------- -4.5 7.6 24 -16.6 17 639.1 0.0 19.6 6.6 62.8 5 NW Max >= 27.0 0 Max <= 0.0 17 Min <= 0.0 28 Min <= -18.0 0 Max Rain: 5.8 on day 22 Days of Rain: 10 (>= 0.2 mm) 3 (>= 2.0 mm) 0 (>= 20.0 mm) Heat Base: 18.3 Cool Base: 18.3 Method: Integration