North Facing Camera Click On Play Button To View Live Image |
Sky Facing Camera Click On Image To View Full Screen In New Window |
NOAA-Style Climate Reports
Select a Year or Month report
2024: Jan Feb Mar Apr May Jun Jul Aug Sep Oct Nov Dec
2023: Jan Feb Mar Apr May Jun Jul Aug Sep Oct Nov Dec
2022: Jan Feb Mar Apr May Jun Jul Aug Sep Oct Nov Dec
2021: Jan Feb Mar Apr May Jun Jul Aug Sep Oct Nov Dec
2020: Jan Feb Mar Apr May Jun Jul Aug Sep Oct Nov Dec
2019: Jan Feb Mar Apr May Jun Jul Aug Sep Oct Nov Dec
2018: Jan Feb Mar Apr May Jun Jul Aug Sep Oct Nov Dec
2017: Jan Feb Mar Apr May Jun Jul Aug Sep Oct Nov Dec
2016: Jan Feb Mar Apr May Jun Jul Aug Sep Oct Nov Dec
2015: Jan Feb Mar Apr May Jun Jul Aug Sep Oct Nov Dec
2014: Jan Feb Mar Apr May Jun Jul Aug Sep Oct Nov Dec
2013: Jan Feb Mar Apr May Jun Jul Aug Sep Oct Nov Dec
2024: Jan Feb Mar Apr May Jun Jul Aug Sep Oct Nov Dec
2023: Jan Feb Mar Apr May Jun Jul Aug Sep Oct Nov Dec
2022: Jan Feb Mar Apr May Jun Jul Aug Sep Oct Nov Dec
2021: Jan Feb Mar Apr May Jun Jul Aug Sep Oct Nov Dec
2020: Jan Feb Mar Apr May Jun Jul Aug Sep Oct Nov Dec
2019: Jan Feb Mar Apr May Jun Jul Aug Sep Oct Nov Dec
2018: Jan Feb Mar Apr May Jun Jul Aug Sep Oct Nov Dec
2017: Jan Feb Mar Apr May Jun Jul Aug Sep Oct Nov Dec
2016: Jan Feb Mar Apr May Jun Jul Aug Sep Oct Nov Dec
2015: Jan Feb Mar Apr May Jun Jul Aug Sep Oct Nov Dec
2014: Jan Feb Mar Apr May Jun Jul Aug Sep Oct Nov Dec
2013: Jan Feb Mar Apr May Jun Jul Aug Sep Oct Nov Dec
Report for 2021 April
Monthly Climatological Summary for Apr 2021 Name: DW7240 City: Oshawa State: Ontario, Canada Elevation: 390 ft Lat: N 43° 53' 48" Lon: W 078° 52' 26" Temperature (°C), Rain (mm), Wind Speed (km/h) Heat Cool Avg Mean Deg Deg Wind Dom Day Temp High Time Low Time Days Days Rain Speed High Time Dir ---------------------------------------------------------------------------------- 01 0.3 2.9 14:04 -2.1 23:56 18.0 0.0 0.0 10.5 42.0 17:45 NNW 02 -0.4 4.2 16:53 -4.4 06:53 18.7 0.0 0.0 9.1 34.0 04:22 NNW 03 1.7 7.8 14:40 -5.8 07:07 16.6 0.0 0.2 4.9 42.0 18:20 SW 04 6.6 12.7 12:08 0.1 07:14 11.7 0.0 0.0 3.6 23.0 15:51 WSW 05 8.7 13.5 11:53 3.3 06:50 9.6 0.0 0.0 4.3 23.0 14:15 WSW 06 9.2 12.8 16:05 5.6 02:20 9.1 0.0 1.0 4.1 24.0 10:47 ESE 07 12.4 17.1 14:11 7.2 05:06 5.9 0.0 0.0 5.5 27.0 09:16 E 08 16.3 22.2 17:04 7.7 04:44 3.2 1.2 0.0 7.6 39.0 17:56 E 09 14.3 17.4 00:00 12.2 23:33 4.0 0.0 0.2 3.3 23.0 18:36 E 10 15.9 20.6 15:14 10.4 07:00 3.0 0.6 0.0 4.3 21.0 15:52 E 11 13.7 17.7 00:00 11.3 15:35 4.6 0.0 14.4 2.7 29.0 10:21 E 12 9.4 13.3 00:39 7.9 10:37 8.9 0.0 2.4 9.5 43.0 05:55 E 13 8.8 12.9 16:36 5.4 23:38 9.5 0.0 0.8 2.4 18.0 03:36 E 14 9.2 14.7 15:36 5.0 00:44 9.1 0.0 0.0 3.4 26.0 16:00 SW 15 6.1 8.8 00:00 4.1 22:24 12.2 0.0 1.6 4.7 23.0 02:13 NW 16 6.0 8.7 13:20 4.7 00:00 12.3 0.0 0.8 6.9 31.0 02:00 NNW 17 6.8 11.4 14:41 2.8 04:41 11.5 0.0 0.0 2.9 24.0 15:44 W 18 8.8 14.9 16:22 1.2 06:52 9.5 0.0 0.0 4.2 31.0 13:32 WSW 19 9.0 15.7 14:31 1.8 06:50 9.3 0.0 1.0 4.5 32.0 21:34 SW 20 4.5 6.6 00:05 1.4 23:33 13.9 0.0 0.4 9.0 39.0 11:13 WNW 21 0.6 4.0 15:55 -1.3 06:33 17.7 0.0 2.4 7.1 43.0 16:19 NW 22 1.9 5.7 14:42 -1.8 03:01 16.4 0.0 0.0 10.3 47.0 14:28 WNW 23 7.5 17.8 18:21 -1.9 06:51 10.8 0.0 0.0 6.1 42.0 13:22 WSW 24 11.5 17.0 14:17 4.8 06:53 6.8 0.0 0.0 3.8 31.0 13:40 SSW 25 7.3 11.3 12:45 2.0 21:46 11.0 0.0 0.6 7.5 42.0 16:23 NW 26 4.3 10.0 13:17 -0.7 06:19 14.0 0.0 0.0 5.9 31.0 07:59 WNW 27 8.9 13.7 16:32 3.9 02:29 9.4 0.0 1.6 5.1 31.0 12:46 E 28 11.4 15.5 17:23 9.1 02:03 6.9 0.0 6.4 2.7 24.0 15:01 E 29 9.3 10.4 15:08 8.4 03:45 9.0 0.0 8.4 0.8 24.0 23:45 N 30 7.3 9.1 00:00 3.4 21:01 11.0 0.0 0.4 14.0 61.0 17:47 NW ---------------------------------------------------------------------------------- 7.9 22.2 8 -5.8 3 313.6 1.8 42.6 5.7 61.0 30 NW Max >= 27.0 0 Max <= 0.0 0 Min <= 0.0 7 Min <= -18.0 0 Max Rain: 14.4 on day 11 Days of Rain: 16 (>= 0.2 mm) 5 (>= 2.0 mm) 0 (>= 20.0 mm) Heat Base: 18.3 Cool Base: 18.3 Method: Integration