North Facing Camera Click On Play Button To View Live Image |
Sky Facing Camera Click On Image To View Full Screen In New Window |
NOAA-Style Climate Reports
Select a Year or Month report
2024: Jan Feb Mar Apr May Jun Jul Aug Sep Oct Nov Dec
2023: Jan Feb Mar Apr May Jun Jul Aug Sep Oct Nov Dec
2022: Jan Feb Mar Apr May Jun Jul Aug Sep Oct Nov Dec
2021: Jan Feb Mar Apr May Jun Jul Aug Sep Oct Nov Dec
2020: Jan Feb Mar Apr May Jun Jul Aug Sep Oct Nov Dec
2019: Jan Feb Mar Apr May Jun Jul Aug Sep Oct Nov Dec
2018: Jan Feb Mar Apr May Jun Jul Aug Sep Oct Nov Dec
2017: Jan Feb Mar Apr May Jun Jul Aug Sep Oct Nov Dec
2016: Jan Feb Mar Apr May Jun Jul Aug Sep Oct Nov Dec
2015: Jan Feb Mar Apr May Jun Jul Aug Sep Oct Nov Dec
2014: Jan Feb Mar Apr May Jun Jul Aug Sep Oct Nov Dec
2013: Jan Feb Mar Apr May Jun Jul Aug Sep Oct Nov Dec
2024: Jan Feb Mar Apr May Jun Jul Aug Sep Oct Nov Dec
2023: Jan Feb Mar Apr May Jun Jul Aug Sep Oct Nov Dec
2022: Jan Feb Mar Apr May Jun Jul Aug Sep Oct Nov Dec
2021: Jan Feb Mar Apr May Jun Jul Aug Sep Oct Nov Dec
2020: Jan Feb Mar Apr May Jun Jul Aug Sep Oct Nov Dec
2019: Jan Feb Mar Apr May Jun Jul Aug Sep Oct Nov Dec
2018: Jan Feb Mar Apr May Jun Jul Aug Sep Oct Nov Dec
2017: Jan Feb Mar Apr May Jun Jul Aug Sep Oct Nov Dec
2016: Jan Feb Mar Apr May Jun Jul Aug Sep Oct Nov Dec
2015: Jan Feb Mar Apr May Jun Jul Aug Sep Oct Nov Dec
2014: Jan Feb Mar Apr May Jun Jul Aug Sep Oct Nov Dec
2013: Jan Feb Mar Apr May Jun Jul Aug Sep Oct Nov Dec
Report for 2021 May
Monthly Climatological Summary for May 2021 Name: DW7240 City: Oshawa State: Ontario, Canada Elevation: 390 ft Lat: N 43° 53' 48" Lon: W 078° 52' 26" Temperature (°C), Rain (mm), Wind Speed (km/h) Heat Cool Avg Mean Deg Deg Wind Dom Day Temp High Time Low Time Days Days Rain Speed High Time Dir ---------------------------------------------------------------------------------- 01 5.9 11.4 16:21 1.0 06:22 12.4 0.0 0.2 7.5 42.0 01:45 W 02 9.4 13.9 14:17 4.2 03:00 8.8 0.0 4.6 0.8 11.0 03:34 ENE 03 11.8 15.7 14:07 8.4 01:03 6.5 0.0 1.4 6.3 32.0 11:14 E 04 8.9 9.9 19:27 7.7 09:51 9.3 0.0 2.8 1.1 19.0 14:12 SE 05 10.1 13.3 15:27 7.4 23:55 8.2 0.0 0.0 8.5 37.0 14:01 NW 06 9.2 13.3 18:49 3.5 06:16 9.1 0.0 0.0 4.4 26.0 13:41 SSW 07 7.8 10.6 15:26 3.8 23:54 10.5 0.0 0.0 2.4 19.0 15:48 S 08 8.7 14.9 11:17 1.6 03:41 9.6 0.0 0.2 3.6 26.0 13:14 WNW 09 9.2 13.2 16:41 3.5 06:38 9.1 0.0 0.2 2.5 21.0 13:52 SW 10 8.4 13.9 15:48 3.6 06:40 9.9 0.0 0.6 4.2 29.0 13:32 WNW 11 6.6 10.6 13:06 2.5 06:18 11.7 0.0 0.2 8.3 45.0 16:33 WNW 12 12.0 17.9 16:24 5.6 02:56 6.3 0.0 0.0 8.4 39.0 12:34 NNW 13 14.7 20.6 11:35 8.6 03:33 3.9 0.3 0.0 6.1 31.0 15:58 W 14 15.1 21.2 17:22 6.6 06:25 3.8 0.6 0.0 4.6 32.0 15:07 SW 15 15.3 22.0 16:25 6.5 06:04 3.9 0.8 0.0 2.6 23.0 15:54 SW 16 16.7 23.7 15:29 8.8 06:09 3.2 1.6 0.0 1.5 19.0 15:16 S 17 16.8 24.1 16:13 8.2 06:17 3.2 1.7 0.0 2.3 19.0 14:19 SSW 18 18.9 25.9 16:38 10.2 06:29 2.2 2.8 0.0 3.9 35.0 16:51 SW 19 21.4 29.0 16:20 12.7 05:41 1.0 4.1 0.0 1.9 18.0 16:25 SW 20 22.6 30.6 16:10 15.2 06:08 0.6 4.9 0.0 1.0 11.0 10:29 S 21 23.5 32.0 16:20 16.7 05:15 0.2 5.5 0.0 2.5 23.0 15:36 SW 22 22.9 28.4 11:28 18.2 06:01 0.0 4.6 0.0 2.7 21.0 12:02 WNW 23 20.8 24.9 15:00 15.1 23:58 0.2 2.7 0.0 3.1 31.0 09:12 N 24 16.3 21.4 16:08 11.1 06:06 2.7 0.6 0.0 2.3 18.0 08:20 ESE 25 20.5 27.1 16:26 13.6 00:50 1.4 3.6 0.0 4.0 32.0 18:52 SW 26 20.9 25.6 14:54 14.1 23:58 0.2 2.8 0.0 7.2 35.0 17:44 W 27 13.3 18.6 16:15 9.3 05:34 5.0 0.0 0.0 6.3 29.0 00:18 NNW 28 6.5 11.3 01:01 2.7 10:55 11.8 0.0 4.4 3.9 27.0 05:07 ENE 29 11.1 17.4 13:06 5.2 04:52 7.2 0.0 0.0 3.7 31.0 09:44 E 30 13.6 19.9 14:48 6.9 05:46 4.8 0.1 0.0 2.4 18.0 14:28 S 31 15.3 21.9 15:51 5.8 05:52 4.1 1.0 0.0 4.7 35.0 18:46 SW ---------------------------------------------------------------------------------- 14.0 32.0 21 1.0 1 170.8 37.7 14.6 4.0 45.0 11 W Max >= 27.0 5 Max <= 0.0 0 Min <= 0.0 0 Min <= -18.0 0 Max Rain: 4.6 on day 2 Days of Rain: 9 (>= 0.2 mm) 3 (>= 2.0 mm) 0 (>= 20.0 mm) Heat Base: 18.3 Cool Base: 18.3 Method: Integration