North Facing Camera Click On Play Button To View Live Image |
Sky Facing Camera Click On Image To View Full Screen In New Window |
NOAA-Style Climate Reports
Select a Year or Month report
2024: Jan Feb Mar Apr May Jun Jul Aug Sep Oct Nov Dec
2023: Jan Feb Mar Apr May Jun Jul Aug Sep Oct Nov Dec
2022: Jan Feb Mar Apr May Jun Jul Aug Sep Oct Nov Dec
2021: Jan Feb Mar Apr May Jun Jul Aug Sep Oct Nov Dec
2020: Jan Feb Mar Apr May Jun Jul Aug Sep Oct Nov Dec
2019: Jan Feb Mar Apr May Jun Jul Aug Sep Oct Nov Dec
2018: Jan Feb Mar Apr May Jun Jul Aug Sep Oct Nov Dec
2017: Jan Feb Mar Apr May Jun Jul Aug Sep Oct Nov Dec
2016: Jan Feb Mar Apr May Jun Jul Aug Sep Oct Nov Dec
2015: Jan Feb Mar Apr May Jun Jul Aug Sep Oct Nov Dec
2014: Jan Feb Mar Apr May Jun Jul Aug Sep Oct Nov Dec
2013: Jan Feb Mar Apr May Jun Jul Aug Sep Oct Nov Dec
2024: Jan Feb Mar Apr May Jun Jul Aug Sep Oct Nov Dec
2023: Jan Feb Mar Apr May Jun Jul Aug Sep Oct Nov Dec
2022: Jan Feb Mar Apr May Jun Jul Aug Sep Oct Nov Dec
2021: Jan Feb Mar Apr May Jun Jul Aug Sep Oct Nov Dec
2020: Jan Feb Mar Apr May Jun Jul Aug Sep Oct Nov Dec
2019: Jan Feb Mar Apr May Jun Jul Aug Sep Oct Nov Dec
2018: Jan Feb Mar Apr May Jun Jul Aug Sep Oct Nov Dec
2017: Jan Feb Mar Apr May Jun Jul Aug Sep Oct Nov Dec
2016: Jan Feb Mar Apr May Jun Jul Aug Sep Oct Nov Dec
2015: Jan Feb Mar Apr May Jun Jul Aug Sep Oct Nov Dec
2014: Jan Feb Mar Apr May Jun Jul Aug Sep Oct Nov Dec
2013: Jan Feb Mar Apr May Jun Jul Aug Sep Oct Nov Dec
Report for 2021 June
Monthly Climatological Summary for Jun 2021 Name: DW7240 City: Oshawa State: Ontario, Canada Elevation: 390 ft Lat: N 43° 53' 48" Lon: W 078° 52' 26" Temperature (°C), Rain (mm), Wind Speed (km/h) Heat Cool Avg Mean Deg Deg Wind Dom Day Temp High Time Low Time Days Days Rain Speed High Time Dir ---------------------------------------------------------------------------------- 01 18.6 24.6 17:33 13.6 05:01 1.5 1.9 0.0 4.6 31.0 13:44 SW 02 18.4 25.8 16:35 10.4 05:59 2.1 2.3 0.0 1.5 16.0 11:31 S 03 17.2 22.0 18:02 15.2 02:10 1.7 0.6 7.6 1.0 16.0 16:07 SSW 04 18.5 24.6 17:08 13.4 06:08 1.7 1.9 0.0 3.4 23.0 11:43 SW 05 23.0 33.2 14:44 14.9 05:57 0.7 5.3 0.0 6.1 39.0 13:11 WSW 06 23.1 30.0 13:57 16.6 05:58 0.2 5.1 0.0 5.3 32.0 14:19 SW 07 23.3 28.7 14:42 17.4 05:40 0.1 5.0 0.0 3.4 27.0 17:04 SW 08 22.1 28.1 15:55 19.1 04:38 0.0 3.8 1.2 1.4 19.0 04:33 SW 09 24.5 30.5 12:09 18.4 02:14 0.0 6.2 0.0 1.6 16.0 12:09 SE 10 22.0 26.4 13:24 18.1 05:57 0.0 3.7 0.0 3.4 29.0 09:59 E 11 20.5 27.1 13:16 16.8 02:24 0.1 2.4 0.0 3.1 24.0 19:12 E 12 21.7 26.5 15:38 16.6 06:25 0.2 3.6 0.0 2.0 18.0 11:28 SE 13 22.5 27.2 12:08 17.9 05:08 0.0 4.1 0.4 1.3 16.0 13:50 SSE 14 18.7 22.7 13:09 16.2 22:37 0.4 0.8 2.0 3.1 29.0 14:37 W 15 19.0 23.5 17:24 14.9 23:58 0.9 1.6 0.2 6.6 35.0 17:48 NNW 16 16.3 22.2 14:00 10.3 05:57 2.7 0.7 0.0 5.2 39.0 14:14 NNW 17 18.2 24.3 15:14 10.1 05:49 2.3 2.2 0.0 5.7 39.0 14:15 SW 18 18.2 22.2 17:50 15.5 05:24 0.9 0.8 9.8 2.2 27.0 14:35 SW 19 22.6 30.3 13:23 15.8 06:01 0.3 4.6 0.2 0.4 16.0 22:21 SW 20 21.5 28.3 16:16 15.2 06:08 0.5 3.7 0.0 1.7 18.0 11:22 SSE 21 21.1 26.5 16:41 14.1 23:59 0.2 3.1 1.8 7.5 45.0 15:24 WSW 22 15.2 19.5 16:20 11.2 06:09 3.2 0.1 0.0 6.1 35.0 16:59 NW 23 16.8 23.1 16:37 8.9 06:09 2.9 1.4 0.0 3.5 23.0 12:45 SSW 24 21.9 27.7 16:03 15.9 06:17 0.5 4.0 0.0 3.1 31.0 11:35 S 25 21.2 24.0 12:48 19.4 23:52 0.0 2.9 3.2 0.8 19.0 11:45 SSE 26 21.3 26.4 18:07 18.1 05:02 0.0 3.0 16.4 4.7 32.0 12:53 SW 27 24.3 28.6 16:03 20.9 02:49 0.0 6.0 0.0 9.3 45.0 14:32 SW 28 26.0 32.8 18:03 20.4 04:53 0.0 7.7 0.0 5.0 34.0 12:13 SW 29 24.2 30.8 13:40 20.4 23:57 0.0 5.9 5.0 0.9 18.0 12:38 SSW 30 23.3 28.7 13:51 20.3 00:01 0.0 5.0 0.8 3.5 32.0 16:01 WNW ---------------------------------------------------------------------------------- 20.8 33.2 5 8.9 23 23.1 99.4 48.6 3.6 45.0 21 SW Max >= 27.0 14 Max <= 0.0 0 Min <= 0.0 0 Min <= -18.0 0 Max Rain: 16.4 on day 26 Days of Rain: 12 (>= 0.2 mm) 6 (>= 2.0 mm) 0 (>= 20.0 mm) Heat Base: 18.3 Cool Base: 18.3 Method: Integration