North Facing Camera Click On Play Button To View Live Image |
Sky Facing Camera Click On Image To View Full Screen In New Window |
NOAA-Style Climate Reports
Select a Year or Month report
2024: Jan Feb Mar Apr May Jun Jul Aug Sep Oct Nov Dec
2023: Jan Feb Mar Apr May Jun Jul Aug Sep Oct Nov Dec
2022: Jan Feb Mar Apr May Jun Jul Aug Sep Oct Nov Dec
2021: Jan Feb Mar Apr May Jun Jul Aug Sep Oct Nov Dec
2020: Jan Feb Mar Apr May Jun Jul Aug Sep Oct Nov Dec
2019: Jan Feb Mar Apr May Jun Jul Aug Sep Oct Nov Dec
2018: Jan Feb Mar Apr May Jun Jul Aug Sep Oct Nov Dec
2017: Jan Feb Mar Apr May Jun Jul Aug Sep Oct Nov Dec
2016: Jan Feb Mar Apr May Jun Jul Aug Sep Oct Nov Dec
2015: Jan Feb Mar Apr May Jun Jul Aug Sep Oct Nov Dec
2014: Jan Feb Mar Apr May Jun Jul Aug Sep Oct Nov Dec
2013: Jan Feb Mar Apr May Jun Jul Aug Sep Oct Nov Dec
2024: Jan Feb Mar Apr May Jun Jul Aug Sep Oct Nov Dec
2023: Jan Feb Mar Apr May Jun Jul Aug Sep Oct Nov Dec
2022: Jan Feb Mar Apr May Jun Jul Aug Sep Oct Nov Dec
2021: Jan Feb Mar Apr May Jun Jul Aug Sep Oct Nov Dec
2020: Jan Feb Mar Apr May Jun Jul Aug Sep Oct Nov Dec
2019: Jan Feb Mar Apr May Jun Jul Aug Sep Oct Nov Dec
2018: Jan Feb Mar Apr May Jun Jul Aug Sep Oct Nov Dec
2017: Jan Feb Mar Apr May Jun Jul Aug Sep Oct Nov Dec
2016: Jan Feb Mar Apr May Jun Jul Aug Sep Oct Nov Dec
2015: Jan Feb Mar Apr May Jun Jul Aug Sep Oct Nov Dec
2014: Jan Feb Mar Apr May Jun Jul Aug Sep Oct Nov Dec
2013: Jan Feb Mar Apr May Jun Jul Aug Sep Oct Nov Dec
Report for 2021 August
Monthly Climatological Summary for Aug 2021 Name: DW7240 City: Oshawa State: Ontario, Canada Elevation: 390 ft Lat: N 43° 53' 48" Lon: W 078° 52' 26" Temperature (°C), Rain (mm), Wind Speed (km/h) Heat Cool Avg Mean Deg Deg Wind Dom Day Temp High Time Low Time Days Days Rain Speed High Time Dir ---------------------------------------------------------------------------------- 01 18.0 22.8 15:19 15.5 06:27 1.0 0.7 7.6 1.7 26.0 16:27 NNW 02 19.6 25.6 15:13 13.9 06:27 1.2 2.5 0.0 3.3 24.0 13:59 WNW 03 21.0 30.0 15:22 12.8 06:44 1.2 3.9 0.0 3.2 26.0 15:28 SSW 04 22.7 28.8 13:59 16.3 06:27 0.3 4.7 0.0 1.4 14.0 13:32 S 05 22.4 28.4 15:00 15.7 06:10 0.5 4.6 0.0 1.0 14.0 13:04 SSE 06 23.1 28.8 14:44 17.1 06:31 0.1 4.9 0.0 2.6 23.0 10:45 SSW 07 23.5 29.7 14:17 19.9 06:54 0.0 5.2 3.0 1.1 23.0 16:05 SW 08 23.4 27.4 12:44 19.3 04:35 0.0 5.1 0.4 1.3 18.0 19:02 SSE 09 26.0 31.8 14:34 21.0 06:06 0.0 7.6 0.0 1.5 16.0 15:26 SSE 10 25.7 28.4 12:45 24.2 06:48 0.0 7.4 1.2 2.7 26.0 11:46 SSW 11 26.5 31.8 15:04 23.2 06:21 0.0 8.2 0.2 6.5 45.0 10:11 SW 12 25.5 29.3 15:04 22.8 07:54 0.0 7.2 1.2 7.3 40.0 11:17 SW 13 24.4 28.8 14:22 20.3 23:59 0.0 6.1 17.4 5.0 35.0 14:33 WSW 14 20.8 25.1 16:24 15.7 06:51 0.3 2.7 0.0 3.7 31.0 09:25 NNW 15 19.3 24.7 13:23 13.6 07:03 1.3 2.3 0.0 1.6 21.0 12:40 SE 16 20.4 25.7 13:23 14.9 04:52 0.9 3.1 0.4 2.0 23.0 17:09 E 17 24.1 29.2 14:31 20.7 05:21 0.0 5.8 0.0 1.3 16.0 01:11 S 18 24.0 27.1 15:12 21.0 05:48 0.0 5.7 0.0 1.0 19.0 18:12 ESE 19 26.0 31.8 16:52 21.1 06:44 0.0 7.7 0.0 2.2 26.0 12:38 NNW 20 25.9 31.4 14:53 20.7 06:09 0.0 7.7 0.0 2.1 19.0 15:02 W 21 25.8 30.3 12:12 23.0 06:34 0.0 7.5 6.0 0.3 14.0 12:45 SE 22 25.4 31.8 13:15 20.2 06:47 0.0 7.1 0.0 0.0 8.0 15:25 N 23 26.7 33.6 14:56 22.4 23:14 0.0 8.4 0.0 0.4 21.0 18:17 N 24 25.2 31.7 17:12 19.6 06:33 0.0 6.9 0.0 3.0 21.0 13:49 N 25 25.8 31.1 13:55 20.8 05:23 0.0 7.5 0.0 1.9 21.0 12:40 S 26 26.7 32.4 17:39 21.6 06:28 0.0 8.4 0.0 2.1 21.0 23:37 SW 27 23.8 27.6 14:03 20.8 07:15 0.0 5.5 0.0 4.4 27.0 08:23 ENE 28 22.2 27.0 16:40 18.5 06:29 0.0 3.9 4.6 2.6 21.0 00:49 E 29 25.4 30.8 13:56 21.8 04:15 0.0 7.1 1.6 3.6 32.0 20:15 SSW 30 24.7 30.0 17:30 20.4 23:55 0.0 6.4 0.2 5.0 27.0 13:16 WSW 31 21.2 27.3 14:44 16.3 07:01 0.2 3.1 0.0 3.1 23.0 14:12 NW ---------------------------------------------------------------------------------- 23.7 33.6 23 12.8 3 7.0 174.9 43.8 2.5 45.0 11 SW Max >= 27.0 26 Max <= 0.0 0 Min <= 0.0 0 Min <= -18.0 0 Max Rain: 17.4 on day 13 Days of Rain: 12 (>= 0.2 mm) 5 (>= 2.0 mm) 0 (>= 20.0 mm) Heat Base: 18.3 Cool Base: 18.3 Method: Integration