North Facing Camera Click On Play Button To View Live Image |
Sky Facing Camera Click On Image To View Full Screen In New Window |
NOAA-Style Climate Reports
Select a Year or Month report
2024: Jan Feb Mar Apr May Jun Jul Aug Sep Oct Nov Dec
2023: Jan Feb Mar Apr May Jun Jul Aug Sep Oct Nov Dec
2022: Jan Feb Mar Apr May Jun Jul Aug Sep Oct Nov Dec
2021: Jan Feb Mar Apr May Jun Jul Aug Sep Oct Nov Dec
2020: Jan Feb Mar Apr May Jun Jul Aug Sep Oct Nov Dec
2019: Jan Feb Mar Apr May Jun Jul Aug Sep Oct Nov Dec
2018: Jan Feb Mar Apr May Jun Jul Aug Sep Oct Nov Dec
2017: Jan Feb Mar Apr May Jun Jul Aug Sep Oct Nov Dec
2016: Jan Feb Mar Apr May Jun Jul Aug Sep Oct Nov Dec
2015: Jan Feb Mar Apr May Jun Jul Aug Sep Oct Nov Dec
2014: Jan Feb Mar Apr May Jun Jul Aug Sep Oct Nov Dec
2013: Jan Feb Mar Apr May Jun Jul Aug Sep Oct Nov Dec
2024: Jan Feb Mar Apr May Jun Jul Aug Sep Oct Nov Dec
2023: Jan Feb Mar Apr May Jun Jul Aug Sep Oct Nov Dec
2022: Jan Feb Mar Apr May Jun Jul Aug Sep Oct Nov Dec
2021: Jan Feb Mar Apr May Jun Jul Aug Sep Oct Nov Dec
2020: Jan Feb Mar Apr May Jun Jul Aug Sep Oct Nov Dec
2019: Jan Feb Mar Apr May Jun Jul Aug Sep Oct Nov Dec
2018: Jan Feb Mar Apr May Jun Jul Aug Sep Oct Nov Dec
2017: Jan Feb Mar Apr May Jun Jul Aug Sep Oct Nov Dec
2016: Jan Feb Mar Apr May Jun Jul Aug Sep Oct Nov Dec
2015: Jan Feb Mar Apr May Jun Jul Aug Sep Oct Nov Dec
2014: Jan Feb Mar Apr May Jun Jul Aug Sep Oct Nov Dec
2013: Jan Feb Mar Apr May Jun Jul Aug Sep Oct Nov Dec
Report for 2021 November
Monthly Climatological Summary for Nov 2021 Name: DW7240 City: Oshawa State: Ontario, Canada Elevation: 390 ft Lat: N 43° 53' 48" Lon: W 078° 52' 26" Temperature (°C), Rain (mm), Wind Speed (km/h) Heat Cool Avg Mean Deg Deg Wind Dom Day Temp High Time Low Time Days Days Rain Speed High Time Dir ---------------------------------------------------------------------------------- 01 7.7 11.4 14:57 3.3 08:31 10.6 0.0 0.0 0.0 0.0 00:00 N 02 4.1 9.4 13:36 0.6 04:06 14.2 0.0 0.0 0.0 0.0 00:00 N 03 2.6 7.9 14:09 -1.0 03:50 15.7 0.0 0.0 0.0 0.0 00:00 N 04 3.4 8.8 13:49 -1.6 02:13 14.9 0.0 0.2 0.0 0.0 00:00 N 05 3.6 9.6 14:45 -2.1 04:57 14.7 0.0 0.0 0.0 0.0 00:00 N 06 5.1 10.9 15:04 -1.4 07:53 13.2 0.0 0.0 0.0 0.0 00:00 N 07 10.2 18.2 21:40 0.4 04:57 8.5 0.0 0.0 0.0 0.0 00:00 N 08 17.8 19.8 20:00 16.1 08:50 1.0 0.5 0.0 0.0 0.0 00:00 N 09 20.0 20.6 23:24 19.7 00:00 0.0 1.7 0.0 0.0 0.0 00:00 N 10 20.8 21.1 23:34 20.6 00:00 0.0 2.5 0.0 0.0 0.0 00:00 N 11 21.0 21.2 12:36 20.9 08:42 0.0 2.7 0.0 0.0 0.0 00:00 N 12 21.0 21.1 05:19 20.9 20:52 0.0 2.7 0.0 0.0 0.0 00:00 N 13 21.1 21.3 23:02 20.9 00:00 0.0 2.8 0.0 0.0 0.0 00:00 N 14 21.0 21.3 00:53 20.7 20:26 0.0 2.7 0.0 0.0 0.0 00:00 N 15 20.8 20.9 23:51 20.7 14:24 0.0 2.5 0.0 0.0 0.0 00:00 N 16 20.8 20.9 00:50 20.6 17:30 0.0 2.5 0.0 0.0 0.0 00:00 N 17 20.9 21.1 22:55 20.7 00:13 0.0 2.6 0.0 0.0 0.0 00:00 N 18 21.1 21.2 03:06 20.9 15:13 0.0 2.7 0.0 0.0 0.0 00:00 N 19 21.0 21.2 01:52 20.8 20:42 0.0 2.7 0.0 0.0 0.0 00:00 N 20 21.0 21.2 22:01 20.9 00:00 0.0 2.7 0.0 0.0 0.0 00:00 N 21 21.1 21.3 02:56 20.9 17:34 0.0 2.8 0.0 0.0 0.0 00:00 N 22 21.0 21.3 01:49 20.8 17:14 0.0 2.7 0.0 0.0 0.0 00:00 N 23 20.7 20.9 00:37 20.5 18:57 0.0 2.4 0.0 0.0 0.0 00:00 N 24 20.7 20.8 01:20 20.6 11:21 0.0 2.4 0.0 0.0 0.0 00:00 N 25 20.9 21.1 23:20 20.7 00:00 0.0 2.6 0.0 0.0 0.0 00:00 N 26 20.9 21.2 01:23 20.6 18:03 0.0 2.6 0.0 0.0 0.0 00:00 N 27 20.9 21.2 01:24 20.6 17:05 0.0 2.6 0.0 0.0 0.0 00:00 N 28 20.9 21.1 13:44 20.7 09:39 0.0 2.6 0.0 0.0 0.0 00:00 N 29 20.9 21.1 06:06 20.8 14:42 0.0 2.6 0.0 0.0 0.0 00:00 N 30 20.9 21.1 01:43 20.6 23:07 0.0 2.6 0.0 0.0 0.0 00:00 N ---------------------------------------------------------------------------------- 17.1 21.3 13 -2.1 5 92.8 57.2 0.2 0.0 0.0 0 E Max >= 27.0 0 Max <= 0.0 0 Min <= 0.0 4 Min <= -18.0 0 Max Rain: 0.2 on day 4 Days of Rain: 1 (>= 0.2 mm) 0 (>= 2.0 mm) 0 (>= 20.0 mm) Heat Base: 18.3 Cool Base: 18.3 Method: Integration