North Facing Camera Click On Play Button To View Live Image |
Sky Facing Camera Click On Image To View Full Screen In New Window |
NOAA-Style Climate Reports
Select a Year or Month report
2024: Jan Feb Mar Apr May Jun Jul Aug Sep Oct Nov Dec
2023: Jan Feb Mar Apr May Jun Jul Aug Sep Oct Nov Dec
2022: Jan Feb Mar Apr May Jun Jul Aug Sep Oct Nov Dec
2021: Jan Feb Mar Apr May Jun Jul Aug Sep Oct Nov Dec
2020: Jan Feb Mar Apr May Jun Jul Aug Sep Oct Nov Dec
2019: Jan Feb Mar Apr May Jun Jul Aug Sep Oct Nov Dec
2018: Jan Feb Mar Apr May Jun Jul Aug Sep Oct Nov Dec
2017: Jan Feb Mar Apr May Jun Jul Aug Sep Oct Nov Dec
2016: Jan Feb Mar Apr May Jun Jul Aug Sep Oct Nov Dec
2015: Jan Feb Mar Apr May Jun Jul Aug Sep Oct Nov Dec
2014: Jan Feb Mar Apr May Jun Jul Aug Sep Oct Nov Dec
2013: Jan Feb Mar Apr May Jun Jul Aug Sep Oct Nov Dec
2024: Jan Feb Mar Apr May Jun Jul Aug Sep Oct Nov Dec
2023: Jan Feb Mar Apr May Jun Jul Aug Sep Oct Nov Dec
2022: Jan Feb Mar Apr May Jun Jul Aug Sep Oct Nov Dec
2021: Jan Feb Mar Apr May Jun Jul Aug Sep Oct Nov Dec
2020: Jan Feb Mar Apr May Jun Jul Aug Sep Oct Nov Dec
2019: Jan Feb Mar Apr May Jun Jul Aug Sep Oct Nov Dec
2018: Jan Feb Mar Apr May Jun Jul Aug Sep Oct Nov Dec
2017: Jan Feb Mar Apr May Jun Jul Aug Sep Oct Nov Dec
2016: Jan Feb Mar Apr May Jun Jul Aug Sep Oct Nov Dec
2015: Jan Feb Mar Apr May Jun Jul Aug Sep Oct Nov Dec
2014: Jan Feb Mar Apr May Jun Jul Aug Sep Oct Nov Dec
2013: Jan Feb Mar Apr May Jun Jul Aug Sep Oct Nov Dec
Report for 2021 December
Monthly Climatological Summary for Dec 2021 Name: DW7240 City: Oshawa State: Ontario, Canada Elevation: 390 ft Lat: N 43° 53' 48" Lon: W 078° 52' 26" Temperature (°C), Rain (mm), Wind Speed (km/h) Heat Cool Avg Mean Deg Deg Wind Dom Day Temp High Time Low Time Days Days Rain Speed High Time Dir ---------------------------------------------------------------------------------- 01 20.8 22.0 04:30 20.3 22:48 0.0 2.5 0.0 0.0 0.0 00:00 N 02 20.9 21.6 18:58 20.3 14:34 0.0 2.6 0.0 0.0 0.0 00:00 N 03 20.7 25.3 21:36 19.3 02:51 0.0 2.4 0.0 0.0 0.0 00:00 N 04 20.9 23.8 08:52 19.9 02:11 0.0 2.6 0.0 0.0 0.0 00:00 N 05 20.2 22.3 12:01 18.8 05:59 0.0 1.9 0.0 0.0 0.0 00:00 N 06 20.3 21.6 19:48 19.4 02:26 0.0 2.0 0.0 0.0 0.0 00:00 N 07 19.5 22.2 22:49 18.6 05:51 0.0 1.2 0.0 0.0 0.0 00:00 N 08 19.9 21.6 00:00 18.3 12:51 0.0 1.6 0.0 0.0 0.0 00:00 N 09 20.0 24.3 21:43 18.4 03:46 0.0 1.7 0.0 0.0 0.0 00:00 N 10 20.7 23.8 20:39 19.8 02:50 0.0 2.4 0.0 0.0 0.0 00:00 N 11 20.8 23.6 01:39 20.1 17:41 0.0 2.5 0.0 0.0 0.0 00:00 N 12 20.9 24.3 21:59 19.8 16:30 0.0 2.6 0.0 0.0 0.0 00:00 N 13 21.0 24.3 02:23 20.3 06:24 0.0 2.7 0.0 0.0 0.0 00:00 N 14 21.0 23.9 05:16 20.1 10:38 0.0 2.7 0.0 0.0 0.0 00:00 N 15 20.9 24.2 22:35 19.7 16:56 0.0 2.6 0.0 0.0 0.0 00:00 N 16 20.5 22.7 00:00 19.7 16:58 0.0 2.2 0.0 0.0 0.0 00:00 N 17 20.7 24.1 20:32 19.7 17:45 0.0 2.4 0.0 0.0 0.0 00:00 N 18 20.9 24.4 08:02 20.2 15:38 0.0 2.6 0.0 0.0 0.0 00:00 N 19 20.7 25.1 20:53 19.6 10:06 0.0 2.4 0.0 0.0 0.0 00:00 N 20 20.9 24.2 22:09 19.9 05:30 0.0 2.6 0.0 0.0 0.0 00:00 N 21 21.3 24.2 17:53 20.2 06:41 0.0 3.0 0.0 0.0 0.0 00:00 N 22 21.5 25.3 07:05 19.6 13:03 0.0 3.2 0.0 0.0 0.0 00:00 N 23 21.0 25.2 20:20 19.8 04:52 0.0 2.7 0.0 0.0 0.0 00:00 N 24 21.1 24.4 19:54 20.1 07:14 0.0 2.8 0.0 0.0 0.0 00:00 N 25 21.5 24.7 09:25 20.2 03:02 0.0 3.2 0.0 0.0 0.0 00:00 N 26 21.5 25.5 02:27 20.2 18:31 0.0 3.2 0.0 0.0 0.0 00:00 N 27 21.3 25.4 23:38 19.9 07:23 0.0 3.0 0.0 0.0 0.0 00:00 N 28 21.2 25.2 17:20 20.1 03:34 0.0 2.9 0.0 0.0 0.0 00:00 N 29 20.6 24.2 05:45 19.3 22:30 0.0 2.3 0.0 0.0 0.0 00:00 N 30 21.1 24.5 23:20 19.9 00:38 0.0 2.8 0.0 0.0 0.0 00:00 N 31 20.9 24.0 20:23 19.9 12:34 0.0 2.6 0.0 0.0 0.0 00:00 N ---------------------------------------------------------------------------------- 20.8 25.5 26 18.3 8 0.0 77.9 0.0 0.0 0.0 0 E Max >= 27.0 0 Max <= 0.0 0 Min <= 0.0 0 Min <= -18.0 0 Max Rain: 0.0 on day 0 Days of Rain: 0 (>= 0.2 mm) 0 (>= 2.0 mm) 0 (>= 20.0 mm) Heat Base: 18.3 Cool Base: 18.3 Method: Integration