North Facing Camera Click On Play Button To View Live Image |
Sky Facing Camera Click On Image To View Full Screen In New Window |
NOAA-Style Climate Reports
Select a Year or Month report
2024: Jan Feb Mar Apr May Jun Jul Aug Sep Oct Nov Dec
2023: Jan Feb Mar Apr May Jun Jul Aug Sep Oct Nov Dec
2022: Jan Feb Mar Apr May Jun Jul Aug Sep Oct Nov Dec
2021: Jan Feb Mar Apr May Jun Jul Aug Sep Oct Nov Dec
2020: Jan Feb Mar Apr May Jun Jul Aug Sep Oct Nov Dec
2019: Jan Feb Mar Apr May Jun Jul Aug Sep Oct Nov Dec
2018: Jan Feb Mar Apr May Jun Jul Aug Sep Oct Nov Dec
2017: Jan Feb Mar Apr May Jun Jul Aug Sep Oct Nov Dec
2016: Jan Feb Mar Apr May Jun Jul Aug Sep Oct Nov Dec
2015: Jan Feb Mar Apr May Jun Jul Aug Sep Oct Nov Dec
2014: Jan Feb Mar Apr May Jun Jul Aug Sep Oct Nov Dec
2013: Jan Feb Mar Apr May Jun Jul Aug Sep Oct Nov Dec
2024: Jan Feb Mar Apr May Jun Jul Aug Sep Oct Nov Dec
2023: Jan Feb Mar Apr May Jun Jul Aug Sep Oct Nov Dec
2022: Jan Feb Mar Apr May Jun Jul Aug Sep Oct Nov Dec
2021: Jan Feb Mar Apr May Jun Jul Aug Sep Oct Nov Dec
2020: Jan Feb Mar Apr May Jun Jul Aug Sep Oct Nov Dec
2019: Jan Feb Mar Apr May Jun Jul Aug Sep Oct Nov Dec
2018: Jan Feb Mar Apr May Jun Jul Aug Sep Oct Nov Dec
2017: Jan Feb Mar Apr May Jun Jul Aug Sep Oct Nov Dec
2016: Jan Feb Mar Apr May Jun Jul Aug Sep Oct Nov Dec
2015: Jan Feb Mar Apr May Jun Jul Aug Sep Oct Nov Dec
2014: Jan Feb Mar Apr May Jun Jul Aug Sep Oct Nov Dec
2013: Jan Feb Mar Apr May Jun Jul Aug Sep Oct Nov Dec
Report for 2022 February
Monthly Climatological Summary for Feb 2022 Name: DW7240 City: Oshawa State: Ontario, Canada Elevation: 390 ft Lat: N 43° 53' 48" Lon: W 078° 52' 26" Temperature (°C), Rain (mm), Wind Speed (km/h) Heat Cool Avg Mean Deg Deg Wind Dom Day Temp High Time Low Time Days Days Rain Speed High Time Dir ---------------------------------------------------------------------------------- 01 -1.6 3.1 23:55 -8.3 07:17 19.8 0.0 0.0 0.0 0.0 00:00 N 02 -1.5 -0.3 20:20 -2.7 23:55 3.0 0.0 0.0 0.0 0.0 00:00 N 03 -5.7 -2.7 00:00 -10.4 23:54 24.0 0.0 0.0 0.0 0.0 00:00 N 04 -11.7 -10.2 14:32 -14.1 23:11 30.0 0.0 0.0 0.0 0.0 00:00 N 05 -13.0 -8.7 15:48 -16.4 07:01 31.3 0.0 0.0 0.0 0.0 00:00 N 06 -3.2 0.9 15:59 -11.9 00:00 21.5 0.0 0.0 0.0 0.0 00:00 N 07 0.5 2.6 14:54 -4.1 02:32 17.8 0.0 0.0 0.0 0.0 00:00 N 08 -1.6 0.2 15:01 -6.3 23:08 19.9 0.0 0.0 0.0 0.0 00:00 N 09 1.0 5.0 15:18 -6.6 01:18 17.3 0.0 0.0 0.0 0.0 00:00 N 10 1.5 3.0 00:40 -0.4 19:52 16.7 0.0 0.0 0.0 0.0 00:00 N 11 1.5 3.3 13:46 -0.2 04:03 16.8 0.0 0.0 0.0 0.0 00:00 N 12 -5.4 2.3 02:41 -14.8 23:58 23.7 0.0 0.0 0.0 0.0 00:00 N 13 -14.2 -9.9 16:14 -18.6 07:26 32.4 0.0 0.0 0.0 0.0 00:00 N 14 -13.9 -9.6 15:50 -18.3 07:44 32.2 0.0 0.0 0.0 0.0 00:00 N 15 -7.2 -2.3 15:42 -13.1 03:22 25.5 0.0 0.0 0.0 0.0 00:00 N 16 3.0 7.6 13:02 -3.2 00:00 15.3 0.0 0.0 0.0 0.0 00:00 N 17 3.0 7.0 00:00 -2.8 23:59 15.3 0.0 0.0 0.0 0.0 00:00 N 18 -7.9 -2.8 00:00 -12.6 08:30 26.2 0.0 0.0 0.0 0.0 00:00 N 19 -6.4 -1.7 04:56 -10.8 22:40 24.7 0.0 0.0 0.0 0.0 00:00 N 20 -2.1 5.4 20:14 -12.2 01:28 20.3 0.0 0.0 0.0 0.0 00:00 N 21 3.1 5.9 15:46 -0.6 23:59 15.2 0.0 0.0 0.0 0.0 00:00 N 22 1.8 4.8 18:14 -1.1 00:40 16.5 0.0 0.0 0.0 0.0 00:00 N 23 -4.1 6.8 02:33 -10.9 21:56 22.4 0.0 0.0 0.0 0.0 00:00 N 24 -8.9 -5.1 15:32 -12.6 07:09 27.2 0.0 0.0 0.0 0.0 00:00 N 25 -8.5 -5.5 16:12 -10.4 09:17 26.8 0.0 0.0 0.0 0.0 00:00 N 26 -6.6 -1.5 15:12 -13.8 04:05 24.9 0.0 0.0 0.0 0.0 00:00 N 27 -3.1 0.2 10:49 -7.7 23:58 21.4 0.0 0.0 0.0 0.0 00:00 N 28 -8.9 -5.6 14:06 -14.4 06:44 27.2 0.0 0.0 0.0 0.0 00:00 N ---------------------------------------------------------------------------------- -4.3 7.6 16 -18.6 13 615.3 0.0 0.0 0.0 0.0 0 E Max >= 27.0 0 Max <= 0.0 13 Min <= 0.0 28 Min <= -18.0 2 Max Rain: 0.0 on day 0 Days of Rain: 0 (>= 0.2 mm) 0 (>= 2.0 mm) 0 (>= 20.0 mm) Heat Base: 18.3 Cool Base: 18.3 Method: Integration